{"id":9922,"date":"2023-06-26T09:00:50","date_gmt":"2023-06-26T07:00:50","guid":{"rendered":"https:\/\/agora-eoi.xtec.cat\/eoiviladecans\/?page_id=9922"},"modified":"2025-09-30T13:39:03","modified_gmt":"2025-09-30T11:39:03","slug":"cpd-sant-boi-de-llobregat","status":"publish","type":"page","link":"https:\/\/agora-eoi.xtec.cat\/eoiviladecans\/cpd-sant-boi-de-llobregat\/","title":{"rendered":"CPD Sant Boi de Llobregat"},"content":{"rendered":"<p>Des del curs 2020-21 comptem amb un Centre P\u00fablic Delegat (CPD) a Sant Boi de Llobregat, als espais de l\u2019Institut Marianao. Un CPD \u00e9s un centre que imparteix estudis d\u2019EOI i dep\u00e8n d\u2019una EOI. En el nostre cas oferim estudis de nivells A2, B1, B2.1 i B2.2 i els corresponents certificats oficials.<\/p>\n<p><a href=\"https:\/\/agora-eoi.xtec.cat\/eoiviladecans\/wp-content\/uploads\/usu2253\/2023\/06\/Difusio-CPD-Sant-Boi.png\"><img loading=\"lazy\" decoding=\"async\" class=\" wp-image-10483 aligncenter\" src=\"https:\/\/agora-eoi.xtec.cat\/eoiviladecans\/wp-content\/uploads\/usu2253\/2023\/06\/Difusio-CPD-Sant-Boi-300x240.png\" alt=\"\" width=\"468\" height=\"374\" srcset=\"https:\/\/agora-eoi.xtec.cat\/eoiviladecans\/wp-content\/uploads\/usu2253\/2023\/06\/Difusio-CPD-Sant-Boi-300x240.png 300w, https:\/\/agora-eoi.xtec.cat\/eoiviladecans\/wp-content\/uploads\/usu2253\/2023\/06\/Difusio-CPD-Sant-Boi.png 654w\" sizes=\"auto, (max-width: 468px) 100vw, 468px\" \/><\/a><\/p>\n<p><strong><a href=\"https:\/\/agora-eoi.xtec.cat\/eoiviladecans\/portada\/preinscripcio-i-matricula-curs-2025-26\/\" target=\"_blank\" rel=\"noopener\">INFORMACI\u00d3 PREINSCRIPCI\u00d3 I MATR\u00cdCULA CURS 2025-26<\/a><\/strong><\/p>\n<p><strong>Oferta educativa curs 2025-26<\/strong><\/p>\n<p><strong>B1: En superar aquest curs s\u2019obt\u00e9 el certificat oficial de nivell B1<\/strong><\/p>\n<p>ANB1-DL 16:30: Dilluns\/dimecres de 16:30 a 18:45 hores.\u00a0<strong>Marina Checa<\/strong>. Aula 3<br \/>\nANB1-DL 18:45: Dilluns \/ dimecres 18:45 a 21:00 hores.\u00a0<strong>Marina Checa<\/strong>. Aula 3<\/p>\n<p><strong>B2.1<\/strong><\/p>\n<p>ANB2.1-DL 16:30: Dimarts \/ dijous de 16:30 a 18:45 hores. <strong>Marina Nigi<\/strong>. Aula 3<br \/>\nANB2.1-DL 18:45: Dimarts \/ dijous 18:45 a 21:00 hores.<strong> Marina Nigi. <\/strong>Aula 3<\/p>\n<p><strong>B2.2<\/strong><\/p>\n<p>ANB2.2-DT 16:30: Dimarts \/ dijous de 16:30 a 18:45 hores.\u00a0<strong>Raquel Mu\u00f1oz<\/strong>. Aula 4<br \/>\nANB2.2-DT 18:45: Dimarts \/ dijous de 18:45 a 21:00 hores.\u00a0<strong>Raquel Mu\u00f1oz<\/strong>. Aula 4<\/p>\n<p><strong>Als espais de l\u2019<a href=\"https:\/\/www.google.com\/maps\/place\/Instituto+p%C3%BAblico+Marianao\/@41.3493794,2.0230565,15z\/data=!4m5!3m4!1s0x0:0x58d4d335637bcc86!8m2!3d41.3493794!4d2.0230565\" target=\"_blank\" rel=\"noopener noreferrer\">Institut Marianao de Sant Boi de Llobregat.<\/a><\/strong><\/p>\n<p><strong>Calendari escolar<\/strong><\/p>\n<p><a href=\"https:\/\/agora-eoi.xtec.cat\/eoiviladecans\/wp-content\/uploads\/usu2253\/2025\/09\/Calendari_lectiu_25-26-CPD-Web.pdf\" target=\"_blank\" rel=\"noopener\"><strong>Consulteu el calendari escolar del curs 2025-26<\/strong><\/a><\/p>\n<p><strong>Consulta de l&#8217;expedient i qualificacions<\/strong><\/p>\n<p><strong><a href=\"https:\/\/www.informaticacentros.com\/centrosnet\/ultralogin.php?tcentro=EXT&amp;centro=B35\" target=\"_blank\" rel=\"noopener noreferrer\">Acc\u00e9s al vostre expedient i qualificacions acad\u00e8miques<\/a><\/strong><\/p>\n<p><strong>Ex\u00e0mens finals<\/strong><\/p>\n","protected":false},"excerpt":{"rendered":"<p>Des del curs 2020-21 comptem amb un Centre P\u00fablic Delegat (CPD) a Sant Boi de Llobregat, als espais de l\u2019Institut Marianao. Un CPD \u00e9s un centre que imparteix estudis d\u2019EOI i dep\u00e8n d\u2019una EOI. En el nostre cas oferim estudis de nivells A2, B1, B2.1&hellip;  <a href=\"https:\/\/agora-eoi.xtec.cat\/eoiviladecans\/cpd-sant-boi-de-llobregat\/\" title=\"Read CPD Sant Boi de Llobregat\">Llegeix m\u00e9s\u00bb<\/a><\/p>\n","protected":false},"author":1,"featured_media":0,"parent":0,"menu_order":0,"comment_status":"closed","ping_status":"closed","template":"","meta":{"_bbp_topic_count":0,"_bbp_reply_count":0,"_bbp_total_topic_count":0,"_bbp_total_reply_count":0,"_bbp_voice_count":0,"_bbp_anonymous_reply_count":0,"_bbp_topic_count_hidden":0,"_bbp_reply_count_hidden":0,"_bbp_forum_subforum_count":0,"footnotes":""},"class_list":["post-9922","page","type-page","status-publish","hentry"],"post_mailing_queue_ids":[],"_links":{"self":[{"href":"https:\/\/agora-eoi.xtec.cat\/eoiviladecans\/wp-json\/wp\/v2\/pages\/9922","targetHints":{"allow":["GET"]}}],"collection":[{"href":"https:\/\/agora-eoi.xtec.cat\/eoiviladecans\/wp-json\/wp\/v2\/pages"}],"about":[{"href":"https:\/\/agora-eoi.xtec.cat\/eoiviladecans\/wp-json\/wp\/v2\/types\/page"}],"author":[{"embeddable":true,"href":"https:\/\/agora-eoi.xtec.cat\/eoiviladecans\/wp-json\/wp\/v2\/users\/1"}],"replies":[{"embeddable":true,"href":"https:\/\/agora-eoi.xtec.cat\/eoiviladecans\/wp-json\/wp\/v2\/comments?post=9922"}],"version-history":[{"count":7,"href":"https:\/\/agora-eoi.xtec.cat\/eoiviladecans\/wp-json\/wp\/v2\/pages\/9922\/revisions"}],"predecessor-version":[{"id":10999,"href":"https:\/\/agora-eoi.xtec.cat\/eoiviladecans\/wp-json\/wp\/v2\/pages\/9922\/revisions\/10999"}],"wp:attachment":[{"href":"https:\/\/agora-eoi.xtec.cat\/eoiviladecans\/wp-json\/wp\/v2\/media?parent=9922"}],"curies":[{"name":"wp","href":"https:\/\/api.w.org\/{rel}","templated":true}]}}