{"id":9606,"date":"2019-10-28T10:38:07","date_gmt":"2019-10-28T09:38:07","guid":{"rendered":"http:\/\/agora-eoi.xtec.cat\/eoiviladecans\/?page_id=9606"},"modified":"2026-03-01T09:19:15","modified_gmt":"2026-03-01T08:19:15","slug":"acords-consell-escolar","status":"publish","type":"page","link":"https:\/\/agora-eoi.xtec.cat\/eoiviladecans\/lescola\/acords-consell-escolar\/","title":{"rendered":"Acords Consell Escolar"},"content":{"rendered":"<p><strong>Sessi\u00f3 1. 17\/10\/2025<\/strong><\/p>\n<ol>\n<li>Valoraci\u00f3 positiva Mem\u00f2ria Final curs 2024-25.<\/li>\n<li>Aprovaci\u00f3 Programaci\u00f3 General Anual (PGA) curs 2025-26.<\/li>\n<li>Aprovaci\u00f3 activitats culturals 2025-26.<\/li>\n<li>Aprovaci\u00f3 oferta espec\u00edfica de centre 2025-26.<\/li>\n<\/ol>\n<p><strong>Sessi\u00f3 2. 26\/11\/2025<\/strong><\/p>\n<ol>\n<li>Constituci\u00f3 nou consell escolar.<\/li>\n<li>Constituci\u00f3 comissi\u00f3 econ\u00f2mica.<\/li>\n<li>Designaci\u00f3 persona responsable de coeducaci\u00f3.<\/li>\n<\/ol>\n<p><strong>Sessi\u00f3 3. 04\/02\/2026<\/strong><\/p>\n<ol>\n<li>Aprovaci\u00f3 per consens de l&#8217;acta de la sessi\u00f3 anterior.<\/li>\n<li>Aprovaci\u00f3 liquidaci\u00f3 pressupost 2025.<\/li>\n<li>Aprovaci\u00f3 proposta pressupost 2026.<\/li>\n<\/ol>\n<p><strong>Sessi\u00f3 4. 25\/02\/2026<br \/>\n<\/strong>1. Informaci\u00f3 adhesi\u00f3 missi\u00f3 clima.<br \/>\n2. Elecci\u00f3 representants CE (no professorat) per participar en la CMD.<\/p>\n","protected":false},"excerpt":{"rendered":"<p>Sessi\u00f3 1. 17\/10\/2025<\/p>\n<ol>\n<li>Valoraci\u00f3 positiva Mem\u00f2ria Final curs 2024-25.<\/li>\n<li>Aprovaci\u00f3 Programaci\u00f3 General Anual (PGA) curs 2025-26.<\/li>\n<li>Aprovaci\u00f3 activitats culturals 2025-26.<\/li>\n<li>Aprovaci\u00f3 oferta espec\u00edfica de centre 2025-26.<\/li>\n<\/ol>\n<p>Sessi\u00f3 2. 26\/11\/2025<\/p>\n<ol>\n<li>Constituci\u00f3 nou consell escolar.<\/li>\n<li>Constituci\u00f3 comissi\u00f3 econ\u00f2mica.<\/li>\n<li>Designaci\u00f3 persona responsable de coeducaci\u00f3.<\/li>\n<\/ol>\n<p>Sessi\u00f3 3. 04\/02\/2026<\/p>\n<ol>\n<li>Aprovaci\u00f3 per consens de l&#8217;acta de la sessi\u00f3 anterior.<\/li>\n<li>Aprovaci\u00f3 liquidaci\u00f3 pressupost&hellip;  <a href=\"https:\/\/agora-eoi.xtec.cat\/eoiviladecans\/lescola\/acords-consell-escolar\/\" title=\"Read Acords Consell Escolar\">Llegeix m\u00e9s\u00bb<\/a><br \/>\n","protected":false},"author":1,"featured_media":0,"parent":806,"menu_order":0,"comment_status":"closed","ping_status":"closed","template":"","meta":{"_bbp_topic_count":0,"_bbp_reply_count":0,"_bbp_total_topic_count":0,"_bbp_total_reply_count":0,"_bbp_voice_count":0,"_bbp_anonymous_reply_count":0,"_bbp_topic_count_hidden":0,"_bbp_reply_count_hidden":0,"_bbp_forum_subforum_count":0,"footnotes":""},"class_list":["post-9606","page","type-page","status-publish","hentry"],"post_mailing_queue_ids":[],"_links":{"self":[{"href":"https:\/\/agora-eoi.xtec.cat\/eoiviladecans\/wp-json\/wp\/v2\/pages\/9606","targetHints":{"allow":["GET"]}}],"collection":[{"href":"https:\/\/agora-eoi.xtec.cat\/eoiviladecans\/wp-json\/wp\/v2\/pages"}],"about":[{"href":"https:\/\/agora-eoi.xtec.cat\/eoiviladecans\/wp-json\/wp\/v2\/types\/page"}],"author":[{"embeddable":true,"href":"https:\/\/agora-eoi.xtec.cat\/eoiviladecans\/wp-json\/wp\/v2\/users\/1"}],"replies":[{"embeddable":true,"href":"https:\/\/agora-eoi.xtec.cat\/eoiviladecans\/wp-json\/wp\/v2\/comments?post=9606"}],"version-history":[{"count":7,"href":"https:\/\/agora-eoi.xtec.cat\/eoiviladecans\/wp-json\/wp\/v2\/pages\/9606\/revisions"}],"predecessor-version":[{"id":11069,"href":"https:\/\/agora-eoi.xtec.cat\/eoiviladecans\/wp-json\/wp\/v2\/pages\/9606\/revisions\/11069"}],"up":[{"embeddable":true,"href":"https:\/\/agora-eoi.xtec.cat\/eoiviladecans\/wp-json\/wp\/v2\/pages\/806"}],"wp:attachment":[{"href":"https:\/\/agora-eoi.xtec.cat\/eoiviladecans\/wp-json\/wp\/v2\/media?parent=9606"}],"curies":[{"name":"wp","href":"https:\/\/api.w.org\/{rel}","templated":true}]}}