{"id":8414,"date":"2016-06-14T14:55:48","date_gmt":"2016-06-14T13:55:48","guid":{"rendered":"http:\/\/agora-eoi.xtec.cat\/eoiviladecans\/?page_id=8414"},"modified":"2016-06-29T10:39:47","modified_gmt":"2016-06-29T09:39:47","slug":"biblioteca","status":"publish","type":"page","link":"https:\/\/agora-eoi.xtec.cat\/eoiviladecans\/alumnat\/biblioteca\/","title":{"rendered":"Biblioteca"},"content":{"rendered":"\r\n\t<div class=\"slideshow_container slideshow_container_style-light\" style=\"height: 200px; \" data-slideshow-id=\"31\" data-style-name=\"style-light\" data-style-version=\"2.3.1\" >\r\n\r\n\t\t\t\t\t<div class=\"slideshow_loading_icon\"><\/div>\r\n\t\t\r\n\t\t<div class=\"slideshow_content\" style=\"display: none;\">\r\n\r\n\t\t\t<div class=\"slideshow_view\">\r\n\t\t\t\t<div class=\"slideshow_slide slideshow_slide_image\">\r\n\t\t\t\t\t\t\t\t\t\t\t<img src=\"https:\/\/agora-eoi.xtec.cat\/eoiviladecans\/wp-content\/uploads\/usu2253\/2016\/06\/biblioteca-fons-nova.jpg\" alt=\"biblioteca-fons-nova\" width=\"694\" height=\"422\" \/>\r\n\t\t\t\t\t\t\t\t\t\t<div class=\"slideshow_description_box slideshow_transparent\">\r\n\t\t\t\t\t\t<div class=\"slideshow_title\">biblioteca-fons-nova<\/div>\t\t\t\t\t\t\t\t\t\t\t<\/div>\r\n\t\t\t\t<\/div>\r\n\r\n\t\t\t\t\t\t<div style=\"clear: both;\"><\/div><\/div><div class=\"slideshow_view\">\r\n\t\t\t\t<div class=\"slideshow_slide slideshow_slide_image\">\r\n\t\t\t\t\t\t\t\t\t\t\t<img src=\"https:\/\/agora-eoi.xtec.cat\/eoiviladecans\/wp-content\/uploads\/usu2253\/2016\/06\/biblioteca-fons-antiga.jpg\" alt=\"biblioteca-fons-antiga\" width=\"694\" height=\"422\" \/>\r\n\t\t\t\t\t\t\t\t\t\t<div class=\"slideshow_description_box slideshow_transparent\">\r\n\t\t\t\t\t\t<div class=\"slideshow_title\">biblioteca-fons-antiga<\/div>\t\t\t\t\t\t\t\t\t\t\t<\/div>\r\n\t\t\t\t<\/div>\r\n\r\n\t\t\t\t\t\t<div style=\"clear: both;\"><\/div><\/div>\r\n\t\t<\/div>\r\n\r\n\t\t<div class=\"slideshow_controlPanel slideshow_transparent\" style=\"display: none;\"><ul><li class=\"slideshow_togglePlay\" data-play-text=\"Visualitza\" data-pause-text=\"Pausa\"><\/li><\/ul><\/div>\r\n\r\n\t\t<div class=\"slideshow_button slideshow_previous slideshow_transparent\" role=\"button\" data-previous-text=\"Anterior\" style=\"display: none;\"><\/div>\r\n\t\t<div class=\"slideshow_button slideshow_next slideshow_transparent\" role=\"button\" data-next-text=\"Seg\u00fcent\" style=\"display: none;\"><\/div>\r\n\r\n\t\t<div class=\"slideshow_pagination\" style=\"display: none;\" data-go-to-text=\"V\u00e9s a la diapositiva\"><div class=\"slideshow_pagination_center\"><\/div><\/div>\r\n\r\n\t\t<!-- WordPress Slideshow Version 2.3.1 -->\r\n\r\n\t\t\t<\/div>\r\n\r\n\n<p>&nbsp;<\/p>\n<p><strong>Horari<br \/>\n<\/strong><\/p>\n<ul>\n<li>De dilluns a dijous, de 9.00\u00a0h a 21.00\u00a0h (el servei de pr\u00e9stec finalitza a les 20.45\u00a0h).<\/li>\n<li>Del 20 al 30 de juny<strong><br \/>\n<\/strong>De dilluns a dijous, de 9.00\u00a0h a 14.45\u00a0h.<\/li>\n<li>Del 4 al 29 de juliol<strong><br \/>\n<\/strong>De dilluns a divendres, de 13.30\u00a0h a 16.00\u00a0h.<\/li>\n<\/ul>\n<p><strong>Normativa<\/strong><\/p>\n<p>Per tal de respectar la resta d\u2019usuaris i els equipaments i materials de la <strong>Biblioteca<\/strong>, els usuaris que hi accedeixin hauran de complir amb les seg\u00fcents obligacions:<\/p>\n<ul>\n<li>Mantenir el silenci<\/li>\n<li>No menjar ni beure<\/li>\n<li>Silenciar els tel\u00e8fons m\u00f2bils i no parlar-hi<\/li>\n<li>No reservar llocs de treball a tercers<\/li>\n<li>Utilitzar amb cura el fons documental i els equipaments del centre<\/li>\n<\/ul>\n<p><strong>Pr\u00e9stec<br \/>\n<\/strong><\/p>\n<p>El servei de pr\u00e9stec de documents permet emportar-se conjuntament: <strong>2 llibres<\/strong>,<strong> 1 DVD<\/strong>,<strong> 1 CD-\u00c0udio<\/strong>,<strong> 1 CD-ROM <\/strong>i<strong> 1 revista.<\/strong><\/p>\n<ul>\n<li>Cal presentar el carnet d\u2019usuari de la Biblioteca per fer-ne \u00fas. Aquest \u00e9s personal i intransferible.<\/li>\n<li>El termini de pr\u00e9stec varia segons el tipus de material:\n<ul>\n<li>Material audiovisual (DVD i CD): <strong>1 setmana <\/strong>(improrrogable).<\/li>\n<li>M\u00e8todes, gram\u00e0tiques i activitats: <strong>1 setmana <\/strong>(prorrogables una vegada, excepte en el cas dels llibres de lectura obligat\u00f2ria).<\/li>\n<li>Documents en general: <strong>2 setmanes<\/strong> (prorrogables dues vegades, excepte en el cas dels llibres de lectura obligat\u00f2ria).<\/li>\n<li>Obres de refer\u00e8ncia (diccionaris, atles i alguns llibres de consulta freq\u00fcent), n\u00famero vigent de les publicacions peri\u00f2diques i m\u00e8todes obligatoris durant l\u2019any acad\u00e8mic vigent: <strong>excloses de pr\u00e9stec<\/strong>.<\/li>\n<\/ul>\n<\/li>\n<li>En el cas dels llibres considerats de refer\u00e8ncia (d\u2019\u00fas freq\u00fcent i marcats amb una etiqueta blava), nom\u00e9s se\u2019n podr\u00e0 treure un del mateix idioma i amb la mateixa classificaci\u00f3.<\/li>\n<li>Es podr\u00e0 <strong>renovar<\/strong> el pr\u00e9stec dels documents, sempre que no hagin estat reservats per un altre usuari, durant els tres \u00faltims dies del seu termini de pr\u00e9stec al taulell de la biblioteca o a trav\u00e9s del compte d\u2019usuari del cat\u00e0leg en l\u00ednia.<\/li>\n<li>Es podran fer <strong>reserves<\/strong> de documents <strong>exclusivament<\/strong> a trav\u00e9s del compte d\u2019usuari del cat\u00e0leg en l\u00ednia. Cada usuari podr\u00e0 tenir \u00fanicament una reserva activa, que haur\u00e0 de ser recollida durant els dos dies posteriors a l\u2019av\u00eds per e-mail de la disponibilitat del document a la biblioteca; si no \u00e9s aix\u00ed, la reserva quedar\u00e0 anul\u00b7lada. Cada document podr\u00e0 \u00e9sser reservat nom\u00e9s per dos usuaris simult\u00e0niament.<\/li>\n<li>Els retards en la devoluci\u00f3 de documents es sancionaran excloent l\u2019usuari del servei de pr\u00e9stec tants dies com dies de retard s\u2019hagin acumulat per cada document.<\/li>\n<li>En cas de deteriorament o p\u00e8rdua dels materials prestats, l\u2019usuari estar\u00e0 obligat a adquirir un nou exemplar (exceptuant el cas de robatori si l\u2019usuari presenta la den\u00fancia corresponent). En cas de no devoluci\u00f3 d\u2019algun document es denegar\u00e0 la renovaci\u00f3 del carnet el curs seg\u00fcent.<\/li>\n<li>S\u2019haur\u00e0 de respectar la normativa vigent en mat\u00e8ria de propietat intel\u2022lectual dels documents en pr\u00e9stec.<\/li>\n<\/ul>\n","protected":false},"excerpt":{"rendered":"<p>\t\t\t\t\t\tbiblioteca-fons-nova\t\t\t\t\t\t\t\t\t\t\t<\/p>\n<p>\t\t\t\t\t\tbiblioteca-fons-antiga\t\t\t\t\t\t\t\t\t\t\t<\/p>\n<ul>\n<li class=\"slideshow_togglePlay\" data-play-text=\"Visualitza\" data-pause-text=\"Pausa\"><\/li>\n<\/ul>\n<p>&nbsp;<br \/>\nHorari<\/p>\n<ul>\n<li>De dilluns a dijous, de 9.00\u00a0h a 21.00\u00a0h (el servei de pr\u00e9stec finalitza a les 20.45\u00a0h).<\/li>\n<li>Del 20 al 30 de juny<br \/>\nDe dilluns a dijous, de 9.00\u00a0h a 14.45\u00a0h.<\/li>\n<li>Del 4 al 29 de juliol<br \/>\nDe dilluns a divendres, de 13.30\u00a0h a 16.00\u00a0h.<\/li>\n<\/ul>\n<p>Normativa<br \/>\nPer tal de&hellip;  <a href=\"https:\/\/agora-eoi.xtec.cat\/eoiviladecans\/alumnat\/biblioteca\/\" title=\"Read Biblioteca\">Llegeix m\u00e9s\u00bb<\/a><\/p>\n","protected":false},"author":1,"featured_media":0,"parent":8411,"menu_order":20,"comment_status":"closed","ping_status":"closed","template":"page-templates\/side-menu.php","meta":{"_bbp_topic_count":0,"_bbp_reply_count":0,"_bbp_total_topic_count":0,"_bbp_total_reply_count":0,"_bbp_voice_count":0,"_bbp_anonymous_reply_count":0,"_bbp_topic_count_hidden":0,"_bbp_reply_count_hidden":0,"_bbp_forum_subforum_count":0,"footnotes":""},"class_list":["post-8414","page","type-page","status-publish","hentry"],"post_mailing_queue_ids":[],"_links":{"self":[{"href":"https:\/\/agora-eoi.xtec.cat\/eoiviladecans\/wp-json\/wp\/v2\/pages\/8414","targetHints":{"allow":["GET"]}}],"collection":[{"href":"https:\/\/agora-eoi.xtec.cat\/eoiviladecans\/wp-json\/wp\/v2\/pages"}],"about":[{"href":"https:\/\/agora-eoi.xtec.cat\/eoiviladecans\/wp-json\/wp\/v2\/types\/page"}],"author":[{"embeddable":true,"href":"https:\/\/agora-eoi.xtec.cat\/eoiviladecans\/wp-json\/wp\/v2\/users\/1"}],"replies":[{"embeddable":true,"href":"https:\/\/agora-eoi.xtec.cat\/eoiviladecans\/wp-json\/wp\/v2\/comments?post=8414"}],"version-history":[{"count":3,"href":"https:\/\/agora-eoi.xtec.cat\/eoiviladecans\/wp-json\/wp\/v2\/pages\/8414\/revisions"}],"predecessor-version":[{"id":8818,"href":"https:\/\/agora-eoi.xtec.cat\/eoiviladecans\/wp-json\/wp\/v2\/pages\/8414\/revisions\/8818"}],"up":[{"embeddable":true,"href":"https:\/\/agora-eoi.xtec.cat\/eoiviladecans\/wp-json\/wp\/v2\/pages\/8411"}],"wp:attachment":[{"href":"https:\/\/agora-eoi.xtec.cat\/eoiviladecans\/wp-json\/wp\/v2\/media?parent=8414"}],"curies":[{"name":"wp","href":"https:\/\/api.w.org\/{rel}","templated":true}]}}