{"id":8434,"date":"2016-06-14T15:41:55","date_gmt":"2016-06-14T14:41:55","guid":{"rendered":"http:\/\/agora-eoi.xtec.cat\/eoivalls\/?page_id=8434"},"modified":"2026-02-27T10:43:35","modified_gmt":"2026-02-27T09:43:35","slug":"beques","status":"publish","type":"page","link":"https:\/\/agora-eoi.xtec.cat\/eoivalls\/secretaria\/beques\/","title":{"rendered":"Beques"},"content":{"rendered":"<ul>\n<li><strong>Beques de centre d&#8217;ajuda a l&#8217;estudi (beques internes de centre) curs 25-26<\/strong><\/li>\n<\/ul>\n<p>Termini de presentaci\u00f3 de sol\u00b7licituds:<strong>del 11 al 22 de maig de 2026<\/strong><\/p>\n<p>La sol\u00b7licitud de la beca es far\u00e0 presencialment a la secretaria del centre en el termini indicat.<\/p>\n<p>Consulta les bases aqu\u00ed:<strong>\u00a0<a href=\"https:\/\/agora-eoi.xtec.cat\/eoivalls\/wp-content\/uploads\/usu2264\/2025\/07\/beques-ajuda-estudis-25-_26_1-1.pdf\">beques ajuda estudis 25 _26<\/a><\/strong><\/p>\n<p>&nbsp;<\/p>\n<ul>\n<li><strong>B<\/strong><span style=\"font-family: inherit; font-size: 1em;\"><strong>eques<\/strong> estatals del <em>Ministerio de Educaci\u00f3n y Formaci\u00f3n Profesional<\/em> per estudis post obligatoris per al curs 2025 &#8211; 2026.<\/span><\/li>\n<\/ul>\n<div>\n<p>\u00a0Termini: des del dia <strong>24 de mar\u00e7 de 2025 fins al 14 de maig de 2025<\/strong><u>\u00a0a les 15 hores<strong>.\u00a0<\/strong><\/u><\/p>\n<p>La sol\u00b7licitud de la beca s&#8217;ha de fer a trav\u00e9s de la seu electr\u00f2nica del Ministeri d&#8217;Educaci\u00f3 i Formaci\u00f3 Professional.<\/p>\n<p>Trobareu m\u00e9s informaci\u00f3 en el seg\u00fcent enlla\u00e7:<\/p>\n<p><a href=\"https:\/\/educacio.gencat.cat\/ca\/tramits\/tramits-temes\/beques-ministeri-postobligatoris\" target=\"_blank\" rel=\"noopener\">https:\/\/educacio.gencat.cat\/ca\/tramits\/tramits-temes\/beques-ministeri-postobligatoris<\/a><\/p>\n<\/div>\n<div><\/div>\n<p>&nbsp;<\/p>\n<p>&nbsp;<\/p>\n<p>&nbsp;<\/p>\n<p>&nbsp;<\/p>\n","protected":false},"excerpt":{"rendered":"<ul>\n<li>Beques de centre d&#8217;ajuda a l&#8217;estudi (beques internes de centre) curs 25-26<\/li>\n<\/ul>\n<p>Termini de presentaci\u00f3 de sol\u00b7licituds:del 11 al 22 de maig de 2026<br \/>\nLa sol\u00b7licitud de la beca es far\u00e0 presencialment a la secretaria del centre en el termini indicat.<br \/>\nConsulta les bases aqu\u00ed:\u00a0<a href=\"https:\/\/agora-eoi.xtec.cat\/eoivalls\/wp-content\/uploads\/usu2264\/2025\/07\/beques-ajuda-estudis-25-_26_1-1.pdf\">beques ajuda estudis&hellip;  <a href=\"https:\/\/agora-eoi.xtec.cat\/eoivalls\/secretaria\/beques\/\" title=\"Read Beques\">Llegeix m\u00e9s\u00bb<\/a><\/p>\n","protected":false},"author":1,"featured_media":0,"parent":8358,"menu_order":27,"comment_status":"closed","ping_status":"closed","template":"page-templates\/side-menu.php","meta":{"_bbp_topic_count":0,"_bbp_reply_count":0,"_bbp_total_topic_count":0,"_bbp_total_reply_count":0,"_bbp_voice_count":0,"_bbp_anonymous_reply_count":0,"_bbp_topic_count_hidden":0,"_bbp_reply_count_hidden":0,"_bbp_forum_subforum_count":0,"footnotes":""},"class_list":["post-8434","page","type-page","status-publish","hentry"],"post_mailing_queue_ids":[],"_links":{"self":[{"href":"https:\/\/agora-eoi.xtec.cat\/eoivalls\/wp-json\/wp\/v2\/pages\/8434","targetHints":{"allow":["GET"]}}],"collection":[{"href":"https:\/\/agora-eoi.xtec.cat\/eoivalls\/wp-json\/wp\/v2\/pages"}],"about":[{"href":"https:\/\/agora-eoi.xtec.cat\/eoivalls\/wp-json\/wp\/v2\/types\/page"}],"author":[{"embeddable":true,"href":"https:\/\/agora-eoi.xtec.cat\/eoivalls\/wp-json\/wp\/v2\/users\/1"}],"replies":[{"embeddable":true,"href":"https:\/\/agora-eoi.xtec.cat\/eoivalls\/wp-json\/wp\/v2\/comments?post=8434"}],"version-history":[{"count":6,"href":"https:\/\/agora-eoi.xtec.cat\/eoivalls\/wp-json\/wp\/v2\/pages\/8434\/revisions"}],"predecessor-version":[{"id":10478,"href":"https:\/\/agora-eoi.xtec.cat\/eoivalls\/wp-json\/wp\/v2\/pages\/8434\/revisions\/10478"}],"up":[{"embeddable":true,"href":"https:\/\/agora-eoi.xtec.cat\/eoivalls\/wp-json\/wp\/v2\/pages\/8358"}],"wp:attachment":[{"href":"https:\/\/agora-eoi.xtec.cat\/eoivalls\/wp-json\/wp\/v2\/media?parent=8434"}],"curies":[{"name":"wp","href":"https:\/\/api.w.org\/{rel}","templated":true}]}}

<ul>
<li><strong>Beques de centre d&#8217;ajuda a l&#8217;estudi (beques internes de centre) curs 25-26</strong></li>
</ul>
<p>Termini de presentació de sol·licituds:<strong>del 11 al 22 de maig de 2026</strong></p>
<p>La sol·licitud de la beca es farà presencialment a la secretaria del centre en el termini indicat.</p>
<p>Consulta les bases aquí:<strong> <a href="https://agora-eoi.xtec.cat/eoivalls/wp-content/uploads/usu2264/2025/07/beques-ajuda-estudis-25-_26_1-1.pdf">beques ajuda estudis 25 _26</a></strong></p>
<p>&nbsp;</p>
<ul>
<li><strong>B</strong><span style="font-family: inherit; font-size: 1em;"><strong>eques</strong> estatals del <em>Ministerio de Educación y Formación Profesional</em> per estudis post obligatoris per al curs 2025 &#8211; 2026.</span></li>
</ul>
<div>
<p> Termini: des del dia <strong>24 de març de 2025 fins al 14 de maig de 2025</strong><u> a les 15 hores<strong>. </strong></u></p>
<p>La sol·licitud de la beca s&#8217;ha de fer a través de la seu electrònica del Ministeri d&#8217;Educació i Formació Professional.</p>
<p>Trobareu més informació en el següent enllaç:</p>
<p><a href="https://educacio.gencat.cat/ca/tramits/tramits-temes/beques-ministeri-postobligatoris" target="_blank" rel="noopener">https://educacio.gencat.cat/ca/tramits/tramits-temes/beques-ministeri-postobligatoris</a></p>
</div>
<div></div>
<p>&nbsp;</p>
<p>&nbsp;</p>
<p>&nbsp;</p>
<p>&nbsp;</p>

<ul>
<li>Beques de centre d&#8217;ajuda a l&#8217;estudi (beques internes de centre) curs 25-26</li>
</ul>
<p>Termini de presentació de sol·licituds:del 11 al 22 de maig de 2026<br />
La sol·licitud de la beca es farà presencialment a la secretaria del centre en el termini indicat.<br />
Consulta les bases aquí: <a href="https://agora-eoi.xtec.cat/eoivalls/wp-content/uploads/usu2264/2025/07/beques-ajuda-estudis-25-_26_1-1.pdf">beques ajuda estudis&hellip;  <a href="https://agora-eoi.xtec.cat/eoivalls/secretaria/beques/" title="Read Beques">Llegeix més»</a></p>
