{"id":8189,"date":"2016-06-09T14:31:19","date_gmt":"2016-06-09T13:31:19","guid":{"rendered":"http:\/\/agora-eoi.xtec.cat\/eoivalls\/?page_id=8189"},"modified":"2025-10-23T16:52:48","modified_gmt":"2025-10-23T14:52:48","slug":"angles","status":"publish","type":"page","link":"https:\/\/agora-eoi.xtec.cat\/eoivalls\/cursos\/cursos-oficials\/angles\/","title":{"rendered":"Angl\u00e8s"},"content":{"rendered":"<p><a href=\"http:\/\/agora-eoi.xtec.cat\/eoivalls\/wp-content\/uploads\/usu2264\/2014\/09\/Big-Ben-96.png\" rel=\"attachment wp-att-8396\"><img loading=\"lazy\" decoding=\"async\" class=\"size-full wp-image-8396 alignleft\" src=\"http:\/\/agora-eoi.xtec.cat\/eoivalls\/wp-content\/uploads\/usu2264\/2014\/09\/Big-Ben-96.png\" alt=\"Big Ben-96\" width=\"96\" height=\"96\" \/><\/a><\/p>\n<p>&nbsp;<\/p>\n<p>&nbsp;<\/p>\n<p><strong>HORARIS D&#8217;ANGL\u00c8S DEL CURS 25-26<\/strong><\/p>\n<table style=\"width: 59.4457%;\" width=\"680\">\n<tbody>\n<tr>\n<td style=\"width: 16.3504%;\" width=\"113\"><strong>NIVELL<\/strong><\/td>\n<td style=\"width: 21.7518%;\" width=\"151\"><strong>CODI GRUP<\/strong><\/td>\n<td style=\"width: 15.0365%;\" width=\"104\"><strong>HORA<\/strong><\/td>\n<td style=\"width: 19.2701%;\" width=\"132\"><strong>DIES<\/strong><\/td>\n<td style=\"width: 15.0365%;\" width=\"104\"><strong>PROF.<\/strong><\/td>\n<td style=\"width: 11.0949%;\" width=\"76\"><strong>AULA<\/strong><\/td>\n<\/tr>\n<tr>\n<td style=\"width: 16.3504%;\" width=\"113\"><strong>A1<\/strong><\/td>\n<td style=\"width: 21.7518%;\" width=\"151\">ANG 1-19 A (primer)<\/td>\n<td style=\"width: 15.0365%;\" width=\"104\">18.45-21.00<\/td>\n<td style=\"width: 19.2701%;\" width=\"132\">DL i DC<\/td>\n<td style=\"width: 15.0365%;\" width=\"104\">Alex Marin<\/td>\n<td style=\"width: 11.0949%;\" width=\"76\">105<\/td>\n<\/tr>\n<tr>\n<td style=\"width: 16.3504%;\" width=\"113\"><strong>A2<\/strong><\/td>\n<td style=\"width: 21.7518%;\" width=\"151\">ANG 2-16 A (segon)<\/td>\n<td style=\"width: 15.0365%;\" width=\"104\">16.15-18.30<\/td>\n<td style=\"width: 19.2701%;\" width=\"132\">DL i DC<\/p>\n<p>&nbsp;<\/td>\n<td style=\"width: 15.0365%;\" width=\"104\">Nica Mauri<\/td>\n<td style=\"width: 11.0949%;\" width=\"76\">204<\/td>\n<\/tr>\n<tr>\n<td style=\"width: 16.3504%;\" width=\"113\"><strong>A2<\/strong><\/td>\n<td style=\"width: 21.7518%;\" width=\"151\">ANG 2-19 A (segon)<\/td>\n<td style=\"width: 15.0365%;\" width=\"104\">18.45-21.00<\/td>\n<td style=\"width: 19.2701%;\" width=\"132\">DL i DC<\/p>\n<p>&nbsp;<\/td>\n<td style=\"width: 15.0365%;\" width=\"104\">Nica Mauri<\/td>\n<td style=\"width: 11.0949%;\" width=\"76\">204<\/td>\n<\/tr>\n<tr>\n<td style=\"width: 16.3504%;\" width=\"113\"><strong>B1<\/strong><\/td>\n<td style=\"width: 21.7518%;\" width=\"151\">ANG 3-16 A (tercer)<\/td>\n<td style=\"width: 15.0365%;\" width=\"104\">16.15-18.30<\/td>\n<td style=\"width: 19.2701%;\" width=\"132\">DL i DC<\/td>\n<td style=\"width: 15.0365%;\" width=\"104\">Carme Tortosa<\/td>\n<td style=\"width: 11.0949%;\" width=\"76\">103<\/td>\n<\/tr>\n<tr>\n<td style=\"width: 16.3504%;\" width=\"113\"><strong>B1**<\/strong><\/td>\n<td style=\"width: 21.7518%;\" width=\"151\">ANG 3-19 A (tercer)<\/td>\n<td style=\"width: 15.0365%;\" width=\"104\">18.45-21.00<\/td>\n<td style=\"width: 19.2701%;\" width=\"132\">DC*<\/p>\n<p><em>*Grup Semipresencial<\/em><\/td>\n<td style=\"width: 15.0365%;\" width=\"104\">Carme Tortosa<\/td>\n<td style=\"width: 11.0949%;\" width=\"76\">103<\/td>\n<\/tr>\n<tr>\n<td style=\"width: 16.3504%;\" width=\"113\"><strong>B2.1<\/strong><\/td>\n<td style=\"width: 21.7518%;\" width=\"151\">ANG 4-16 B (quart)<\/td>\n<td style=\"width: 15.0365%;\" width=\"104\">16.15-18.30<\/td>\n<td style=\"width: 19.2701%;\" width=\"132\">DM i DJ<\/td>\n<td style=\"width: 15.0365%;\" width=\"104\">Nica Mauri<\/td>\n<td style=\"width: 11.0949%;\" width=\"76\">204<\/td>\n<\/tr>\n<tr>\n<td style=\"width: 16.3504%;\" width=\"113\"><strong>B2.1**<\/strong><\/td>\n<td style=\"width: 21.7518%;\" width=\"151\">ANG 4-19 B (quart)<\/td>\n<td style=\"width: 15.0365%;\" width=\"104\">18.45-21.00<\/td>\n<td style=\"width: 19.2701%;\" width=\"132\">DJ*<\/p>\n<p>*Grup Semipresencial<\/td>\n<td style=\"width: 15.0365%;\" width=\"104\">Nica Mauri<\/td>\n<td style=\"width: 11.0949%;\" width=\"76\">204<\/td>\n<\/tr>\n<tr>\n<td style=\"width: 16.3504%;\" width=\"113\"><strong>B2.2<\/strong><\/td>\n<td style=\"width: 21.7518%;\" width=\"151\">ANG 5-16 B (cinqu\u00e8)<\/td>\n<td style=\"width: 15.0365%;\" width=\"104\">16.15-18.30<\/td>\n<td style=\"width: 19.2701%;\" width=\"132\">DM i DJ<\/td>\n<td style=\"width: 15.0365%;\" width=\"104\">Alex Marin<\/td>\n<td style=\"width: 11.0949%;\" width=\"76\">105<\/td>\n<\/tr>\n<tr>\n<td style=\"width: 16.3504%;\" width=\"113\"><strong>B2.2**<\/strong><\/td>\n<td style=\"width: 21.7518%;\" width=\"151\">ANG 5-19 B (cinqu\u00e8)<\/td>\n<td style=\"width: 15.0365%;\" width=\"104\">18.45-21.00<\/td>\n<td style=\"width: 19.2701%;\" width=\"132\">DJ*<\/p>\n<p>*Grup Semipresencial<\/td>\n<td style=\"width: 15.0365%;\" width=\"104\">Alex Marin<\/td>\n<td style=\"width: 11.0949%;\" width=\"76\">105<\/td>\n<\/tr>\n<tr>\n<td style=\"width: 16.3504%;\" width=\"113\"><strong>C1<\/strong><\/td>\n<td style=\"width: 21.7518%;\" width=\"151\">ANG-C1-19B (C1)<\/td>\n<td style=\"width: 15.0365%;\" width=\"104\">18.45-21.00<\/td>\n<td style=\"width: 19.2701%;\" width=\"132\">DM i DJ<\/td>\n<td style=\"width: 15.0365%;\" width=\"104\">Cristina Calduch<\/td>\n<td style=\"width: 11.0949%;\" width=\"76\">205<\/td>\n<\/tr>\n<\/tbody>\n<\/table>\n<p>a. d.: a determinar<\/p>\n<p>Els cursos tenen una durada m\u00ednima de 130 hores.<\/p>\n<p><strong style=\"font-family: inherit; font-size: 1em;\">Llibres i manuals de classe<\/strong><\/p>\n<p>A principi de curs comproveu amb el vostre professor\/a que els llibres s\u00f3n els correctes pel grup i nivell.<\/p>\n<p>Tots els llibres s\u00f3n obligatoris si no s\u2019indica el contrari.<\/p>\n<p><span style=\"color: #993300;\"><b>A1 (primer curs)<\/b><\/span><\/p>\n<ul>\n<li><b>\u00a0<\/b><b>Llibre de text: ENGLISH FILE A1\/A2 SBWB W\/KEY PK 5TH EDITION<i> (<\/i><\/b><strong><i><span style=\"color: #000000;\">NEW<\/span><\/i><\/strong><b><i>!). <\/i><span style=\"font-weight: 400;\">Oxford University Press.\u00a0 ISBN <\/span>9780194148030<\/b><\/li>\n<li><b>OPTATIU: Llibre de gram\u00e0tica (amb clau de respostes)<\/b><span style=\"font-weight: 400;\">: <\/span><i><span style=\"font-weight: 400;\">Essential Grammar in Use with answers<\/span><\/i><span style=\"font-weight: 400;\">.<\/span> <b>Third Edition<\/b><span style=\"font-weight: 400;\">. Cambridge University Press.\u00a0 ISBN: 978 0 521 67543 7<\/span><\/li>\n<\/ul>\n<p><b><b>Lectures de primer:<\/b><\/b><\/p>\n<ul>\n<li><strong><em><u>Girl on a Motorcycle<\/u><\/em><\/strong><em><u>,<\/u><\/em> John Escott, Oxford Bookworms Library, <em><u>Starter<\/u><\/em> <em><u>ISBN<\/u><\/em>: 9780194234221<\/li>\n<li><strong><em><u>One-Way Ticket Short Stories,\u00a0<\/u><\/em><\/strong>Jennifer Bassett, Oxford Bookworms, ISBN: 9780194620505<\/li>\n<li><span style=\"text-decoration: underline;\"><strong>The Phantom of the Opera<\/strong><\/span>, Jennifer Bassett., Oxford Bookworms Library, Level 1, ISBN: 9780194789158<\/li>\n<\/ul>\n<p><span style=\"color: #993300;\"><b>A2 (segon curs)<\/b><\/span><\/p>\n<ul>\n<li style=\"font-weight: 400;\" aria-level=\"1\"><b>Llibre de text: ENGLISH FILE A2\/B1 SBWB W\/KEY PK 5TH EDITION<i> (NEW!) <\/i><span style=\"font-weight: 400;\">Oxford University Press. ISBN: <\/span>9780194145510<\/b><\/li>\n<li style=\"font-weight: 400;\" aria-level=\"1\"><b>\u00a0OPTATIU: Llibre de gram\u00e0tica (amb clau de respostes).<\/b><span style=\"font-weight: 400;\">: <\/span><i><span style=\"font-weight: 400;\">Essential Grammar in Use with answers<\/span><\/i><span style=\"font-weight: 400;\">, <\/span><b>Third Edition<\/b><span style=\"font-weight: 400;\">. Cambridge University Press. ISBN: 978 0 521 67543 7<\/span><\/li>\n<li style=\"font-weight: 400;\" aria-level=\"1\"><b style=\"font-family: inherit; font-size: 1em;\">\u00a0OPTATIU: Llibre de pr\u00e0ctica d\u2019examen (amb clau de respostes).<\/b><span style=\"font-weight: 400;\">:\u00a0 \u00a0 <\/span><i style=\"font-family: inherit; font-size: 1em;\">Cambridge English Key 7 Student\u2019s Book Pack (Student\u2019s Book with Answers and Audio CD): Authentic Examination Papers from Cambridge English Language Assessment (KET Practice Tests) by Cambridge University Press<\/i><span style=\"font-weight: 400;\">. ISBN:<\/span> <span style=\"font-weight: 400;\">ISBN:<\/span> <span style=\"font-weight: 400;\">978-1-107-664944<\/span><\/li>\n<\/ul>\n<p><b>Lectures de segon:\u00a0<\/b><\/p>\n<ul>\n<li><strong>Seasons and Celebrations<\/strong>, Jackie Maguire. Oxford Bookworms. Factfiles Level 2. ISBN: 9780194620819<\/li>\n<li><strong>Australia and New Zealand<\/strong>. Christine Lindop. Oxford Bookworms. Stage 3. ISBN: 9780194233903<\/li>\n<li><strong>Skyjack!<\/strong> Tim Vicary. Oxford Bookworms.Stage 3. ISBN: 9780194791304<\/li>\n<\/ul>\n<p><span style=\"color: #993300;\"><b>B1 (tercer curs)<\/b><\/span><\/p>\n<ul>\n<li style=\"font-weight: 400;\" aria-level=\"1\"><b>Llibre de text: <\/b><i><span style=\"font-weight: 400;\">ENGLISH FILE B2.1<\/span><\/i><span style=\"font-weight: 400;\"> 4th ed. Student\u2019s book and Workbook with Key pack. OUP. ISBN\u00a0 9780194058247<\/span><\/li>\n<li style=\"font-weight: 400;\" aria-level=\"1\"><b>OPTATIU: Llibre de gram\u00e0tica (amb clau de respostes).<\/b><span style=\"font-weight: 400;\">: <\/span><i><span style=\"font-weight: 400;\">Intermediate Language Practice with Key<\/span><\/i><i><span style=\"font-weight: 400;\">.<\/span><\/i><span style=\"font-weight: 400;\"> Ed. MacMillan. ISBN: 978 0 2307 2701 4<\/span><\/li>\n<li style=\"font-weight: 400;\" aria-level=\"1\"><b style=\"font-family: inherit; font-size: 1em;\">OPTATIU: Llibre de pr\u00e0ctica d\u2019examen (amb clau de respostes).:<\/b> <i style=\"font-family: inherit; font-size: 1em;\">Cambridge English Preliminary 8 Student\u2019s Book Pack (Student\u2019s Book with Answers and Audio CDs (2)) (PET Practice Tests) by Cambridge<\/i><i style=\"font-family: inherit; font-size: 1em;\">. ISBN: <\/i><span style=\"font-weight: 400;\">978-1-107-675834<\/span><\/li>\n<\/ul>\n<p><b><b>Lectures de tercer:<\/b><\/b><\/p>\n<ul>\n<li><strong>The Hound of the Baskervilles,<\/strong> (level 4), by Sir Arthur Conan Doyle. Oxford Bookworms, 2010.\u00a0 ISBN 9780194610605<\/li>\n<li><strong>The Fruitcake special and other stories<u>,<\/u><\/strong><em> by Frank Brennan Cambridge English Readers level 4, CUP.<\/em> ISBN <em>9780521783651<\/em><\/li>\n<\/ul>\n<p><span style=\"color: #993300;\"><b>B2.1 (quart curs)<\/b><\/span><\/p>\n<ul>\n<li style=\"font-weight: 400;\" aria-level=\"1\"><b>Llibre de text<\/b><span style=\"font-weight: 400;\">: <\/span><i><span style=\"font-weight: 400;\">ENGLISH FILE B2.2<\/span><\/i><span style=\"font-weight: 400;\"> 4th ed. Student\u2019s book and Workbook with key pack. OUP. ISBN 9780194058308<\/span><\/li>\n<li style=\"font-weight: 400;\" aria-level=\"1\"><b>OPTATIU: Llibre de gram\u00e0tica (amb clau de respostes)<\/b><b><i>: <\/i><\/b><i><span style=\"font-weight: 400;\">Language Practice for first. Student&#8217;s book.<\/span><\/i><span style=\"font-weight: 400;\"> Macmillan. Practice online+key. <\/span>5<span style=\"font-weight: 400;\">th<\/span><span style=\"font-weight: 400;\"> Edition. ISBN: 9780230463752 o la versi\u00f3 anterior: <\/span><i style=\"font-family: inherit; font-size: 1em;\">First Certificate Language Practice with Key<\/i><span style=\"font-weight: 400;\">.<\/span><span style=\"font-weight: 400;\"> MacMillan. ISBN: 978 0 2307 2711 3<\/span><\/li>\n<li style=\"font-weight: 400;\" aria-level=\"1\"><b style=\"font-family: inherit; font-size: 1em;\">OPTATIU: Llibre de pr\u00e0ctica d\u2019examen per First Certificate (B2):<\/b> <i style=\"font-family: inherit; font-size: 1em;\">Cambridge English First 2 Student\u2019s Book with answers and Audio.<\/i><span style=\"font-weight: 400;\"> Cambridge University Press. ISBN: 978-1-316-50356-0<\/span><\/li>\n<\/ul>\n<p><b>Lectures de quart:\u00a0<\/b><\/p>\n<ul>\n<li><strong>Frozen Pizza and other slices of life<\/strong>, Antoinette Moses, Cambridge English Readers, ISBN 9780521750783<\/li>\n<li><strong>Dragons\u2019 Eggs<\/strong> J.M. Newsome, CAMBRIDGE UNIVERSITY PRESS. Level 5, ISBN 9780521179041<\/li>\n<\/ul>\n<p><span style=\"color: #993300;\"><b>B2.2 (cinqu\u00e8 curs)<\/b><\/span><\/p>\n<ul>\n<li style=\"font-weight: 400;\" aria-level=\"1\"><b>Llibre de text <\/b><span style=\"font-weight: 400;\">:<\/span> <i><span style=\"font-weight: 400;\">ENGLISH FILE 4TH EDITION C1.1. STUDENT&#8217;S BOOK AND WORKBOOK WITH KEY PACK <\/span><\/i><i><span style=\"font-weight: 400;\">\u00a0\u00a0<\/span><\/i><span style=\"font-weight: 400;\">ISBN 9780194058186<\/span><\/li>\n<li style=\"font-weight: 400;\" aria-level=\"1\"><b>OPTATIU: Llibre de gram\u00e0tica (amb clau de respostes)<\/b><span style=\"font-weight: 400;\">: <\/span><i><span style=\"font-weight: 400;\">Language Practice for First. Student\u00b4s book.<\/span><\/i><span style=\"font-weight: 400;\"> Macmillan. Practice online+key. 5<\/span><span style=\"font-weight: 400;\">th<\/span><span style=\"font-weight: 400;\"> Edition. ISBN: 9780230463752 o la versi\u00f3 anterior: <\/span><i><span style=\"font-weight: 400;\">First Certificate Language Practice with Key<\/span><\/i><span style=\"font-weight: 400;\">.<\/span><span style=\"font-weight: 400;\"> MacMillan. ISBN: 978 0 2307 2711 3<\/span><\/li>\n<li style=\"font-weight: 400;\" aria-level=\"1\"><b style=\"font-family: inherit; font-size: 1em;\">OPTATIU: Llibre de pr\u00e0ctica d\u2019examen (amb clau de respostes)<\/b><span style=\"font-weight: 400;\">: <\/span><i style=\"font-family: inherit; font-size: 1em;\">Cambridge English First 2 Student\u2019s Book with answers and Audio.<\/i><span style=\"font-weight: 400;\"> Cambridge University Press ISBN:978-1-316-50356-0<\/span><\/li>\n<\/ul>\n<p><b><b>Lectures de cinqu\u00e8:<\/b><\/b><b><\/b><\/p>\n<p><strong>FIRST TERM: READING +LISTENING<\/strong><\/p>\n<p>To choose one from the list or one of your individual choice. Compulsory activity. Reading and listening to the same book. To be read at home and have a test in class:<\/p>\n<p>&#8211;<strong>Vanity Fair. A novel Without a Hero<\/strong>. By William Thackeray. Ed. Young Adult Eli readers. Stage 5.<\/p>\n<p>&#8211;<strong>Unique<\/strong>,by Alison Allen-gray. Ed. Rollercoaster, OUP. (printed version and kindle)<\/p>\n<p><strong>SECOND TERM:READING+LISTENING<\/strong><\/p>\n<p>To choose one from the list one of your individual choice. Compulsory activity. Reading and listening to the same book either with the free audio download from Audible.co.uk. or youtube audiobooks, To be read at home and have a test in class.<\/p>\n<p>&#8211;<strong>Tuesdays with Morrie<\/strong>, Mitch Albom.<\/p>\n<p>&#8211;<strong>The Monk Who Sold His Ferrari<\/strong>, Robin Sharma.<\/p>\n<p>&#8211;<strong>The Celestine Prophecy<\/strong>, James Redfield.<\/p>\n<p>&#8211;<strong>The Alchemist: A Fable About Following Your Dream<\/strong>, Paulo Coelho.<\/p>\n<p><strong>THIRD TERM: READING<\/strong><\/p>\n<p>To choose one from the list one of your individual choice. Compulsory activity. To be read at home and hand in a book review.<\/p>\n<p>&#8211;<strong>Mutant Message Down Under<\/strong>. Marlo Morgan. (printed version and kindle)<\/p>\n<p>&#8211;<strong>The Curious Incident of the Dog in the Night-time<\/strong>, Mark Haddon<\/p>\n<p>&#8211;<strong>The No.1 Ladies\u2019 Detective Agency<\/strong>, Alexander McCall Smith<\/p>\n<p><span style=\"text-decoration: underline;\"><strong>Alternatives per tots els trimestres<\/strong><\/span><\/p>\n<p>-Seeds of the wind. Short Stories in English with the translated-into-Spanish version by Tim Bowley. School library.<\/p>\n<p>-Irish Legends for Children. School Library.<\/p>\n<p>-Great Irish legends for children. School library.<\/p>\n<p>-Buried treasures. Tim Bowley. Short story with audio cd. School library.<\/p>\n<p>-Where are you going, where have you been?. Joyce Carol Oates. Ed. Pons Idiomas. Original unabridged short story with audio cd and vocabulary glossary. School library..<\/p>\n<p>-Parson\u2019s Pleasure and the Other two. Roald Dahl and Edith Wharton. Ed. Pons Idiomas. Short story with audio cd. School library.<\/p>\n<p><span style=\"color: #993300;\"><b>C1<\/b><\/span><\/p>\n<ul>\n<li><b>Llibre de text:<\/b>\u00a0 OUTCOMES ADVANCED STUDENT\u00b4S BOOK + SPARK SPAIN EDITION, ISBN 9798214495132<\/li>\n<li><b>OPTATIU: Llibre de gram\u00e0tica, (amb clau de respostes)<\/b><span style=\"font-weight: 400;\"><span style=\"font-weight: 400;\">: <\/span><\/span>Oxford English Grammar Course Advanced Student&#8217;s Book with Key. Revised Edition.\u00a0 978-0194414937\n<div class=\"a-section a-spacing-small a-text-center rpi-attribute-label\"><\/div>\n<\/li>\n<\/ul>\n<p><b><b>Lectures<\/b><\/b><b><\/b><\/p>\n<ul>\n<li>Short stories (1, 2 and 3)<\/li>\n<\/ul>\n<table>\n<tbody>\n<tr>\n<td><b>NOTA:<\/b><b> Els llibres no estan inclosos en el preu de\u00a0 matr\u00edcula ni en el preu p\u00fablic d\u2019acc\u00e9s a plataforma i material, l\u2019alumnat els ha d\u2019adquirir pel seu compte.<\/b><\/td>\n<\/tr>\n<\/tbody>\n<\/table>\n<p>Altres informacions sobre els estudis a les EOIs:<\/p>\n<ul>\n<li><strong><a href=\"http:\/\/queestudiar.gencat.cat\/ca\/estudis\/idiomes\/\" target=\"_blank\" rel=\"noopener noreferrer\">Informaci\u00f3 general<\/a><\/strong>\u00a0del Departament d&#8217;Educaci\u00f3 de la Generalitat de Catalunya.<\/li>\n<li>El Departament d&#8217;Educaci\u00f3 ofereix tamb\u00e9 ex\u00e0mens lliures per a l&#8217;obtenci\u00f3 de certificats:<a href=\"http:\/\/ensenyament.gencat.cat\/ca\/serveis-tramits\/proves\/proves-lliures-obtencio-titols\/\" target=\"_blank\" rel=\"noopener noreferrer\">\u00a0Proves idiomes<\/a><\/li>\n<li>Per informaci\u00f3 sobre les proves aneu a:\u00a0<a href=\"http:\/\/ensenyament.gencat.cat\/ca\/serveis-tramits\/proves\/proves-lliures-obtencio-titols\/convocat-ordinaria-idiomes\/descripcio\/\" target=\"_blank\" rel=\"noopener noreferrer\">descripci\u00f3 de les proves<\/a><\/li>\n<\/ul>\n","protected":false},"excerpt":{"rendered":"<p><a href=\"http:\/\/agora-eoi.xtec.cat\/eoivalls\/wp-content\/uploads\/usu2264\/2014\/09\/Big-Ben-96.png\" rel=\"attachment wp-att-8396\"><\/a><br \/>\n&nbsp;<br \/>\n&nbsp;<br \/>\nHORARIS D&#8217;ANGL\u00c8S DEL CURS 25-26<\/p>\n<p>NIVELL<br \/>\nCODI GRUP<br \/>\nHORA<br \/>\nDIES<br \/>\nPROF.<br \/>\nAULA<\/p>\n<p>A1<br \/>\nANG 1-19 A (primer)<br \/>\n18.45-21.00<br \/>\nDL i DC<br \/>\nAlex Marin<br \/>\n105<\/p>\n<p>A2<br \/>\nANG 2-16 A (segon)<br \/>\n16.15-18.30<br \/>\nDL i DC<br \/>\n&nbsp;<br \/>\nNica Mauri<br \/>\n204<\/p>\n<p>A2<br \/>\nANG 2-19 A (segon)<br \/>\n18.45-21.00<br \/>\nDL i DC<br \/>\n&nbsp;<br \/>\nNica Mauri<br \/>\n204<\/p>\n<p>B1<br \/>\nANG 3-16 A (tercer)<br \/>\n16.15-18.30<br \/>\nDL i DC<br \/>\nCarme Tortosa<br \/>\n103<\/p>\n<p>B1**<br \/>\nANG 3-19 A (tercer)<br \/>\n18.45-21.00<br \/>\nDC*<br \/>\n*Grup Semipresencial<br \/>\nCarme Tortosa<br \/>\n103<\/p>\n<p>B2.1<br \/>\nANG 4-16 B (quart)<br \/>\n16.15-18.30<br \/>\nDM i DJ<br \/>\nNica Mauri<br \/>\n204<\/p>\n<p>B2.1**<br \/>\nANG 4-19&hellip;  <a href=\"https:\/\/agora-eoi.xtec.cat\/eoivalls\/cursos\/cursos-oficials\/angles\/\" title=\"Read Angl\u00e8s\">Llegeix m\u00e9s\u00bb<\/a><\/p>\n","protected":false},"author":1,"featured_media":0,"parent":8151,"menu_order":20,"comment_status":"closed","ping_status":"closed","template":"page-templates\/side-menu.php","meta":{"_bbp_topic_count":0,"_bbp_reply_count":0,"_bbp_total_topic_count":0,"_bbp_total_reply_count":0,"_bbp_voice_count":0,"_bbp_anonymous_reply_count":0,"_bbp_topic_count_hidden":0,"_bbp_reply_count_hidden":0,"_bbp_forum_subforum_count":0,"footnotes":""},"class_list":["post-8189","page","type-page","status-publish","hentry"],"post_mailing_queue_ids":[],"_links":{"self":[{"href":"https:\/\/agora-eoi.xtec.cat\/eoivalls\/wp-json\/wp\/v2\/pages\/8189","targetHints":{"allow":["GET"]}}],"collection":[{"href":"https:\/\/agora-eoi.xtec.cat\/eoivalls\/wp-json\/wp\/v2\/pages"}],"about":[{"href":"https:\/\/agora-eoi.xtec.cat\/eoivalls\/wp-json\/wp\/v2\/types\/page"}],"author":[{"embeddable":true,"href":"https:\/\/agora-eoi.xtec.cat\/eoivalls\/wp-json\/wp\/v2\/users\/1"}],"replies":[{"embeddable":true,"href":"https:\/\/agora-eoi.xtec.cat\/eoivalls\/wp-json\/wp\/v2\/comments?post=8189"}],"version-history":[{"count":7,"href":"https:\/\/agora-eoi.xtec.cat\/eoivalls\/wp-json\/wp\/v2\/pages\/8189\/revisions"}],"predecessor-version":[{"id":10457,"href":"https:\/\/agora-eoi.xtec.cat\/eoivalls\/wp-json\/wp\/v2\/pages\/8189\/revisions\/10457"}],"up":[{"embeddable":true,"href":"https:\/\/agora-eoi.xtec.cat\/eoivalls\/wp-json\/wp\/v2\/pages\/8151"}],"wp:attachment":[{"href":"https:\/\/agora-eoi.xtec.cat\/eoivalls\/wp-json\/wp\/v2\/media?parent=8189"}],"curies":[{"name":"wp","href":"https:\/\/api.w.org\/{rel}","templated":true}]}}