{"id":8151,"date":"2016-06-08T16:42:13","date_gmt":"2016-06-08T15:42:13","guid":{"rendered":"http:\/\/agora-eoi.xtec.cat\/eoivalls\/?page_id=8151"},"modified":"2023-09-20T13:12:03","modified_gmt":"2023-09-20T11:12:03","slug":"cursos-oficials","status":"publish","type":"page","link":"https:\/\/agora-eoi.xtec.cat\/eoivalls\/cursos\/cursos-oficials\/","title":{"rendered":"Cursos Oficials"},"content":{"rendered":"<p>A l&#8217;EOI de Valls s&#8217;imparteixen els idiomes d&#8217;angl\u00e8s\u00a0i<strong> franc\u00e8s, <\/strong>en modalitat de cursos <strong>extensius<\/strong> (des de finals de setembre fins a juny).<\/p>\n<p>L&#8217;EOI de Valls imparteix cursos oficials extensius en classes de dues hores i quinze minuts en dies alterns (dilluns i dimecres; dimarts i dijous).<\/p>\n<ul>\n<li><strong>GRUPS A: <\/strong>dilluns i dimecres<\/li>\n<li><strong>GRUPS B:<\/strong> dimarts i dijous<\/li>\n<\/ul>\n<p><strong>La matr\u00edcula oficial<\/strong> dona dret a assistir a <strong>130 hores de classe<\/strong> per curs i als ex\u00e0mens corresponents.<\/p>\n<p><strong>HORARI DE LES CLASSES<\/strong><\/p>\n<p>Totes les classes es fan en horari de tarda-vespre.<br \/>\nLa franja hor\u00e0ria de classe \u00e9s de 16.15 a 18.30, i de 18.45 a 21.00, segons escaigui per grup.<br \/>\nLa tria de l\u2019horari de classe es fa en el moment de formalitzar la matr\u00edcula, segons el torn d\u2019horari establert en el sorteig.<\/p>\n<p style=\"font-weight: 400;\">*Caracter\u00edstiques dels cursos <strong>semi presencials<\/strong>\u00a0(1 sessi\u00f3 presencial al centre i una sessi\u00f3 en l\u00ednia de forma asincr\u00f2nica)<\/p>\n<ul>\n<li style=\"font-weight: 400;\">L\u2019alumnat assisteix a classe el dia indicat per cada grup concret.<\/li>\n<li style=\"font-weight: 400;\">S\u2019hi treballen les diferents destreses, posant \u00e8mfasi en aquelles que requereixen un treball compartit, comunicatiu i competencial.<\/li>\n<li style=\"font-weight: 400;\">En la sessi\u00f3 asincr\u00f2nica, que l\u2019alumnat realitzar\u00e0 de manera aut\u00f2noma en l\u2019horari que m\u00e9s el sigui convenient, haur\u00e0 de dur a terme de manera satisfact\u00f2ria i presentar al professorat si s\u2019escau aquelles tasques que siguin requerides.<\/li>\n<li style=\"font-weight: 400;\">L\u2019assist\u00e8ncia a classe \u00e9s obligat\u00f2ria i de gran import\u00e0ncia per poder fer un aprofitament global de l\u2019experi\u00e8ncia d\u2019aprenentatge que l\u2019escola ofereix.<\/li>\n<li style=\"font-weight: 400;\">La participaci\u00f3 a classe i el treball en equip afavoreixen l\u2019assoliment de les compet\u00e8ncies desplegades en el\u00a0curr\u00edculum..<\/li>\n<\/ul>\n<p><strong>PROGRAMA D&#8217;ESTUDIS<\/strong><\/p>\n<p>Els ensenyaments d&#8217;idiomes a l&#8217;EOI de Valls s&#8217;imparteixen en 6 cursos:<\/p>\n<ul>\n<li>Nivell B\u00e0sic: de 2 cursos (1r i 2n nivell) (angl\u00e8s i franc\u00e8s)<\/li>\n<li>Nivell Intermedi B1: d&#8217;1 curs (3r nivell) (angl\u00e8s i franc\u00e8s)<\/li>\n<li>Nivell Intermedi B2: de 2 cursos (4rt i 5\u00e8 nivell) (nom\u00e9s angl\u00e8s)<\/li>\n<li>Nivell Avan\u00e7at C1: d&#8217;un curs cursos (Nivell C1) (nom\u00e9s angl\u00e8s)<\/li>\n<\/ul>\n<p><span style=\"font-family: inherit; font-size: 1em;\"><br \/>\n<\/span>\u00a0Al final del nivells intermedi B1, intermedi B2 i del nivell avan\u00e7at C1, els alumnes han de superar una prova de certificat, dissenyada pel Departament d&#8217;Educaci\u00f3,\u00a0 amb uns criteris unificats per a tota Catalunya.<\/p>\n<p><strong>PLA D&#8217;ESTUDIS<\/strong><\/p>\n<p>La finalitat dels ensenyaments d&#8217;idiomes \u00e9s la capacitat de l&#8217;alumnat en l&#8217;\u00fas efectiu de l&#8217;idioma com a vehicle de comunicaci\u00f3 general. Per assolir aquesta finalitat, a les EOI es treballa per tal que l&#8217;alumnat:<\/p>\n<ul>\n<li>Adquireixi les habilitats b\u00e0siques receptives i productives, tant del llenguatge oral com de l&#8217;escrit;<\/li>\n<li>Desenvolupi estrat\u00e8gies comunicatives en diferents \u00e0rees de comunicaci\u00f3;<\/li>\n<li>Desenvolupi estrat\u00e8gies per a l&#8217;aprenentatge aut\u00f2nom i continu de lleng\u00fces, que puguin facilitar l&#8217;\u00fas de l&#8217;idioma en l&#8217;exercici d&#8217;activitats professionals i en altres \u00e0mbits de la cultura o d&#8217;inter\u00e8s personal;<\/li>\n<li>Desenvolupi actituds positives envers la diversitat ling\u00fc\u00edstica i el pluralisme cultural del m\u00f3n actual.<\/li>\n<\/ul>\n<p><strong>CURSOS I GRUPS PER IDIOMES I NIVELLS<\/strong><\/p>\n<p>Cursos i grups per idioma i nivell a l&#8217;EOI de Valls<\/p>\n<table style=\"width: 577px;\" border=\"1\" cellspacing=\"1\" cellpadding=\"1\">\n<tbody>\n<tr>\n<td style=\"width: 80px;\"><\/td>\n<td style=\"width: 114px;\" colspan=\"2\"><strong>NIVELL B\u00c0SIC<\/strong><\/td>\n<td style=\"width: 168px;\"><strong>NIVELL INTERMEDI B1<\/strong><\/td>\n<td style=\"width: 169px;\" colspan=\"2\"><strong>NIVELL INTERMEDI B2<\/strong><\/td>\n<td style=\"width: 38px;\"><strong>C1<\/strong><\/td>\n<\/tr>\n<tr>\n<td style=\"width: 80px;\"><strong>CURSOS<\/strong><\/td>\n<td style=\"width: 53px;\"><strong>1r<\/strong><\/td>\n<td style=\"width: 60px;\"><strong>2n<\/strong><\/td>\n<td style=\"width: 168px;\"><strong>3r<\/strong><\/td>\n<td style=\"width: 78px;\"><strong>4t<\/strong><\/td>\n<td style=\"width: 90px;\"><strong>5\u00e8<\/strong><\/td>\n<td style=\"width: 38px;\"><strong>C1<\/strong><\/td>\n<\/tr>\n<tr>\n<td style=\"width: 80px;\"><strong>Idioma<\/strong><\/td>\n<td style=\"width: 492px;\" colspan=\"6\"><strong>Grups per nivells<\/strong><\/td>\n<\/tr>\n<tr>\n<td style=\"width: 80px;\">Angl\u00e8s<\/td>\n<td style=\"width: 53px;\">1<\/td>\n<td style=\"width: 60px;\">2<\/td>\n<td style=\"width: 168px;\">2<\/td>\n<td style=\"width: 78px;\">2<\/td>\n<td style=\"width: 90px;\">2<\/td>\n<td style=\"width: 38px;\">1<\/td>\n<\/tr>\n<tr>\n<td style=\"width: 80px;\">Franc\u00e8s<\/td>\n<td style=\"width: 53px;\">1<\/td>\n<td style=\"width: 60px;\">1<\/td>\n<td style=\"width: 168px;\">1<\/td>\n<td style=\"width: 78px;\">&#8211;<\/td>\n<td style=\"width: 90px;\">&#8211;<\/td>\n<td style=\"width: 38px;\">&#8211;<\/td>\n<\/tr>\n<\/tbody>\n<\/table>\n<p>Els alumnes que finalitzen els seus estudis de B1 de franc\u00e8s poden optar a una pla\u00e7a a una EOI de proximitat.<\/p>\n","protected":false},"excerpt":{"rendered":"<p>A l&#8217;EOI de Valls s&#8217;imparteixen els idiomes d&#8217;angl\u00e8s\u00a0i franc\u00e8s, en modalitat de cursos extensius (des de finals de setembre fins a juny).<br \/>\nL&#8217;EOI de Valls imparteix cursos oficials extensius en classes de dues hores i quinze minuts en dies alterns (dilluns i dimecres; dimarts i dijous).<\/p>\n<ul>\n<li>GRUPS&hellip;  <a href=\"https:\/\/agora-eoi.xtec.cat\/eoivalls\/cursos\/cursos-oficials\/\" title=\"Read Cursos Oficials\">Llegeix m\u00e9s\u00bb<\/a><br \/>\n","protected":false},"author":1,"featured_media":0,"parent":8149,"menu_order":10,"comment_status":"closed","ping_status":"closed","template":"page-templates\/side-menu.php","meta":{"_bbp_topic_count":0,"_bbp_reply_count":0,"_bbp_total_topic_count":0,"_bbp_total_reply_count":0,"_bbp_voice_count":0,"_bbp_anonymous_reply_count":0,"_bbp_topic_count_hidden":0,"_bbp_reply_count_hidden":0,"_bbp_forum_subforum_count":0,"footnotes":""},"class_list":["post-8151","page","type-page","status-publish","hentry"],"post_mailing_queue_ids":[],"_links":{"self":[{"href":"https:\/\/agora-eoi.xtec.cat\/eoivalls\/wp-json\/wp\/v2\/pages\/8151","targetHints":{"allow":["GET"]}}],"collection":[{"href":"https:\/\/agora-eoi.xtec.cat\/eoivalls\/wp-json\/wp\/v2\/pages"}],"about":[{"href":"https:\/\/agora-eoi.xtec.cat\/eoivalls\/wp-json\/wp\/v2\/types\/page"}],"author":[{"embeddable":true,"href":"https:\/\/agora-eoi.xtec.cat\/eoivalls\/wp-json\/wp\/v2\/users\/1"}],"replies":[{"embeddable":true,"href":"https:\/\/agora-eoi.xtec.cat\/eoivalls\/wp-json\/wp\/v2\/comments?post=8151"}],"version-history":[{"count":4,"href":"https:\/\/agora-eoi.xtec.cat\/eoivalls\/wp-json\/wp\/v2\/pages\/8151\/revisions"}],"predecessor-version":[{"id":10059,"href":"https:\/\/agora-eoi.xtec.cat\/eoivalls\/wp-json\/wp\/v2\/pages\/8151\/revisions\/10059"}],"up":[{"embeddable":true,"href":"https:\/\/agora-eoi.xtec.cat\/eoivalls\/wp-json\/wp\/v2\/pages\/8149"}],"wp:attachment":[{"href":"https:\/\/agora-eoi.xtec.cat\/eoivalls\/wp-json\/wp\/v2\/media?parent=8151"}],"curies":[{"name":"wp","href":"https:\/\/api.w.org\/{rel}","templated":true}]}}