{"id":9518,"date":"2022-02-16T15:12:16","date_gmt":"2022-02-16T14:12:16","guid":{"rendered":"https:\/\/agora-eoi.xtec.cat\/eoivallesoriental\/?page_id=9518"},"modified":"2023-01-27T13:28:34","modified_gmt":"2023-01-27T12:28:34","slug":"tandem","status":"publish","type":"page","link":"https:\/\/agora-eoi.xtec.cat\/eoivallesoriental\/alemany\/activitats\/tandem\/","title":{"rendered":"Tandem"},"content":{"rendered":"<p><b>Sprachtandem Deutsch-Spanisch\u00a0 <\/b><b>\u00a0\u00a0\u00a0\u00a0\u00a0\u00a0\u00a0\u00a0\u00a0\u00a0<\/b><span style=\"font-weight: 400;\">\u00a0<\/span><\/p>\n<p><span style=\"font-weight: 400;\">Die Initiative des Sprachzentrums der Universit\u00e4t Bielefeld und der EOI Vall\u00e8s Oriental hat das Ziel, Spanischlerner und Deutschlerner in Verbindung zu bringen, damit sie in etwa f\u00fcnf Tandem-Sitzungen ihre Sprachkenntnisse verbessern k\u00f6nnen.<\/span><\/p>\n<ul>\n<li><b>Das Prinzip:<\/b> <span style=\"font-weight: 400;\">&#8220;Du hilfst mir eine Sprache zu lernen, ich helfe dir eine Sprache zu lernen, und so verstehen wir uns besser!&#8221;<\/span><\/li>\n<li aria-level=\"1\"><b>Vorteile eines Tandems: <\/b>Neue Perspektiven \u00fcber Sprache und Kultur , Autonomie in der Wahl der Themen und der Zeiteinteilung<\/li>\n<\/ul>\n<p>Und wie finden die Teilnehmer dieses Projekt?<\/p>\n<p><strong>Sch\u00fclerin aus dem C1:<\/strong><\/p>\n<div>\n<p><em>Ich finde diese Initiative sehr interessant und sehr n\u00fctzlich. In meinem Fall habe ich das Gef\u00fchl, dass das Schlimmste an meinem Deutschen der m\u00fcndliche Teil ist. Deshalb dachte ich, diese Aktivit\u00e4t w\u00fcrde mir helfen, mich zu verbessern.<\/em><\/p>\n<\/div>\n<div><em>Meine Partnerin ist sehr nett und wir haben viele Dinge gemeinsam. Was mir am besten gef\u00e4llt, ist die Flexibilit\u00e4t, wir \u00e4ndern unsere Treffen nach unseren Bed\u00fcrfnissen. Wir helfen und korrigieren uns gegenseitig und ich lerne auch viel \u00fcber die deutsche Kultur. Ich hoffe, wir k\u00f6nnen weiterreden und \u00fcben.<\/em><\/div>\n<div><em>\u00a0<\/em><br \/>\n<em>Vielen Dank f\u00fcr die Gelegenheit.<\/em><\/div>\n<hr \/>\n<p><strong>Sch\u00fclerin aus dem B2.2:<\/strong><\/p>\n<p><em>Zuzanna ist eine super nette Tandempartnerin und wir haben viel gemeinsam. Ab der Minute, ab der uns kennenlernen hatten, sprachen wir \u00fcber uns, unseren Geschmack, unsere Hobbys\u2026, als w\u00fcrden wir einander seit Ewigkeiten kennen. Die Vorteile sind ganz klar, wir korrigieren uns, wir versuchen\/lernen besser Weisen, um etwas zu sagen, wir verstehen unsere Kultur oder wie die Gesellschaft funktioniert\u2026 Kurz gesagt, das Tandem ist eine sehr gute Chance, um eine neue Sprache zu lernen und \u00fcben, und ich bin froh, dass ich ein zweites Tandem gemacht habe.<\/em><\/p>\n<hr \/>\n<p><strong>Sch\u00fcler aus C1+:<\/strong><\/p>\n<div><em>Das Tandem-Erlebnis war supernett, ich hatte die M\u00f6glichkeit, neue Leute kennenzulernen und wir waren beide unterschiedlichen Alters und das war sehr interessant. Ich habe viel Neues gelernt, nicht nur von der Sprache her, aber auch \u00fcber Deutschland und wie in einer anderen Kultur und einem anderen Alter und in einem anderen Alter ein Thema anders gesehen wird. Sehr bereichernd und empfehlenswert.<\/em><\/div>\n<div>\u00a0<\/div>\n<div>\u00a0<\/div>\n<div>\u00a0<\/div>\n<div><em>Ich bin sehr zufrieden mit diesem Erlebnis und finde es total empfehlenswert. Man hat nicht nur die M\u00f6glichkeit, Deutsch zu \u00fcben, sondern auch mehr \u00fcber die deutsche Kultur kennenzulernen.<\/em><\/div>\n<div>\u00a0<\/div>\n","protected":false},"excerpt":{"rendered":"<p>Sprachtandem Deutsch-Spanisch\u00a0 \u00a0\u00a0\u00a0\u00a0\u00a0\u00a0\u00a0\u00a0\u00a0\u00a0\u00a0 Die Initiative des Sprachzentrums der Universit\u00e4t Bielefeld und der EOI Vall\u00e8s Oriental hat das Ziel, Spanischlerner und Deutschlerner in Verbindung zu bringen, damit sie in etwa f\u00fcnf Tandem-Sitzungen ihre Sprachkenntnisse verbessern k\u00f6nnen. Das Prinzip: &#8220;Du hilfst mir eine Sprache zu lernen, ich helfe dir eine Sprache zu lernen, und so verstehen wir [&hellip;]<\/p>\n","protected":false},"author":1,"featured_media":0,"parent":8214,"menu_order":0,"comment_status":"closed","ping_status":"closed","template":"page-templates\/side-menu.php","meta":{"_bbp_topic_count":0,"_bbp_reply_count":0,"_bbp_total_topic_count":0,"_bbp_total_reply_count":0,"_bbp_voice_count":0,"_bbp_anonymous_reply_count":0,"_bbp_topic_count_hidden":0,"_bbp_reply_count_hidden":0,"_bbp_forum_subforum_count":0,"site-sidebar-layout":"default","site-content-layout":"","ast-site-content-layout":"","site-content-style":"default","site-sidebar-style":"default","ast-global-header-display":"","ast-banner-title-visibility":"","ast-main-header-display":"","ast-hfb-above-header-display":"","ast-hfb-below-header-display":"","ast-hfb-mobile-header-display":"","site-post-title":"","ast-breadcrumbs-content":"","ast-featured-img":"","footer-sml-layout":"","theme-transparent-header-meta":"","adv-header-id-meta":"","stick-header-meta":"","header-above-stick-meta":"","header-main-stick-meta":"","header-below-stick-meta":"","astra-migrate-meta-layouts":"default","ast-page-background-enabled":"default","ast-page-background-meta":{"desktop":{"background-color":"var(--ast-global-color-4)","background-image":"","background-repeat":"repeat","background-position":"center center","background-size":"auto","background-attachment":"scroll","background-type":"","background-media":"","overlay-type":"","overlay-color":"","overlay-opacity":"","overlay-gradient":""},"tablet":{"background-color":"","background-image":"","background-repeat":"repeat","background-position":"center center","background-size":"auto","background-attachment":"scroll","background-type":"","background-media":"","overlay-type":"","overlay-color":"","overlay-opacity":"","overlay-gradient":""},"mobile":{"background-color":"","background-image":"","background-repeat":"repeat","background-position":"center center","background-size":"auto","background-attachment":"scroll","background-type":"","background-media":"","overlay-type":"","overlay-color":"","overlay-opacity":"","overlay-gradient":""}},"ast-content-background-meta":{"desktop":{"background-color":"var(--ast-global-color-5)","background-image":"","background-repeat":"repeat","background-position":"center center","background-size":"auto","background-attachment":"scroll","background-type":"","background-media":"","overlay-type":"","overlay-color":"","overlay-opacity":"","overlay-gradient":""},"tablet":{"background-color":"var(--ast-global-color-5)","background-image":"","background-repeat":"repeat","background-position":"center center","background-size":"auto","background-attachment":"scroll","background-type":"","background-media":"","overlay-type":"","overlay-color":"","overlay-opacity":"","overlay-gradient":""},"mobile":{"background-color":"var(--ast-global-color-5)","background-image":"","background-repeat":"repeat","background-position":"center center","background-size":"auto","background-attachment":"scroll","background-type":"","background-media":"","overlay-type":"","overlay-color":"","overlay-opacity":"","overlay-gradient":""}},"footnotes":""},"class_list":["post-9518","page","type-page","status-publish","hentry"],"post_mailing_queue_ids":[],"_links":{"self":[{"href":"https:\/\/agora-eoi.xtec.cat\/eoivallesoriental\/wp-json\/wp\/v2\/pages\/9518","targetHints":{"allow":["GET"]}}],"collection":[{"href":"https:\/\/agora-eoi.xtec.cat\/eoivallesoriental\/wp-json\/wp\/v2\/pages"}],"about":[{"href":"https:\/\/agora-eoi.xtec.cat\/eoivallesoriental\/wp-json\/wp\/v2\/types\/page"}],"author":[{"embeddable":true,"href":"https:\/\/agora-eoi.xtec.cat\/eoivallesoriental\/wp-json\/wp\/v2\/users\/1"}],"replies":[{"embeddable":true,"href":"https:\/\/agora-eoi.xtec.cat\/eoivallesoriental\/wp-json\/wp\/v2\/comments?post=9518"}],"version-history":[{"count":4,"href":"https:\/\/agora-eoi.xtec.cat\/eoivallesoriental\/wp-json\/wp\/v2\/pages\/9518\/revisions"}],"predecessor-version":[{"id":10139,"href":"https:\/\/agora-eoi.xtec.cat\/eoivallesoriental\/wp-json\/wp\/v2\/pages\/9518\/revisions\/10139"}],"up":[{"embeddable":true,"href":"https:\/\/agora-eoi.xtec.cat\/eoivallesoriental\/wp-json\/wp\/v2\/pages\/8214"}],"wp:attachment":[{"href":"https:\/\/agora-eoi.xtec.cat\/eoivallesoriental\/wp-json\/wp\/v2\/media?parent=9518"}],"curies":[{"name":"wp","href":"https:\/\/api.w.org\/{rel}","templated":true}]}}