{"id":9198,"date":"2021-12-23T16:45:24","date_gmt":"2021-12-23T15:45:24","guid":{"rendered":"https:\/\/agora-eoi.xtec.cat\/eoivallesoriental\/?page_id=9198"},"modified":"2025-09-23T20:46:48","modified_gmt":"2025-09-23T18:46:48","slug":"curs-c1-plus-dangles","status":"publish","type":"page","link":"https:\/\/agora-eoi.xtec.cat\/eoivallesoriental\/cursos-especials\/curs-c1-plus-dangles\/","title":{"rendered":"Curs C1 plus d&#8217;angl\u00e8s. Durant el curs 2025-26 l&#8217;escola no pot oferir aquest curs."},"content":{"rendered":"<p><img loading=\"lazy\" decoding=\"async\" class=\"alignright\" src=\"https:\/\/lh6.googleusercontent.com\/Ry5aPE7g82NpSxzBW4k-YMPpsc-aCPevc6xsriALG8FeDhx300JtKuaWcmukr0S0JYPF6kyXZGbRAqX3Jquisp-U4ZYGcK4g2TqMAyRzJ_qzkcYKRkldVymSeoHtlBD2Vd1WsbZj\" alt=\"\" width=\"188\" height=\"55\" \/><\/p>\n<p>&nbsp;<\/p>\n<p><span style=\"font-weight: 400;\">Angl\u00e8s C1+ curs 2024-25<\/span><\/p>\n<p><b>Professor<\/b><span style=\"font-weight: 400;\">:\u00a0 Ian Simpson<\/span><\/p>\n<p><b>Destinataris del curs<\/b><span style=\"font-weight: 400;\">: Cursos de perfeccionament de llengua C1+ adre\u00e7ats a persones interessades a mantenir i actualitzar el seu coneixement de l\u2019idioma, especialment pel que fa als aspectes productius, tant orals com escrits.\u00a0\u00a0<\/span><\/p>\n<p><b>Requisits<\/b><\/p>\n<p><span style=\"font-weight: 400;\">Per poder accedir a aquest curs, cal haver obtingut el nivell de llengua de C1 del\u00a0<\/span><i><span style=\"font-weight: 400;\">Marc europeu com\u00fa de refer\u00e8ncia<\/span><\/i><span style=\"font-weight: 400;\">\u00a0en un termini no superior a 4 anys a comptar des de la data de matr\u00edcula (cal adjuntar el document acreditatiu escanejat per formalitzar la matr\u00edcula del curs). En cas contrari, s\u2019haur\u00e0 de fer una prova de nivell<\/span><span style=\"font-weight: 400;\">.<\/span><\/p>\n<p><b>Durada<\/b><span style=\"font-weight: 400;\">:\u00a0 75 hores (30 sessions de 2,5 hores), del <\/span><span style=\"font-weight: 400;\">09\/10\/2024\u00a0 al 21\/05\/2025<\/span><\/p>\n<p><b>Horari:<\/b><span style=\"font-weight: 400;\">\u00a0 dimecres 18:30 &#8211; 21:00<\/span><\/p>\n<p><b>Lloc<\/b><span style=\"font-weight: 400;\">: M\u00e9teo\/ 1.2<\/span><\/p>\n<p><b>Objectius del curs<\/b><span style=\"font-weight: 400;\">:\u00a0<\/span><\/p>\n<p><span style=\"font-weight: 400;\">Consolidar i millorar la compet\u00e8ncia comunicativa, tant oral com escrita dels aprenents, tenint en compte aspectes d\u2019adequaci\u00f3 a situacions comunicatives complexes\u00a0 (registre i grau de formalitat, caracter\u00edstiques dels g\u00e8neres i tipologies textuals, q\u00fcestions socioculturals, etc.) aix\u00ed com de riquesa i d\u2019un alt nivell de correcci\u00f3 ling\u00fc\u00edstica.\u00a0<\/span><\/p>\n<p><span style=\"font-weight: 400;\">Consolidar i millorar la comprensi\u00f3 de textos orals i escrits de tem\u00e0tica i tipologia diversa.\u00a0<\/span><\/p>\n<p><b>Programa del curs<\/b><span style=\"font-weight: 400;\">:\u00a0<\/span><\/p>\n<p><span style=\"font-weight: 400;\">El curs es basar\u00e0 en:\u00a0<\/span><\/p>\n<p><b>Llibre de text:<\/b><\/p>\n<ol>\n<li>\n<p style=\"font-weight: 400;\">\u00a0<\/p>\n<table style=\"font-weight: 400; width: 32.7449%;\" width=\"374\">\n<tbody>\n<tr>\n<td style=\"width: 32.97%;\" width=\"92\">\n<p><strong>9798214371283<\/strong><\/p>\n<\/td>\n<td style=\"width: 88.5559%;\" width=\"283\">\n<p><strong>KEYNOTE ADVANCED A AL+EJ+SPARK<\/strong><\/p>\n<\/td>\n<\/tr>\n<\/tbody>\n<\/table>\n<\/li>\n<li style=\"font-weight: 400;\" aria-level=\"1\"><span style=\"font-weight: 400;\">projectes de producci\u00f3 de textos tant orals com escrits\u00a0<\/span><\/li>\n<\/ol>\n<p><span style=\"font-weight: 400;\">Introducci\u00f3 a funcions i continguts ling\u00fc\u00edstics, socioling\u00fc\u00edstics i discursius descrits en el nivell C2 del Marc Com\u00fa Europeu de Refer\u00e8ncia\u00a0<\/span><\/p>\n<p><b>Preu<\/b><span style=\"font-weight: 400;\">: 355 \u20ac (material no incl\u00f2s)\u00a0\u00a0<\/span><\/p>\n<p><b>Avaluaci\u00f3<\/b><span style=\"font-weight: 400;\">: Es far\u00e0 una avaluaci\u00f3 cont\u00ednua. Els alumnes faran un m\u00ednim de 3 presentacions orals i 3 tasques escrites durant el curs.\u00a0<\/span><\/p>\n<p><b>Certificat<\/b><span style=\"font-weight: 400;\">: En acabar el curs, es donar\u00e0 un certificat acreditatiu. Es requereix una assist\u00e8ncia del 80% per obtenir-lo.\u00a0\u00a0\u00a0\u00a0\u00a0\u00a0\u00a0\u00a0\u00a0\u00a0\u00a0\u00a0\u00a0\u00a0\u00a0\u00a0\u00a0\u00a0\u00a0\u00a0\u00a0\u00a0<\/span><\/p>\n<p><span style=\"font-weight: 400;\">Algunes universitats de Catalunya reconeixen aquest curs com a cr\u00e8dits d&#8217;idiomes de lliure elecci\u00f3. Adreceu-vos a les secretaries de les vostres facultats per confirmar-ne el reconeixement.\u00a0\u00a0\u00a0<\/span><\/p>\n<p><span style=\"font-weight: 400;\">Curs reconegut com a activitat de formaci\u00f3 permanent del professorat del Departament d\u2019Educaci\u00f3 de la Generalitat de Catalunya.<\/span><\/p>\n<p><b>Prova de Nivell<\/b><\/p>\n<p><span style=\"font-weight: 400;\">Totes aquelles persones\u00a0que no puguin acreditar el nivell C1 hauran de fer una prova de nivell escrita i una prova oral. Si la prova oral conclou que us situeu al nivell C1 podreu formalitzar la matr\u00edcula.<\/span><\/p>\n<p><b>Pre-Inscripci\u00f3 i Matr\u00edcula<\/b><span style=\"font-weight: 400;\">:<\/span><\/p>\n<p><span style=\"font-weight: 400;\">Cal fer preinscripci\u00f3 <\/span><a href=\"https:\/\/docs.google.com\/forms\/d\/1oPveaHbhyEcyhCAn5g4Z8nflR9W3jbW7DQ3P9ZtcG_w\/edit\"><span style=\"font-weight: 400;\">aqu\u00ed <\/span><\/a><span style=\"font-weight: 400;\">a partir del\u00a0 4 de setembre. Un cop revisada l\u2019acreditaci\u00f3 de nivell us farem arribar el full de pagament de matr\u00edcula segons l\u2019ordre de preinscripci\u00f3.\u00a0<\/span><\/p>\n<p><span style=\"font-weight: 400;\">Tan bon punt es cobreixin les places disponibles, nom\u00e9s us podreu inscriure a la llista d\u2019espera. Si queden places lliures, la matr\u00edcula restar\u00e0 oberta fins un cop iniciades les classes.\u00a0<\/span><\/p>\n<p><span style=\"font-weight: 400;\">Per a qualsevol problema o incid\u00e8ncia amb la matr\u00edcula, podeu contactar amb eoivallesoriental@xtec.cat<\/span><\/p>\n<p><b>Documentaci\u00f3 imprescindible per a la matr\u00edcula\u00a0<\/b><\/p>\n<p><span style=\"font-weight: 400;\">\u00c9s imprescindible adjuntar escanejada, en el moment de fer la preinscripci\u00f3, la documentaci\u00f3 sol\u00b7licitada al formulari (DNI i certificat acreditatiu de nivell C1, en cas de no haver-lo obtingut a l&#8217;EOI).<\/span><\/p>\n<p><b>Pagament<\/b><\/p>\n<p><span style=\"font-weight: 400;\">Cal fer el pagament a qualsevol caixer Servicaixa en un termini de 48 hores des del moment de formalitzada la matr\u00edcula.<\/span><\/p>\n<p><b>Informaci\u00f3 Addicional<\/b><\/p>\n<p><span style=\"font-weight: 400;\">L\u2019escola es reserva el dret d\u2019anul\u00b7lar el curs si no s\u2019arriba al m\u00ednim d\u2019alumnes establert.\u00a0<\/span><\/p>\n<p><span style=\"font-weight: 400;\">Nom\u00e9s es retornar\u00e0 l\u2019import de la matr\u00edcula en cas que s\u2019hagi d\u2019anul\u00b7lar un curs.<\/span><\/p>\n<p><b>NOTA<\/b><span style=\"font-weight: 400;\">: Totes les informacions d\u2019aquest fullet estan subjectes a possibles canvis.\u00a0\u00a0\u00a0\u00a0\u00a0<\/span><\/p>\n<p>&nbsp;<\/p>\n","protected":false},"excerpt":{"rendered":"<p>&nbsp; Angl\u00e8s C1+ curs 2024-25 Professor:\u00a0 Ian Simpson Destinataris del curs: Cursos de perfeccionament de llengua C1+ adre\u00e7ats a persones interessades a mantenir i actualitzar el seu coneixement de l\u2019idioma, especialment pel que fa als aspectes productius, tant orals com escrits.\u00a0\u00a0 Requisits Per poder accedir a aquest curs, cal haver obtingut el nivell de llengua [&hellip;]<\/p>\n","protected":false},"author":4,"featured_media":0,"parent":8158,"menu_order":5,"comment_status":"closed","ping_status":"closed","template":"page-templates\/side-menu.php","meta":{"_bbp_topic_count":0,"_bbp_reply_count":0,"_bbp_total_topic_count":0,"_bbp_total_reply_count":0,"_bbp_voice_count":0,"_bbp_anonymous_reply_count":0,"_bbp_topic_count_hidden":0,"_bbp_reply_count_hidden":0,"_bbp_forum_subforum_count":0,"site-sidebar-layout":"default","site-content-layout":"","ast-site-content-layout":"","site-content-style":"default","site-sidebar-style":"default","ast-global-header-display":"","ast-banner-title-visibility":"","ast-main-header-display":"","ast-hfb-above-header-display":"","ast-hfb-below-header-display":"","ast-hfb-mobile-header-display":"","site-post-title":"","ast-breadcrumbs-content":"","ast-featured-img":"","footer-sml-layout":"","theme-transparent-header-meta":"","adv-header-id-meta":"","stick-header-meta":"","header-above-stick-meta":"","header-main-stick-meta":"","header-below-stick-meta":"","astra-migrate-meta-layouts":"default","ast-page-background-enabled":"default","ast-page-background-meta":{"desktop":{"background-color":"var(--ast-global-color-4)","background-image":"","background-repeat":"repeat","background-position":"center center","background-size":"auto","background-attachment":"scroll","background-type":"","background-media":"","overlay-type":"","overlay-color":"","overlay-opacity":"","overlay-gradient":""},"tablet":{"background-color":"","background-image":"","background-repeat":"repeat","background-position":"center center","background-size":"auto","background-attachment":"scroll","background-type":"","background-media":"","overlay-type":"","overlay-color":"","overlay-opacity":"","overlay-gradient":""},"mobile":{"background-color":"","background-image":"","background-repeat":"repeat","background-position":"center center","background-size":"auto","background-attachment":"scroll","background-type":"","background-media":"","overlay-type":"","overlay-color":"","overlay-opacity":"","overlay-gradient":""}},"ast-content-background-meta":{"desktop":{"background-color":"var(--ast-global-color-5)","background-image":"","background-repeat":"repeat","background-position":"center center","background-size":"auto","background-attachment":"scroll","background-type":"","background-media":"","overlay-type":"","overlay-color":"","overlay-opacity":"","overlay-gradient":""},"tablet":{"background-color":"var(--ast-global-color-5)","background-image":"","background-repeat":"repeat","background-position":"center center","background-size":"auto","background-attachment":"scroll","background-type":"","background-media":"","overlay-type":"","overlay-color":"","overlay-opacity":"","overlay-gradient":""},"mobile":{"background-color":"var(--ast-global-color-5)","background-image":"","background-repeat":"repeat","background-position":"center center","background-size":"auto","background-attachment":"scroll","background-type":"","background-media":"","overlay-type":"","overlay-color":"","overlay-opacity":"","overlay-gradient":""}},"footnotes":""},"class_list":["post-9198","page","type-page","status-publish","hentry"],"post_mailing_queue_ids":[],"_links":{"self":[{"href":"https:\/\/agora-eoi.xtec.cat\/eoivallesoriental\/wp-json\/wp\/v2\/pages\/9198","targetHints":{"allow":["GET"]}}],"collection":[{"href":"https:\/\/agora-eoi.xtec.cat\/eoivallesoriental\/wp-json\/wp\/v2\/pages"}],"about":[{"href":"https:\/\/agora-eoi.xtec.cat\/eoivallesoriental\/wp-json\/wp\/v2\/types\/page"}],"author":[{"embeddable":true,"href":"https:\/\/agora-eoi.xtec.cat\/eoivallesoriental\/wp-json\/wp\/v2\/users\/4"}],"replies":[{"embeddable":true,"href":"https:\/\/agora-eoi.xtec.cat\/eoivallesoriental\/wp-json\/wp\/v2\/comments?post=9198"}],"version-history":[{"count":7,"href":"https:\/\/agora-eoi.xtec.cat\/eoivallesoriental\/wp-json\/wp\/v2\/pages\/9198\/revisions"}],"predecessor-version":[{"id":11587,"href":"https:\/\/agora-eoi.xtec.cat\/eoivallesoriental\/wp-json\/wp\/v2\/pages\/9198\/revisions\/11587"}],"up":[{"embeddable":true,"href":"https:\/\/agora-eoi.xtec.cat\/eoivallesoriental\/wp-json\/wp\/v2\/pages\/8158"}],"wp:attachment":[{"href":"https:\/\/agora-eoi.xtec.cat\/eoivallesoriental\/wp-json\/wp\/v2\/media?parent=9198"}],"curies":[{"name":"wp","href":"https:\/\/api.w.org\/{rel}","templated":true}]}}