{"id":8370,"date":"2016-06-13T13:38:46","date_gmt":"2016-06-13T12:38:46","guid":{"rendered":"http:\/\/agora-eoi.xtec.cat\/eoivallesoriental\/?page_id=8370"},"modified":"2026-02-10T12:16:06","modified_gmt":"2026-02-10T11:16:06","slug":"instancies-i-solicituts","status":"publish","type":"page","link":"https:\/\/agora-eoi.xtec.cat\/eoivallesoriental\/secretaria\/instancies-i-solicituts\/","title":{"rendered":"Inst\u00e0ncies i sol\u00b7licituds"},"content":{"rendered":"<p>1. Llegiu atentament les explicacions espec\u00edfiques del tr\u00e0mit que us interessa fer.<br \/>\n2. Cliqueu a sobre del\u00a0<em>nom del tr\u00e0mit<\/em> \u00a0per emplenar el formulari corresponent, imprimiu-lo i feu-lo arribar a l&#8217;escola (escanejant per email o presencialment).<\/p>\n<p><strong><em><a href=\"https:\/\/docs.google.com\/document\/d\/1NaqXX0Fv3YleBCs2vvAtxtvnz3nSe57o\/edit?usp=sharing&amp;ouid=116814586944466941593&amp;rtpof=true&amp;sd=true\" target=\"_blank\" rel=\"noopener\">Inst\u00e0ncia General:<\/a><\/em><\/strong> (cal que l&#8217;obriu amb google docs)<\/p>\n<p><strong><em><a href=\"https:\/\/agora-eoi.xtec.cat\/eoivallesoriental\/wp-content\/uploads\/usu2249\/2021\/12\/Model-canvi-horari-1.pdf\" target=\"_blank\" rel=\"noopener\">Canvi horari:<\/a><\/em><\/strong><\/p>\n<p style=\"padding-left: 40px;\">Cal justificar que hi ha hagut\u00a0un canvi de circumst\u00e0ncies vitals posterior a la data de matr\u00edcula\u00a0que impedeix l\u2019alumne\/a d\u2019assistir al seu horari de classes.<br \/>\nUn cop enviada la petici\u00f3, s\u2019inclou en una llista d\u2019espera.<\/p>\n<p style=\"padding-left: 40px;\">Un cop tancat el termini per demanar canvi horari, la direcci\u00f3 de l&#8217;escola decideix si s&#8217;accepta el canvi horari. En aquest cas, l\u2019alumne\/a rebr\u00e0 un correu electr\u00f2nic amb el nou horari per tal que es pugui incorporar a classe. En cas de resposta negativa, l\u2019alumne\/a rebr\u00e0 un correu electr\u00f2nic amb la no acceptaci\u00f3 del canvi horari.<\/p>\n<p><em><a href=\"https:\/\/web.gencat.cat\/ca\/tramits\/tramits-temes\/devolucio-ingressos-indeguts\">Ren\u00fancia amb retorn de taxes<\/a>:<\/em><\/p>\n<p style=\"padding-left: 40px;\">Consulteu al calendari escolar la data l\u00edmit per al retorn de taxes de matr\u00edcula. No s&#8217;acceptaran sol\u00b7licituds m\u00e9s enll\u00e0 de la data l\u00edmit establerta.<\/p>\n<p>\u00a0 \u00a0 \u00a0 \u00a0 \u00a0Aquest tr\u00e0mit es pot fer de dues maneres:<\/p>\n<ul>\n<li style=\"list-style-type: none;\">\n<ul>\n<li style=\"list-style-type: none;\">\n<ul>\n<li>De manera telem\u00e0tica: a trav\u00e9s de l&#8217;enlla\u00e7 al <strong><em><a href=\"https:\/\/web.gencat.cat\/ca\/tramits\/tramits-temes\/devolucio-ingressos-indeguts\" target=\"_blank\" rel=\"noopener\">web del Departament d&#8217;Educaci\u00f3<\/a>.<\/em><\/strong> (recomanat)<\/li>\n<li>En format paper: cal omplir aquesta<em><strong> <a href=\"https:\/\/agora-eoi.xtec.cat\/eoivallesoriental\/wp-content\/uploads\/usu2249\/2024\/06\/A1404_Formulari-renuncia-EOI-en-paper.pdf\" target=\"_blank\" rel=\"noopener\">sol\u00b7licitud<\/a> <\/strong><\/em>i retornar-la a l&#8217;EOI i adjuntar la documentaci\u00f3 necess\u00e0ria (full de matr\u00edcula i resguard de pagament)<\/li>\n<\/ul>\n<\/li>\n<\/ul>\n<\/li>\n<\/ul>\n<p>En cas de no rebre resposta un cop enviada la sol\u00b7licitud, podeu informar-vos sobre la situaci\u00f3 del vostre expedient a la b\u00fastia de contacte a la web del Departament d&#8217;Educaci\u00f3, on hi ha els enlla\u00e7os que permeten fer el seguiment de les gestions des de l&#8217;apartat Estat de les meves gestions, de l&#8217;\u00c0rea privada i tamb\u00e9 el formulari per enviar consultes, queixes i suggeriments (CGS).<\/p>\n<p><strong><em><a href=\"https:\/\/agora-eoi.xtec.cat\/eoivallesoriental\/wp-content\/uploads\/usu2249\/2022\/10\/Model-renuncia-matricula-curs.pdf\" target=\"_blank\" rel=\"noopener\">Ren\u00fancia<\/a> <\/em><\/strong>(sense dret a retorn de taxes):<\/p>\n<p style=\"padding-left: 40px;\">La ren\u00fancia sense dret a retorn de taxes es pot fer fins a finals del mes de Novembre.<\/p>\n<p style=\"padding-left: 40px;\">La ren\u00fancia\u00a0no computa a efectes de repetici\u00f3\u00a0i l\u2019alumne\u00a0mant\u00e9 la prioritat per matricular-se\u00a0com a antic alumne al seg\u00fcent any acad\u00e8mic.<\/p>\n<p style=\"padding-left: 40px;\">Un cop acceptada la ren\u00fancia per part de l\u2019EOI Vall\u00e8s Oriental, l\u2019alumne\u00a0ja no podr\u00e0 assistir a classe.<\/p>\n<p style=\"padding-left: 40px;\">Si un alumne\u00a0abandona\u00a0el curs sense que es formalitzi l\u2019acceptaci\u00f3 d\u2019una ren\u00fancia,\u00a0tindr\u00e0, a tots els efectes, la\u00a0consideraci\u00f3 de \u201cno presentat\u201d i, es\u00a0computar\u00e0 el curs a efectes de repetici\u00f3.<\/p>\n<p><strong><em><a href=\"https:\/\/agora-eoi.xtec.cat\/eoivallesoriental\/wp-content\/uploads\/usu2249\/2022\/07\/Sollicitud-de-trasllat-dexpedient-1.pdf\">Sol\u00b7licitud de trasllat d&#8217;expedient<\/a><\/em><\/strong><\/p>\n<p style=\"padding-left: 40px;\">En el cas de demanar un trasllat des de l&#8217;EOI Vall\u00e8s Oriental a una altra escola, cal informar-se de les condicions d\u2019admissi\u00f3 a l\u2019EOI de destinaci\u00f3 abans de sol\u00b7licitar el trasllat, ja que aquestes canvien segons l\u2019escola.<\/p>\n<p style=\"padding-left: 40px;\">Un cop enviada la sol\u00b7licitud a l&#8217;EOI Vall\u00e8s Oriental, aquesta la trametr\u00e0 directament a l\u2019escola de destinaci\u00f3.<\/p>\n<p style=\"padding-left: 40px;\">El termini per a presentar la sol\u00b7licitud de trasllat de la matr\u00edcula viva de l&#8217;any escolar en curs \u00e9s el 30 d&#8217;abril.<\/p>\n<p>Devoluci\u00f3 de taxes:<\/p>\n<p style=\"padding-left: 40px;\">Consulteu al calendari escolar la data l\u00edmit per al retorn de taxes de matr\u00edcula.<\/p>\n<p>\u00a0 \u00a0 \u00a0 \u00a0 \u00a0\u00c9s convenient fer aquest tr\u00e0mit per via telem\u00e0tica al <em><strong><a href=\"https:\/\/web.gencat.cat\/ca\/tramits\/tramits-temes\/devolucio-ingressos-indeguts\" target=\"_blank\" rel=\"noopener\">web del Departament d&#8217;Educaci\u00f3<\/a>.<\/strong><\/em><\/p>\n<ul>\n<li style=\"list-style-type: none;\">\n<ul>\n<li style=\"list-style-type: none;\">\n<ul>\n<li style=\"list-style-type: none;\">\n<ul>\n<li style=\"list-style-type: none;\">\n<ul>\n<li style=\"list-style-type: none;\">\n<ul>\n<li style=\"list-style-type: none;\">\n<ul>\n<li style=\"list-style-type: none;\">\n<ul>\n<li style=\"list-style-type: none;\">\n<ul>\n<li style=\"list-style-type: none;\">\n<ul>\n<li style=\"list-style-type: none;\">\n<ul>\n<li style=\"list-style-type: none;\">\n<ul>\n<li style=\"list-style-type: none;\">\n<ul>\n<li style=\"list-style-type: none;\">\n<ul>\n<li><em><strong><a href=\"https:\/\/documents.espai.educacio.gencat.cat\/FormularisModels\/GestioEconomica\/A677.pdf\" target=\"_blank\" rel=\"noopener\">sol\u00b7licitud<\/a><\/strong><\/em><\/li>\n<\/ul>\n<\/li>\n<\/ul>\n<\/li>\n<\/ul>\n<\/li>\n<\/ul>\n<\/li>\n<\/ul>\n<\/li>\n<\/ul>\n<\/li>\n<\/ul>\n<\/li>\n<\/ul>\n<\/li>\n<\/ul>\n<\/li>\n<\/ul>\n<\/li>\n<\/ul>\n<\/li>\n<\/ul>\n<\/li>\n<\/ul>\n<\/li>\n<\/ul>\n<p><strong><em><a href=\"https:\/\/agora-eoi.xtec.cat\/eoivallesoriental\/wp-content\/uploads\/usu2249\/2021\/12\/Sollicitud_convocatria_addicional-1-1.pdf\" target=\"_blank\" rel=\"noopener\">Convocat\u00f2ria addicional:<\/a><\/em><\/strong><\/p>\n<p style=\"padding-left: 40px;\">Dins de cada nivell \u2014b\u00e0sic A2, intermedi B1, intermedi B2\u00a0 i C1\u2014, l\u2019alumnat t\u00e9 dret a romandre matriculat en el r\u00e8gim d\u2019ensenyament oficial, modalitat presencial, durant un m\u00e0xim de cursos acad\u00e8mics equivalents al doble dels cursos de qu\u00e8 consta el nivell per a l\u2019idioma corresponent. El nivell b\u00e0sic A2\u00a0 i l&#8217;intermedi B2 es compr\u00e8n cada un de dos cursos, per tant, es pot romandre en el nivell b\u00e0sic A2 o intermedi B2 quatre anys. El nivell intermedi B1 i el C1 es fan en un curs, per tant, es poden cursar en dos anys.<\/p>\n<div dir=\"ltr\">\n<table style=\"width: 53.3158%;\" border=\"1\">\n<colgroup>\n<col width=\"107\" \/>\n<col width=\"82\" \/>\n<col width=\"101\" \/>\n<col width=\"267\" \/><\/colgroup>\n<tbody>\n<tr>\n<td style=\"width: 18.8811%; text-align: center;\">\n<p dir=\"ltr\">Idiomes<\/p>\n<\/td>\n<td style=\"width: 14.3357%; text-align: center;\">\n<p dir=\"ltr\">Nivells<\/p>\n<\/td>\n<td style=\"width: 17.8322%; text-align: center;\">\n<p dir=\"ltr\">Cursos per nivell<\/p>\n<\/td>\n<td style=\"width: 47.028%; text-align: center;\">\n<p dir=\"ltr\">M\u00e0xim de vegades que es pot matricular en aquest nivell<\/p>\n<\/td>\n<\/tr>\n<tr>\n<td style=\"width: 18.8811%; text-align: center;\">\n<p dir=\"ltr\">ALEMANY I ANGL\u00c8S<\/p>\n<\/td>\n<td style=\"width: 14.3357%; text-align: center;\">\n<p dir=\"ltr\">b\u00e0sic<\/p>\n<p dir=\"ltr\">A2<\/p>\n<\/td>\n<td style=\"width: 17.8322%; text-align: center;\">\n<p dir=\"ltr\">2 \u00a0(1r i 2n)<\/p>\n<\/td>\n<td style=\"width: 47.028%; text-align: center;\">\n<p dir=\"ltr\">4<\/p>\n<\/td>\n<\/tr>\n<tr>\n<td style=\"width: 18.8811%; text-align: center;\"><\/td>\n<td style=\"width: 14.3357%; text-align: center;\">\n<p dir=\"ltr\">intermedi B1<\/p>\n<\/td>\n<td style=\"width: 17.8322%; text-align: center;\">\n<p dir=\"ltr\">\u00a0 1 (3r)<\/p>\n<\/td>\n<td style=\"width: 47.028%; text-align: center;\">\n<p dir=\"ltr\">2<\/p>\n<\/td>\n<\/tr>\n<tr>\n<td style=\"width: 18.8811%; text-align: center;\"><\/td>\n<td style=\"width: 14.3357%; text-align: center;\">\n<p dir=\"ltr\">intermedi<\/p>\n<p dir=\"ltr\">B2<\/p>\n<\/td>\n<td style=\"width: 17.8322%; text-align: center;\">\n<p dir=\"ltr\">2 (4t i 5\u00e8)<\/p>\n<\/td>\n<td style=\"width: 47.028%; text-align: center;\">\n<p dir=\"ltr\">4<\/p>\n<\/td>\n<\/tr>\n<tr>\n<td style=\"width: 18.8811%; text-align: center;\"><\/td>\n<td style=\"width: 14.3357%; text-align: center;\">\n<p dir=\"ltr\">C1<\/p>\n<\/td>\n<td style=\"width: 17.8322%; text-align: center;\">\n<p dir=\"ltr\">1 (C1)<\/p>\n<\/td>\n<td style=\"width: 47.028%; text-align: center;\">\n<p dir=\"ltr\">2<\/p>\n<\/td>\n<\/tr>\n<\/tbody>\n<\/table>\n<\/div>\n<p style=\"padding-left: 40px;\">En casos excepcionals i justificats documentalment, la direcci\u00f3 de l\u2019escola podria autoritzar una convocat\u00f2ria addicional per nivell (b\u00e0sic A2, intermedi B1, intermedi B2, C1) sempre que no representi fer el mateix curs per quarta vegada.<\/p>\n<p><a href=\"https:\/\/agora-eoi.xtec.cat\/eoivallesoriental\/wp-content\/uploads\/usu2249\/2024\/02\/Model-sol.licitud-adaptacions-3.pdf\"><em><strong>Adaptacions de proves finals\u00a0<\/strong><\/em><\/a><\/p>\n<p><span style=\"font-weight: 400;\">Aquells candidats que, per dificultats espec\u00edfiques acreditades documentalment, requereixen unes condicions especials per fer les proves finals poden demanar una sol\u00b7licitud d\u2019adaptaci\u00f3 de les mateixes. <\/span><span style=\"font-weight: 400;\">Podeu trobar m\u00e9s informaci\u00f3 sobre les adaptacions de les proves <\/span><a href=\"https:\/\/educacio.gencat.cat\/ca\/serveis-tramits\/proves\/proves-lliures-obtencio-titols\/convocat-ordinaria-idiomes\/necessitats-especifiques\/\"><span style=\"font-weight: 400;\">aqu\u00ed<\/span><\/a><span style=\"font-weight: 400;\">.<\/span><\/p>\n<p><span style=\"font-weight: 400;\">Les sol\u00b7licituds d\u2019adaptaci\u00f3 de les proves finals s\u2019hauran de presentar per escrit, fent-hi constar els motius al\u00b7legats i el tipus d\u2019adaptaci\u00f3 sol\u00b7licitat a Secretaria (2a planta) o per correu electr\u00f2nic a eoivallesoriental@xtec.cat. <\/span><span style=\"font-weight: 400;\">Les sol\u00b7licituds hauran d\u2019anar acompanyades de la documentaci\u00f3 justificativa corresponent. La resoluci\u00f3 de la sol\u00b7licitud d\u2019adaptaci\u00f3 es comunicar\u00e0 per escrit.<\/span><\/p>\n<p><span style=\"font-weight: 400;\">Per a tots els candidats, lliures i oficials, cal haver entregat tota la documentaci\u00f3 acreditativa no m\u00e9s tard del 27 de mar\u00e7 de 2026.<\/span><\/p>\n<p><span style=\"font-weight: 400;\">Per accedir al formulari, cliqueu <strong><em><a href=\"https:\/\/agora-eoi.xtec.cat\/eoivallesoriental\/wp-content\/uploads\/usu2249\/2024\/02\/Model-sol.licitud-adaptacions-3.pdf\">aqu\u00ed<\/a><\/em><\/strong><\/span><strong>.<\/strong><\/p>\n<p><strong><em><a href=\"https:\/\/agora-eoi.xtec.cat\/eoivallesoriental\/wp-content\/uploads\/usu2249\/2021\/12\/SOLLICITUD-TTOL-OFICIAL-1.pdf\" target=\"_blank\" rel=\"noopener\">Expedici\u00f3 de t\u00edtols:<\/a><\/em><\/strong><\/p>\n<p><span style=\"font-size: 28px;\"><strong>A. Nivell b\u00e0sic A2 i nivell intermedi B1<\/strong><\/span><\/p>\n<p><strong>Qui pot sol\u00b7licitar el t\u00edtol d&#8217;A2 i B1?\u00a0<\/strong><\/p>\n<p>L\u2019alumnat que hagi superat el 2n curs obt\u00e9 el Certificat de nivell b\u00e0sic (A2).<br \/>\nL\u2019alumnat oficial de 3r o els candidats o candidates lliures que hagin superat les proves corresponents obtenen el Certificat de nivell intermedi (B1).<\/p>\n<p><strong>Com es fa la sol\u00b7licitud?\u00a0<\/strong><\/p>\n<p>Es pot sol\u00b7licitar a eoivallesoriental@xtec.cat a partir del 1 de juliol.<\/p>\n<p><span style=\"font-size: 28px;\"><strong>B. Nivells intermedi B2 i avan\u00e7at C1\u00a0<\/strong><\/span><\/p>\n<p>Els Certificats dels nivells Intermedi B2 i de nivell avan\u00e7at C1 i C2 els expedeix el Departament d\u2019Educaci\u00f3 pr\u00e8via sol\u00b7licitud i abonament de les taxes corresponents.<\/p>\n<p><strong>Qui pot sol\u00b7licitar el t\u00edtol de B2 i C1?\u00a0<\/strong><br \/>\n&#8211; Les persones que han aprovat la prova a la convocat\u00f2ria extraordin\u00e0ria del mes de febrer.<\/p>\n<p><span style=\"font-size: revert; color: initial;\">&#8211; <\/span><span style=\"font-size: revert; color: initial;\">Les persones que han aprovat la prova a la convocat\u00f2ria ordin\u00e0ria del mes de juny.\u00a0\u00a0<\/span><\/p>\n<p><strong>Com es fa la sol\u00b7licitud?\u00a0<\/strong><\/p>\n<p>L&#8217;alumnat ha de fer tot el tr\u00e0mit online a trav\u00e9s del seg\u00fcent enlla\u00e7: <a href=\"https:\/\/objenv.gencat.cat\/v4\/public\/estadisticas\/link\/gencat_educacio\/2489\/2\/28049\/c0fa433ee96a693ea1afa6e761fd1be4\/\" target=\"_blank\" rel=\"noopener\" data-saferedirecturl=\"https:\/\/www.google.com\/url?q=https:\/\/objenv.gencat.cat\/v4\/public\/estadisticas\/link\/gencat_educacio\/2489\/2\/28049\/c0fa433ee96a693ea1afa6e761fd1be4\/&amp;source=gmail&amp;ust=1770720963413000&amp;usg=AOvVaw3fZlnc9WKGQVpVnPiDTism\">tr\u00e0mit en l\u00ednia<\/a>, per tal que s&#8217;expedeixi, es dupliqui o s&#8217;actualitzi el seu t\u00edtol o certificat d&#8217;idiomes.<\/p>\n<p><strong>TIPUS DE TAXES<\/strong> (Certificats de nivell intermedi B2 i avan\u00e7at C1 \u2013 2023\/2024)<\/p>\n<ul>\n<li>Ordin\u00e0ria: 78,00 \u20ac<\/li>\n<li>Fam\u00edlies nombroses generals o monoparentals: 39,00 \u20ac<\/li>\n<li>Fam\u00edlies nombroses de categoria especial: Exempts<\/li>\n<li>Discapacitat igual o superior al 33%: Exempts<\/li>\n<\/ul>\n","protected":false},"excerpt":{"rendered":"<p>1. Llegiu atentament les explicacions espec\u00edfiques del tr\u00e0mit que us interessa fer. 2. Cliqueu a sobre del\u00a0nom del tr\u00e0mit \u00a0per emplenar el formulari corresponent, imprimiu-lo i feu-lo arribar a l&#8217;escola (escanejant per email o presencialment). Inst\u00e0ncia General: (cal que l&#8217;obriu amb google docs) Canvi horari: Cal justificar que hi ha hagut\u00a0un canvi de circumst\u00e0ncies vitals [&hellip;]<\/p>\n","protected":false},"author":1,"featured_media":0,"parent":8358,"menu_order":3,"comment_status":"closed","ping_status":"closed","template":"","meta":{"_bbp_topic_count":0,"_bbp_reply_count":0,"_bbp_total_topic_count":0,"_bbp_total_reply_count":0,"_bbp_voice_count":0,"_bbp_anonymous_reply_count":0,"_bbp_topic_count_hidden":0,"_bbp_reply_count_hidden":0,"_bbp_forum_subforum_count":0,"site-sidebar-layout":"default","site-content-layout":"","ast-site-content-layout":"default","site-content-style":"default","site-sidebar-style":"default","ast-global-header-display":"","ast-banner-title-visibility":"","ast-main-header-display":"","ast-hfb-above-header-display":"","ast-hfb-below-header-display":"","ast-hfb-mobile-header-display":"","site-post-title":"","ast-breadcrumbs-content":"","ast-featured-img":"","footer-sml-layout":"","theme-transparent-header-meta":"","adv-header-id-meta":"","stick-header-meta":"","header-above-stick-meta":"","header-main-stick-meta":"","header-below-stick-meta":"","astra-migrate-meta-layouts":"set","ast-page-background-enabled":"default","ast-page-background-meta":{"desktop":{"background-color":"var(--ast-global-color-4)","background-image":"","background-repeat":"repeat","background-position":"center center","background-size":"auto","background-attachment":"scroll","background-type":"","background-media":"","overlay-type":"","overlay-color":"","overlay-opacity":"","overlay-gradient":""},"tablet":{"background-color":"","background-image":"","background-repeat":"repeat","background-position":"center center","background-size":"auto","background-attachment":"scroll","background-type":"","background-media":"","overlay-type":"","overlay-color":"","overlay-opacity":"","overlay-gradient":""},"mobile":{"background-color":"","background-image":"","background-repeat":"repeat","background-position":"center center","background-size":"auto","background-attachment":"scroll","background-type":"","background-media":"","overlay-type":"","overlay-color":"","overlay-opacity":"","overlay-gradient":""}},"ast-content-background-meta":{"desktop":{"background-color":"var(--ast-global-color-5)","background-image":"","background-repeat":"repeat","background-position":"center center","background-size":"auto","background-attachment":"scroll","background-type":"","background-media":"","overlay-type":"","overlay-color":"","overlay-opacity":"","overlay-gradient":""},"tablet":{"background-color":"var(--ast-global-color-5)","background-image":"","background-repeat":"repeat","background-position":"center center","background-size":"auto","background-attachment":"scroll","background-type":"","background-media":"","overlay-type":"","overlay-color":"","overlay-opacity":"","overlay-gradient":""},"mobile":{"background-color":"var(--ast-global-color-5)","background-image":"","background-repeat":"repeat","background-position":"center center","background-size":"auto","background-attachment":"scroll","background-type":"","background-media":"","overlay-type":"","overlay-color":"","overlay-opacity":"","overlay-gradient":""}},"footnotes":""},"class_list":["post-8370","page","type-page","status-publish","hentry"],"post_mailing_queue_ids":[],"_links":{"self":[{"href":"https:\/\/agora-eoi.xtec.cat\/eoivallesoriental\/wp-json\/wp\/v2\/pages\/8370","targetHints":{"allow":["GET"]}}],"collection":[{"href":"https:\/\/agora-eoi.xtec.cat\/eoivallesoriental\/wp-json\/wp\/v2\/pages"}],"about":[{"href":"https:\/\/agora-eoi.xtec.cat\/eoivallesoriental\/wp-json\/wp\/v2\/types\/page"}],"author":[{"embeddable":true,"href":"https:\/\/agora-eoi.xtec.cat\/eoivallesoriental\/wp-json\/wp\/v2\/users\/1"}],"replies":[{"embeddable":true,"href":"https:\/\/agora-eoi.xtec.cat\/eoivallesoriental\/wp-json\/wp\/v2\/comments?post=8370"}],"version-history":[{"count":6,"href":"https:\/\/agora-eoi.xtec.cat\/eoivallesoriental\/wp-json\/wp\/v2\/pages\/8370\/revisions"}],"predecessor-version":[{"id":11693,"href":"https:\/\/agora-eoi.xtec.cat\/eoivallesoriental\/wp-json\/wp\/v2\/pages\/8370\/revisions\/11693"}],"up":[{"embeddable":true,"href":"https:\/\/agora-eoi.xtec.cat\/eoivallesoriental\/wp-json\/wp\/v2\/pages\/8358"}],"wp:attachment":[{"href":"https:\/\/agora-eoi.xtec.cat\/eoivallesoriental\/wp-json\/wp\/v2\/media?parent=8370"}],"curies":[{"name":"wp","href":"https:\/\/api.w.org\/{rel}","templated":true}]}}