{"id":8185,"date":"2016-06-09T14:29:49","date_gmt":"2016-06-09T13:29:49","guid":{"rendered":"http:\/\/agora-eoi.xtec.cat\/eoivallesoriental\/?page_id=8185"},"modified":"2025-09-02T10:43:55","modified_gmt":"2025-09-02T08:43:55","slug":"alemany","status":"publish","type":"page","link":"https:\/\/agora-eoi.xtec.cat\/eoivallesoriental\/alemany\/","title":{"rendered":"Alemany"},"content":{"rendered":"<table style=\"border-collapse: collapse; width: 100%; height: 327px;\">\n<tbody>\n<tr style=\"height: 199px;\">\n<td style=\"width: 100%; height: 199px;\">\n<p style=\"font-family: 'Helvetica Neue', Helvetica, Helvetica, Arial, sans-serif; font-size: 16px;\" data-start=\"1019\" data-end=\"1181\">A l\u2019<strong data-start=\"1023\" data-end=\"1071\">Escola Oficial d\u2019Idiomes del Vall\u00e8s Oriental<\/strong>\u00a0pots aprendre alemany des de zero fins a un nivell avan\u00e7at. Oferim cursos dels nivells:<\/p>\n<ul style=\"font-size: 16px; font-family: 'Helvetica Neue', Helvetica, Helvetica, Arial, sans-serif;\" data-start=\"1182\" data-end=\"1400\">\n<li data-start=\"1182\" data-end=\"1253\">\n<p data-start=\"1184\" data-end=\"1253\"><strong data-start=\"1184\" data-end=\"1195\">A1 i A2<\/strong>: per comen\u00e7ar a comunicar-te en situacions quotidianes.<\/p>\n<\/li>\n<li data-start=\"1254\" data-end=\"1326\">\n<p data-start=\"1256\" data-end=\"1326\"><strong data-start=\"1256\" data-end=\"1275\">B1, B2.1 i B2.2<\/strong>: per assolir flu\u00efdesa i seguretat en la llengua.<\/p>\n<\/li>\n<li data-start=\"1327\" data-end=\"1400\">\n<p data-start=\"1329\" data-end=\"1400\"><strong data-start=\"1329\" data-end=\"1335\">C1<\/strong>: per dominar l\u2019alemany en contextos acad\u00e8mics i professionals.<\/p>\n<\/li>\n<\/ul>\n<\/td>\n<\/tr>\n<tr style=\"height: 32px;\">\n<td style=\"width: 100%; height: 32px;\">\n<p>&nbsp;<\/p>\n<p><span style=\"font-size: 16px;\"><strong>\ud83d\udc65 Equip docent:<\/strong> Maria Jos\u00e9 Fabregat, Cristina Galbany, Joana Gonz\u00e1lez i Marianne Schiffels.<\/span><\/p>\n<\/td>\n<\/tr>\n<tr style=\"height: 32px;\">\n<td style=\"width: 100%; height: 32px;\">\n<p>&nbsp;<\/p>\n<p><span style=\"font-size: 16px;\">\ud83d\udd53 <strong>Hor\u00e0ris i modalitats:<\/strong> Les classes s\u00f3n de <strong data-start=\"1424\" data-end=\"1448\">4 h 30 min setmanals<\/strong>, repartides en dos dies (dilluns i dimecres, o dimarts i dijous). Alguns d&#8217;aquests cursos<\/span><span style=\"font-size: 16px;\"> s&#8217;ofereixen en modalitat semipresencial.<\/span><\/p>\n<\/td>\n<\/tr>\n<tr style=\"height: 32px;\">\n<td style=\"width: 100%; height: 32px;\">\n<p>&nbsp;<\/p>\n<p><span style=\"font-size: 16px;\">\ud83c\udf0d<strong> Activitats complement\u00e0ries<\/strong>: Oferim als nostres alumnes l&#8217;opci\u00f3 de participar en intercanvis ling\u00fc\u00edstics (t\u00e0ndems) via Zoom amb estudiants d&#8217;espanyol de la<\/span><span style=\"font-size: 16px;\"> Universitat de Bielefeld.<\/span><\/p>\n<\/td>\n<\/tr>\n<tr style=\"height: 32px;\">\n<td style=\"width: 100%; height: 32px;\">\n<p>&nbsp;<\/p>\n<p><span style=\"font-size: 16px;\"><strong>\ud83d\udce7 Contacte: <\/strong>\u00a0Marianne Schiffels (Cap del Departament d&#8217;Alemany)<br \/>\n<\/span><span style=\"font-size: 16px;\"><strong>\u00a0 \u00a0 \u00a0 Correu electr\u00f2nic: <a href=\"mailto:alemany@eoivallesoriental.net\">alemany@eoivallesoriental.net<\/a><\/strong><\/span><\/p>\n<p>&nbsp;<\/p>\n<\/td>\n<\/tr>\n<\/tbody>\n<\/table>\n<p data-start=\"1329\" data-end=\"1400\">\u00a0<\/p>\n<p style=\"font-weight: 400;\">\u00a0<\/p>\n<p data-start=\"1402\" data-end=\"1630\">\u00a0<\/p>\n<p>&nbsp;<\/p>\n<p style=\"font-weight: 400;\">\u00a0<\/p>\n<p>&nbsp;<\/p>\n<p>&nbsp;<\/p>\n<p style=\"font-weight: 400;\">\u00a0<\/p>\n","protected":false},"excerpt":{"rendered":"<p>A l\u2019Escola Oficial d\u2019Idiomes del Vall\u00e8s Oriental\u00a0pots aprendre alemany des de zero fins a un nivell avan\u00e7at. Oferim cursos dels nivells: A1 i A2: per comen\u00e7ar a comunicar-te en situacions quotidianes. B1, B2.1 i B2.2: per assolir flu\u00efdesa i seguretat en la llengua. C1: per dominar l\u2019alemany en contextos acad\u00e8mics i professionals. &nbsp; \ud83d\udc65 Equip [&hellip;]<\/p>\n","protected":false},"author":1,"featured_media":0,"parent":0,"menu_order":10,"comment_status":"closed","ping_status":"closed","template":"page-templates\/side-menu.php","meta":{"_bbp_topic_count":0,"_bbp_reply_count":0,"_bbp_total_topic_count":0,"_bbp_total_reply_count":0,"_bbp_voice_count":0,"_bbp_anonymous_reply_count":0,"_bbp_topic_count_hidden":0,"_bbp_reply_count_hidden":0,"_bbp_forum_subforum_count":0,"site-sidebar-layout":"default","site-content-layout":"","ast-site-content-layout":"","site-content-style":"default","site-sidebar-style":"default","ast-global-header-display":"","ast-banner-title-visibility":"","ast-main-header-display":"","ast-hfb-above-header-display":"","ast-hfb-below-header-display":"","ast-hfb-mobile-header-display":"","site-post-title":"","ast-breadcrumbs-content":"","ast-featured-img":"","footer-sml-layout":"","theme-transparent-header-meta":"","adv-header-id-meta":"","stick-header-meta":"","header-above-stick-meta":"","header-main-stick-meta":"","header-below-stick-meta":"","astra-migrate-meta-layouts":"default","ast-page-background-enabled":"default","ast-page-background-meta":{"desktop":{"background-color":"var(--ast-global-color-4)","background-image":"","background-repeat":"repeat","background-position":"center center","background-size":"auto","background-attachment":"scroll","background-type":"","background-media":"","overlay-type":"","overlay-color":"","overlay-opacity":"","overlay-gradient":""},"tablet":{"background-color":"","background-image":"","background-repeat":"repeat","background-position":"center center","background-size":"auto","background-attachment":"scroll","background-type":"","background-media":"","overlay-type":"","overlay-color":"","overlay-opacity":"","overlay-gradient":""},"mobile":{"background-color":"","background-image":"","background-repeat":"repeat","background-position":"center center","background-size":"auto","background-attachment":"scroll","background-type":"","background-media":"","overlay-type":"","overlay-color":"","overlay-opacity":"","overlay-gradient":""}},"ast-content-background-meta":{"desktop":{"background-color":"var(--ast-global-color-5)","background-image":"","background-repeat":"repeat","background-position":"center center","background-size":"auto","background-attachment":"scroll","background-type":"","background-media":"","overlay-type":"","overlay-color":"","overlay-opacity":"","overlay-gradient":""},"tablet":{"background-color":"var(--ast-global-color-5)","background-image":"","background-repeat":"repeat","background-position":"center center","background-size":"auto","background-attachment":"scroll","background-type":"","background-media":"","overlay-type":"","overlay-color":"","overlay-opacity":"","overlay-gradient":""},"mobile":{"background-color":"var(--ast-global-color-5)","background-image":"","background-repeat":"repeat","background-position":"center center","background-size":"auto","background-attachment":"scroll","background-type":"","background-media":"","overlay-type":"","overlay-color":"","overlay-opacity":"","overlay-gradient":""}},"footnotes":""},"class_list":["post-8185","page","type-page","status-publish","hentry"],"post_mailing_queue_ids":[],"_links":{"self":[{"href":"https:\/\/agora-eoi.xtec.cat\/eoivallesoriental\/wp-json\/wp\/v2\/pages\/8185","targetHints":{"allow":["GET"]}}],"collection":[{"href":"https:\/\/agora-eoi.xtec.cat\/eoivallesoriental\/wp-json\/wp\/v2\/pages"}],"about":[{"href":"https:\/\/agora-eoi.xtec.cat\/eoivallesoriental\/wp-json\/wp\/v2\/types\/page"}],"author":[{"embeddable":true,"href":"https:\/\/agora-eoi.xtec.cat\/eoivallesoriental\/wp-json\/wp\/v2\/users\/1"}],"replies":[{"embeddable":true,"href":"https:\/\/agora-eoi.xtec.cat\/eoivallesoriental\/wp-json\/wp\/v2\/comments?post=8185"}],"version-history":[{"count":7,"href":"https:\/\/agora-eoi.xtec.cat\/eoivallesoriental\/wp-json\/wp\/v2\/pages\/8185\/revisions"}],"predecessor-version":[{"id":11524,"href":"https:\/\/agora-eoi.xtec.cat\/eoivallesoriental\/wp-json\/wp\/v2\/pages\/8185\/revisions\/11524"}],"wp:attachment":[{"href":"https:\/\/agora-eoi.xtec.cat\/eoivallesoriental\/wp-json\/wp\/v2\/media?parent=8185"}],"curies":[{"name":"wp","href":"https:\/\/api.w.org\/{rel}","templated":true}]}}