{"id":8161,"date":"2016-06-08T16:52:40","date_gmt":"2016-06-08T15:52:40","guid":{"rendered":"http:\/\/agora-eoi.xtec.cat\/eoivallesoriental\/?page_id=8161"},"modified":"2026-09-03T10:16:57","modified_gmt":"2026-09-03T08:16:57","slug":"matricula","status":"publish","type":"page","link":"https:\/\/agora-eoi.xtec.cat\/eoivallesoriental\/secretaria\/matricula\/","title":{"rendered":"Preinscripci\u00f3, Matr\u00edcula i Preus"},"content":{"rendered":"<p><strong><span style=\"text-decoration: underline;\">Preinscripci\u00f3 i matr\u00edcula Alumnat nou<\/span><\/strong><\/p>\n<ul>\n<li>\n<p>La preinscripci\u00f3 per al nou alumnat i posterior matr\u00edcula als cursos ordinaris s\u2019organitza de forma centralitzada des del web del Departament d\u2019Educaci\u00f3. Aqu\u00ed trobar\u00e0s tota la informaci\u00f3 sobre el proc\u00e9s de preinscripci\u00f3.<\/p>\n<ul class=\"wp-block-list\">\n<li><a href=\"https:\/\/preinscripcio.gencat.cat\/ca\/estudis\/idiomes-eoi\/inici\/\" data-type=\"link\" data-id=\"https:\/\/preinscripcio.gencat.cat\/ca\/estudis\/idiomes-eoi\/inici\/\">Preinscripci\u00f3 d\u2019alumnat nou\u00a0<strong>del 31 d\u2019agost al 7 de setembre del 2026<\/strong>\u00a0<\/a>\u00a0<\/li>\n<li><a href=\"https:\/\/agora-eoi.xtec.cat\/eoivallesoriental\/wp-content\/uploads\/usu2249\/2026\/07\/eoi-10-eoi.pdf\" target=\"_blank\" rel=\"noreferrer noopener\">Infografia sobre el proc\u00e9s de preinscripci\u00f3<\/a><\/li>\n<li><a href=\"https:\/\/www.eoidigital.com\/eoicat\/alumnes\/\" target=\"_blank\" rel=\"noreferrer noopener\">Enlla\u00e7 preinscripci\u00f3 i matr\u00edcula<\/a>\u00a0(actiu a partir del 31 d\u2019agost a les 09:00)\n<ul class=\"wp-block-list\">\n<li><a href=\"https:\/\/docs.google.com\/document\/d\/1NgJW1wNvXf-C8T5KJsocK1-XOXgKnytKWcn3eYL0cVw\/edit?usp=sharing\" target=\"_blank\" rel=\"noreferrer noopener\">Taxes i preus p\u00fablics<\/a><\/li>\n<li><a href=\"https:\/\/agora-eoi.xtec.cat\/eoivallesoriental\/alemany\/horaris-professorat\/\" target=\"_blank\" rel=\"noreferrer noopener\">Horaris dels cursos d\u2019alemany<\/a><\/li>\n<li><a href=\"https:\/\/agora-eoi.xtec.cat\/eoivallesoriental\/angles\/horaris\/\" target=\"_blank\" rel=\"noreferrer noopener\">Horaris dels cursos d\u2019angl\u00e8s<\/a><\/li>\n<li><a href=\"https:\/\/agora-eoi.xtec.cat\/eoivallesoriental\/general\/document-calendari-24-25\/\" target=\"_blank\" rel=\"noreferrer noopener\">Calendari del curs<\/a><\/li>\n<\/ul>\n<\/li>\n<li><strong>Novetat<\/strong>: Aquest any el professorat pot convocar a una prova oral a l\u2019alumnat, si considera que necessita m\u00e9s dades per tal d\u2019anivellar correctament aquest alumnat<\/li>\n<\/ul>\n<\/li>\n<\/ul>\n<p><span style=\"text-decoration: underline;\"><strong style=\"font-size: revert; color: var(--ast-global-color-3); background-color: var(--ast-global-color-5); text-decoration: underline;\">Matr\u00edcula candidats lliures<\/strong><\/span><\/p>\n<p>El proc\u00e9s de preinscripci\u00f3 i matr\u00edcula dels candidats lliures a les proves de certificats es fa de manera centralitzada <a href=\"https:\/\/triaeducativa.gencat.cat\/ca\/proves\/proves-lliures\/certificats-idiomes\/\">al web del Departament d&#8217;Educaci\u00f3.<\/a><\/p>\n<h6><span style=\"text-decoration: underline;\">Alumnat que vol convalidar l&#8217;assignatura amb els seus estudis d&#8217;ESO o batxillerat<\/span><\/h6>\n<ul>\n<li><span style=\"text-decoration: underline;\"><a href=\"https:\/\/agora-eoi.xtec.cat\/eoivallesoriental\/convalidacions-de-materies-de-leso-i-el-batxillerat-per-a-alumnes-que-cursen-llengues-estrangeres-simultaniament-en-una-eoi\/\">Informaci\u00f3 important<\/a><\/span><\/li>\n<\/ul>\n<p><span style=\"text-decoration: underline;\"><strong>Matr\u00edcula d&#8217;actualitzaci\u00f3 de coneixements<\/strong><\/span><\/p>\n<p>Les persones que ja hagin cursat i superat amb anterioritat cursos de les escoles oficials d&#8217;idiomes, i que vulguin actualitzar-ne els coneixements, poden sol\u00b7licitar matricular-se en l&#8217;\u00faltim curs fet o en qualsevol dels cursos inferiors.<\/p>\n<p>Tamb\u00e9 poden inscriure&#8217;s en un curs d&#8217;actualitzaci\u00f3 els i les alumnes que hagin cursat i superat amb anterioritat cursos d&#8217;A1 i A2 als centres de formaci\u00f3 d&#8217;adults. Igualment, poden inscriure&#8217;s en cursos d&#8217;actualitzaci\u00f3 les persones que s&#8217;hagin presentat a les proves lliures i hagin obtingut el certificat corresponent en els mateixos termes.<\/p>\n<p>La sol\u00b7licitud per a aquest tipus de matr\u00edcula s&#8217;ha de presentar al centre una vegada finalitzat el per\u00edode d&#8217;admissi\u00f3, i nom\u00e9s s&#8217;admet si hi ha vacants en el curs i l&#8217;idioma sol\u00b7licitat. La sol\u00b7licitud \u00e9s v\u00e0lida \u00fanicament per al curs acad\u00e8mic en qu\u00e8 se sol\u00b7licita i s&#8217;ha de tornar a presentar per a cursos acad\u00e8mics posteriors, si l&#8217;alumne o alumna vol.<\/p>\n<p>Aquest tipus de matr\u00edcula no t\u00e9 efectes acad\u00e8mics ni dona lloc a cap certificat oficial. La qualificaci\u00f3 que es fa constar a l&#8217;expedient acad\u00e8mic de l&#8217;alumne o alumna \u00e9s de \u201cno qualificat\/ada\u201d.<\/p>\n<p>En el cas dels cursos que condueixen a l&#8217;obtenci\u00f3 d&#8217;un certificat, els alumnes en aquesta situaci\u00f3 acad\u00e8mica no tenen dret a sol\u00b7licitar una nova expedici\u00f3 del certificat obtingut anteriorment, per\u00f2 poden sol\u00b7licitar un certificat d&#8217;actualitzaci\u00f3 al centre on estiguin matriculats.<br \/>Pel que fa al preu del servei, aquests alumnes han de pagar la taxa o el preu p\u00fablic corresponent, sense penalitzaci\u00f3 per repetici\u00f3.<\/p>\n<p>Durant un mateix curs acad\u00e8mic no es pot simultaniejar una matr\u00edcula ordin\u00e0ria als ensenyaments presencials amb una matr\u00edcula d&#8217;actualitzaci\u00f3 del mateix idioma.<\/p>\n\n\n<p>Si esteu interessats en fer un curs d&#8217;actualitzaci\u00f3 d&#8217;un curs ja superat, ompliu si us plau el seg\u00fcent <a href=\"https:\/\/docs.google.com\/forms\/d\/e\/1FAIpQLSckVqxFug0F37xxNcqHFYTrALYyJeoOLWYur_HrhvQCOi89zQ\/viewform?pli=1\" data-type=\"link\" data-id=\"https:\/\/docs.google.com\/forms\/d\/e\/1FAIpQLSckVqxFug0F37xxNcqHFYTrALYyJeoOLWYur_HrhvQCOi89zQ\/viewform?pli=1\">q\u00fcestionari <\/a>i us contactarem una vegada finalitzat el per\u00edode de preinscripci\u00f3 i matr\u00edcula, sempre que hi hagi vacants en el curs i l&#8217;idioma sol\u00b7licitat.<\/p>\n\n\n\n<p><\/p>\n","protected":false},"excerpt":{"rendered":"<p>Preinscripci\u00f3 i matr\u00edcula Alumnat nou La preinscripci\u00f3 per al nou alumnat i posterior matr\u00edcula als cursos ordinaris s\u2019organitza de forma centralitzada des del web del Departament d\u2019Educaci\u00f3. Aqu\u00ed trobar\u00e0s tota la informaci\u00f3 sobre el proc\u00e9s de preinscripci\u00f3. Preinscripci\u00f3 d\u2019alumnat nou\u00a0del 31 d\u2019agost al 7 de setembre del 2026\u00a0\u00a0 Infografia sobre el proc\u00e9s de preinscripci\u00f3 Enlla\u00e7 [&hellip;]<\/p>\n","protected":false},"author":1,"featured_media":0,"parent":8358,"menu_order":2,"comment_status":"closed","ping_status":"closed","template":"","meta":{"_bbp_topic_count":0,"_bbp_reply_count":0,"_bbp_total_topic_count":0,"_bbp_total_reply_count":0,"_bbp_voice_count":0,"_bbp_anonymous_reply_count":0,"_bbp_topic_count_hidden":0,"_bbp_reply_count_hidden":0,"_bbp_forum_subforum_count":0,"site-sidebar-layout":"default","site-content-layout":"","ast-site-content-layout":"default","site-content-style":"default","site-sidebar-style":"default","ast-global-header-display":"","ast-banner-title-visibility":"","ast-main-header-display":"","ast-hfb-above-header-display":"","ast-hfb-below-header-display":"","ast-hfb-mobile-header-display":"","site-post-title":"","ast-breadcrumbs-content":"","ast-featured-img":"","footer-sml-layout":"","theme-transparent-header-meta":"","adv-header-id-meta":"","stick-header-meta":"","header-above-stick-meta":"","header-main-stick-meta":"","header-below-stick-meta":"","astra-migrate-meta-layouts":"set","ast-page-background-enabled":"default","ast-page-background-meta":{"desktop":{"background-color":"var(--ast-global-color-4)","background-image":"","background-repeat":"repeat","background-position":"center center","background-size":"auto","background-attachment":"scroll","background-type":"","background-media":"","overlay-type":"","overlay-color":"","overlay-opacity":"","overlay-gradient":""},"tablet":{"background-color":"","background-image":"","background-repeat":"repeat","background-position":"center center","background-size":"auto","background-attachment":"scroll","background-type":"","background-media":"","overlay-type":"","overlay-color":"","overlay-opacity":"","overlay-gradient":""},"mobile":{"background-color":"","background-image":"","background-repeat":"repeat","background-position":"center center","background-size":"auto","background-attachment":"scroll","background-type":"","background-media":"","overlay-type":"","overlay-color":"","overlay-opacity":"","overlay-gradient":""}},"ast-content-background-meta":{"desktop":{"background-color":"var(--ast-global-color-5)","background-image":"","background-repeat":"repeat","background-position":"center center","background-size":"auto","background-attachment":"scroll","background-type":"","background-media":"","overlay-type":"","overlay-color":"","overlay-opacity":"","overlay-gradient":""},"tablet":{"background-color":"var(--ast-global-color-5)","background-image":"","background-repeat":"repeat","background-position":"center center","background-size":"auto","background-attachment":"scroll","background-type":"","background-media":"","overlay-type":"","overlay-color":"","overlay-opacity":"","overlay-gradient":""},"mobile":{"background-color":"var(--ast-global-color-5)","background-image":"","background-repeat":"repeat","background-position":"center center","background-size":"auto","background-attachment":"scroll","background-type":"","background-media":"","overlay-type":"","overlay-color":"","overlay-opacity":"","overlay-gradient":""}},"footnotes":""},"class_list":["post-8161","page","type-page","status-publish","hentry"],"post_mailing_queue_ids":[],"_links":{"self":[{"href":"https:\/\/agora-eoi.xtec.cat\/eoivallesoriental\/wp-json\/wp\/v2\/pages\/8161","targetHints":{"allow":["GET"]}}],"collection":[{"href":"https:\/\/agora-eoi.xtec.cat\/eoivallesoriental\/wp-json\/wp\/v2\/pages"}],"about":[{"href":"https:\/\/agora-eoi.xtec.cat\/eoivallesoriental\/wp-json\/wp\/v2\/types\/page"}],"author":[{"embeddable":true,"href":"https:\/\/agora-eoi.xtec.cat\/eoivallesoriental\/wp-json\/wp\/v2\/users\/1"}],"replies":[{"embeddable":true,"href":"https:\/\/agora-eoi.xtec.cat\/eoivallesoriental\/wp-json\/wp\/v2\/comments?post=8161"}],"version-history":[{"count":5,"href":"https:\/\/agora-eoi.xtec.cat\/eoivallesoriental\/wp-json\/wp\/v2\/pages\/8161\/revisions"}],"predecessor-version":[{"id":12347,"href":"https:\/\/agora-eoi.xtec.cat\/eoivallesoriental\/wp-json\/wp\/v2\/pages\/8161\/revisions\/12347"}],"up":[{"embeddable":true,"href":"https:\/\/agora-eoi.xtec.cat\/eoivallesoriental\/wp-json\/wp\/v2\/pages\/8358"}],"wp:attachment":[{"href":"https:\/\/agora-eoi.xtec.cat\/eoivallesoriental\/wp-json\/wp\/v2\/media?parent=8161"}],"curies":[{"name":"wp","href":"https:\/\/api.w.org\/{rel}","templated":true}]}}

Preinscripció, Matrícula i Preus

<p><strong><span style="text-decoration: underline;">Preinscripció i matrícula Alumnat nou</span></strong></p>
<ul>
<li>
<p>La preinscripció per al nou alumnat i posterior matrícula als cursos ordinaris s’organitza de forma centralitzada des del web del Departament d’Educació. Aquí trobaràs tota la informació sobre el procés de preinscripció.</p>
<ul class="wp-block-list">
<li><a href="https://preinscripcio.gencat.cat/ca/estudis/idiomes-eoi/inici/" data-type="link" data-id="https://preinscripcio.gencat.cat/ca/estudis/idiomes-eoi/inici/">Preinscripció d’alumnat nou <strong>del 31 d’agost al 7 de setembre del 2026</strong> </a> </li>
<li><a href="https://agora-eoi.xtec.cat/eoivallesoriental/wp-content/uploads/usu2249/2026/07/eoi-10-eoi.pdf" target="_blank" rel="noreferrer noopener">Infografia sobre el procés de preinscripció</a></li>
<li><a href="https://www.eoidigital.com/eoicat/alumnes/" target="_blank" rel="noreferrer noopener">Enllaç preinscripció i matrícula</a> (actiu a partir del 31 d’agost a les 09:00)
<ul class="wp-block-list">
<li><a href="https://docs.google.com/document/d/1NgJW1wNvXf-C8T5KJsocK1-XOXgKnytKWcn3eYL0cVw/edit?usp=sharing" target="_blank" rel="noreferrer noopener">Taxes i preus públics</a></li>
<li><a href="https://agora-eoi.xtec.cat/eoivallesoriental/alemany/horaris-professorat/" target="_blank" rel="noreferrer noopener">Horaris dels cursos d’alemany</a></li>
<li><a href="https://agora-eoi.xtec.cat/eoivallesoriental/angles/horaris/" target="_blank" rel="noreferrer noopener">Horaris dels cursos d’anglès</a></li>
<li><a href="https://agora-eoi.xtec.cat/eoivallesoriental/general/document-calendari-24-25/" target="_blank" rel="noreferrer noopener">Calendari del curs</a></li>
</ul>
</li>
<li><strong>Novetat</strong>: Aquest any el professorat pot convocar a una prova oral a l’alumnat, si considera que necessita més dades per tal d’anivellar correctament aquest alumnat</li>
</ul>
</li>
</ul>
<p><span style="text-decoration: underline;"><strong style="font-size: revert; color: var(--ast-global-color-3); background-color: var(--ast-global-color-5); text-decoration: underline;">Matrícula candidats lliures</strong></span></p>
<p>El procés de preinscripció i matrícula dels candidats lliures a les proves de certificats es fa de manera centralitzada <a href="https://triaeducativa.gencat.cat/ca/proves/proves-lliures/certificats-idiomes/">al web del Departament d&#8217;Educació.</a></p>
<h6><span style="text-decoration: underline;">Alumnat que vol convalidar l&#8217;assignatura amb els seus estudis d&#8217;ESO o batxillerat</span></h6>
<ul>
<li><span style="text-decoration: underline;"><a href="https://agora-eoi.xtec.cat/eoivallesoriental/convalidacions-de-materies-de-leso-i-el-batxillerat-per-a-alumnes-que-cursen-llengues-estrangeres-simultaniament-en-una-eoi/">Informació important</a></span></li>
</ul>
<p><span style="text-decoration: underline;"><strong>Matrícula d&#8217;actualització de coneixements</strong></span></p>
<p>Les persones que ja hagin cursat i superat amb anterioritat cursos de les escoles oficials d&#8217;idiomes, i que vulguin actualitzar-ne els coneixements, poden sol·licitar matricular-se en l&#8217;últim curs fet o en qualsevol dels cursos inferiors.</p>
<p>També poden inscriure&#8217;s en un curs d&#8217;actualització els i les alumnes que hagin cursat i superat amb anterioritat cursos d&#8217;A1 i A2 als centres de formació d&#8217;adults. Igualment, poden inscriure&#8217;s en cursos d&#8217;actualització les persones que s&#8217;hagin presentat a les proves lliures i hagin obtingut el certificat corresponent en els mateixos termes.</p>
<p>La sol·licitud per a aquest tipus de matrícula s&#8217;ha de presentar al centre una vegada finalitzat el període d&#8217;admissió, i només s&#8217;admet si hi ha vacants en el curs i l&#8217;idioma sol·licitat. La sol·licitud és vàlida únicament per al curs acadèmic en què se sol·licita i s&#8217;ha de tornar a presentar per a cursos acadèmics posteriors, si l&#8217;alumne o alumna vol.</p>
<p>Aquest tipus de matrícula no té efectes acadèmics ni dona lloc a cap certificat oficial. La qualificació que es fa constar a l&#8217;expedient acadèmic de l&#8217;alumne o alumna és de “no qualificat/ada”.</p>
<p>En el cas dels cursos que condueixen a l&#8217;obtenció d&#8217;un certificat, els alumnes en aquesta situació acadèmica no tenen dret a sol·licitar una nova expedició del certificat obtingut anteriorment, però poden sol·licitar un certificat d&#8217;actualització al centre on estiguin matriculats.<br />Pel que fa al preu del servei, aquests alumnes han de pagar la taxa o el preu públic corresponent, sense penalització per repetició.</p>
<p>Durant un mateix curs acadèmic no es pot simultaniejar una matrícula ordinària als ensenyaments presencials amb una matrícula d&#8217;actualització del mateix idioma.</p>


<p>Si esteu interessats en fer un curs d&#8217;actualització d&#8217;un curs ja superat, ompliu si us plau el següent <a href="https://docs.google.com/forms/d/e/1FAIpQLSckVqxFug0F37xxNcqHFYTrALYyJeoOLWYur_HrhvQCOi89zQ/viewform?pli=1" data-type="link" data-id="https://docs.google.com/forms/d/e/1FAIpQLSckVqxFug0F37xxNcqHFYTrALYyJeoOLWYur_HrhvQCOi89zQ/viewform?pli=1">qüestionari </a>i us contactarem una vegada finalitzat el període de preinscripció i matrícula, sempre que hi hagi vacants en el curs i l&#8217;idioma sol·licitat.</p>



<p></p>

<p>Preinscripció i matrícula Alumnat nou La preinscripció per al nou alumnat i posterior matrícula als cursos ordinaris s’organitza de forma centralitzada des del web del Departament d’Educació. Aquí trobaràs tota la informació sobre el procés de preinscripció. Preinscripció d’alumnat nou del 31 d’agost al 7 de setembre del 2026   Infografia sobre el procés de preinscripció Enllaç [&hellip;]</p>
