{"id":8934,"date":"2026-03-23T12:33:38","date_gmt":"2026-03-23T11:33:38","guid":{"rendered":"http:\/\/agora-eoi.xtec.cat\/eoitortosa\/?page_id=8934"},"modified":"2026-03-23T13:05:22","modified_gmt":"2026-03-23T12:05:22","slug":"direccio","status":"publish","type":"page","link":"https:\/\/agora-eoi.xtec.cat\/eoitortosa\/el-servei-educatiu\/presentacio\/direccio\/","title":{"rendered":"Direcci\u00f3"},"content":{"rendered":"<h3>Equip directiu<\/h3>\n<p>&nbsp;<\/p>\n<p><strong>Directora<\/strong>: Carlota Vall\u00e8s Ferr\u00e9 &#8211; <a href=\"https:\/\/drive.google.com\/file\/d\/1-PvJMWNEs2kPAIcJOwx2LnbVI44TEQFu\/view?usp=sharing\" target=\"_blank\" rel=\"noopener\">Perfil i traject\u00f2ria professional<\/a><\/p>\n<p><strong>Secret\u00e0ria<\/strong>: Eva Cid Aranda &#8211; <a href=\"https:\/\/drive.google.com\/file\/d\/1_3tlADwLsBsnAgq1FxYDqqVg0eCM1hP2\/view?usp=sharing\" target=\"_blank\" rel=\"noopener\">Perfil i traject\u00f2ria professional<\/a><\/p>\n<p><strong>Cap d&#8217;Estudis<\/strong>: Fernando Romeu Esquerr\u00e9 &#8211; <a href=\"https:\/\/drive.google.com\/file\/d\/1xJKhcU6mqcJLxJabAmx6nvo-S-JAFJSl\/view?usp=sharing\" target=\"_blank\" rel=\"noopener\">Perfil i traject\u00f2ria professional<\/a><\/p>\n<p>&nbsp;<\/p>\n<p><b>HORARI D\u2019ATENCI\u00d3 AL P\u00daBLIC DE L\u2019EQUIP DIRECTIU<\/b><\/p>\n<p><b>Directora \u2013\u00a0 <\/b><span style=\"font-weight: 400;\">\u00a0Dimarts de 10:00 a 11:00<\/span><\/p>\n<p><b>Secret\u00e0ria \u2013\u00a0 <\/b><span style=\"font-weight: 400;\">Dimecres d\u201911:00 a 12:00<\/span><\/p>\n<p><b>Cap d&#8217;estudis \u2013 <\/b><span style=\"font-weight: 400;\">\u00a0Dilluns de 12:00 a 13:00<\/span><\/p>\n<p>&nbsp;<\/p>\n","protected":false},"excerpt":{"rendered":"<p>Equip directiu &nbsp; Directora: Carlota Vall\u00e8s Ferr\u00e9 &#8211; Perfil i traject\u00f2ria professional Secret\u00e0ria: Eva Cid Aranda &#8211; Perfil i traject\u00f2ria professional Cap d&#8217;Estudis: Fernando Romeu Esquerr\u00e9 &#8211; Perfil i traject\u00f2ria professional &nbsp; HORARI D\u2019ATENCI\u00d3 AL P\u00daBLIC DE L\u2019EQUIP DIRECTIU Directora \u2013\u00a0 \u00a0Dimarts de 10:00 a 11:00 Secret\u00e0ria \u2013\u00a0 Dimecres d\u201911:00 a 12:00 Cap d&#8217;estudis \u2013 [&hellip;]<\/p>\n","protected":false},"author":1,"featured_media":0,"parent":797,"menu_order":0,"comment_status":"closed","ping_status":"closed","template":"","meta":{"_bbp_topic_count":0,"_bbp_reply_count":0,"_bbp_total_topic_count":0,"_bbp_total_reply_count":0,"_bbp_voice_count":0,"_bbp_anonymous_reply_count":0,"_bbp_topic_count_hidden":0,"_bbp_reply_count_hidden":0,"_bbp_forum_subforum_count":0,"site-sidebar-layout":"default","site-content-layout":"","ast-site-content-layout":"default","site-content-style":"default","site-sidebar-style":"default","ast-global-header-display":"","ast-banner-title-visibility":"","ast-main-header-display":"","ast-hfb-above-header-display":"","ast-hfb-below-header-display":"","ast-hfb-mobile-header-display":"","site-post-title":"","ast-breadcrumbs-content":"","ast-featured-img":"","footer-sml-layout":"","theme-transparent-header-meta":"default","adv-header-id-meta":"","stick-header-meta":"","header-above-stick-meta":"","header-main-stick-meta":"","header-below-stick-meta":"","astra-migrate-meta-layouts":"set","ast-page-background-enabled":"default","ast-page-background-meta":{"desktop":{"background-color":"var(--ast-global-color-4)","background-image":"","background-repeat":"repeat","background-position":"center center","background-size":"auto","background-attachment":"scroll","background-type":"","background-media":"","overlay-type":"","overlay-color":"","overlay-opacity":"","overlay-gradient":""},"tablet":{"background-color":"","background-image":"","background-repeat":"repeat","background-position":"center center","background-size":"auto","background-attachment":"scroll","background-type":"","background-media":"","overlay-type":"","overlay-color":"","overlay-opacity":"","overlay-gradient":""},"mobile":{"background-color":"","background-image":"","background-repeat":"repeat","background-position":"center center","background-size":"auto","background-attachment":"scroll","background-type":"","background-media":"","overlay-type":"","overlay-color":"","overlay-opacity":"","overlay-gradient":""}},"ast-content-background-meta":{"desktop":{"background-color":"var(--ast-global-color-5)","background-image":"","background-repeat":"repeat","background-position":"center center","background-size":"auto","background-attachment":"scroll","background-type":"","background-media":"","overlay-type":"","overlay-color":"","overlay-opacity":"","overlay-gradient":""},"tablet":{"background-color":"var(--ast-global-color-5)","background-image":"","background-repeat":"repeat","background-position":"center center","background-size":"auto","background-attachment":"scroll","background-type":"","background-media":"","overlay-type":"","overlay-color":"","overlay-opacity":"","overlay-gradient":""},"mobile":{"background-color":"var(--ast-global-color-5)","background-image":"","background-repeat":"repeat","background-position":"center center","background-size":"auto","background-attachment":"scroll","background-type":"","background-media":"","overlay-type":"","overlay-color":"","overlay-opacity":"","overlay-gradient":""}},"footnotes":""},"class_list":["post-8934","page","type-page","status-publish","hentry"],"post_mailing_queue_ids":[],"_links":{"self":[{"href":"https:\/\/agora-eoi.xtec.cat\/eoitortosa\/wp-json\/wp\/v2\/pages\/8934","targetHints":{"allow":["GET"]}}],"collection":[{"href":"https:\/\/agora-eoi.xtec.cat\/eoitortosa\/wp-json\/wp\/v2\/pages"}],"about":[{"href":"https:\/\/agora-eoi.xtec.cat\/eoitortosa\/wp-json\/wp\/v2\/types\/page"}],"author":[{"embeddable":true,"href":"https:\/\/agora-eoi.xtec.cat\/eoitortosa\/wp-json\/wp\/v2\/users\/1"}],"replies":[{"embeddable":true,"href":"https:\/\/agora-eoi.xtec.cat\/eoitortosa\/wp-json\/wp\/v2\/comments?post=8934"}],"version-history":[{"count":6,"href":"https:\/\/agora-eoi.xtec.cat\/eoitortosa\/wp-json\/wp\/v2\/pages\/8934\/revisions"}],"predecessor-version":[{"id":11438,"href":"https:\/\/agora-eoi.xtec.cat\/eoitortosa\/wp-json\/wp\/v2\/pages\/8934\/revisions\/11438"}],"up":[{"embeddable":true,"href":"https:\/\/agora-eoi.xtec.cat\/eoitortosa\/wp-json\/wp\/v2\/pages\/797"}],"wp:attachment":[{"href":"https:\/\/agora-eoi.xtec.cat\/eoitortosa\/wp-json\/wp\/v2\/media?parent=8934"}],"curies":[{"name":"wp","href":"https:\/\/api.w.org\/{rel}","templated":true}]}}