{"id":8448,"date":"2025-09-01T16:22:09","date_gmt":"2025-09-01T14:22:09","guid":{"rendered":"http:\/\/agora-eoi.xtec.cat\/eoitortosa\/?page_id=8448"},"modified":"2025-09-01T17:21:01","modified_gmt":"2025-09-01T15:21:01","slug":"carnet-destudiant","status":"publish","type":"page","link":"https:\/\/agora-eoi.xtec.cat\/eoitortosa\/serveis\/carnet-destudiant\/","title":{"rendered":"Carnet d&#8217;estudiant"},"content":{"rendered":"<p>Us podeu imprimir aquest\u00a0<a href=\"https:\/\/drive.google.com\/file\/d\/1i2MecMSacPuLp8TmZO9Truxm2ymctGew\/view?usp=sharing\">carnet de l&#8217;alumne<\/a>. Perqu\u00e8 sigui v\u00e0lid, l&#8217;heu de portar a la secretaria de l&#8217;EOI de Tortosa, on us hi posaran el segell de l&#8217;escola.<\/p>\n<p><strong>\u00c9s important que deseu el fitxer a l&#8217;escriptori, en una unitat USB o a qualsevol carpeta del vostre ordinador i l&#8217;obriu des de fora del navegador web per tal de poder emplenar els camps corresponents a les vostres dades. Si l&#8217;obriu amb el programa Adobe Reader, que \u00e9s gratu\u00eft, podreu emplenar totes les dades des del vostre ordinador i tamb\u00e9 pujar la vostra foto en format digital.<\/strong><\/p>\n<p>El carnet de l&#8217;alumne us d\u00f3na acc\u00e9s al servei de biblioteca de la nostra escola. Us podreu emportar en pr\u00e9stec llibres, revistes, CDs de m\u00fasica i DVDs.<\/p>\n<p>Amb el carnet, tamb\u00e9 podeu accedir amb descompte a diversos museus i espectacles.<\/p>\n<p>&nbsp;<\/p>\n<p>&nbsp;<\/p>\n","protected":false},"excerpt":{"rendered":"<p>Us podeu imprimir aquest\u00a0carnet de l&#8217;alumne. Perqu\u00e8 sigui v\u00e0lid, l&#8217;heu de portar a la secretaria de l&#8217;EOI de Tortosa, on us hi posaran el segell de l&#8217;escola. \u00c9s important que deseu el fitxer a l&#8217;escriptori, en una unitat USB o a qualsevol carpeta del vostre ordinador i l&#8217;obriu des de fora del navegador web per [&hellip;]<\/p>\n","protected":false},"author":1,"featured_media":0,"parent":8411,"menu_order":25,"comment_status":"closed","ping_status":"closed","template":"page-templates\/side-menu.php","meta":{"_bbp_topic_count":0,"_bbp_reply_count":0,"_bbp_total_topic_count":0,"_bbp_total_reply_count":0,"_bbp_voice_count":0,"_bbp_anonymous_reply_count":0,"_bbp_topic_count_hidden":0,"_bbp_reply_count_hidden":0,"_bbp_forum_subforum_count":0,"site-sidebar-layout":"default","site-content-layout":"","ast-site-content-layout":"","site-content-style":"default","site-sidebar-style":"default","ast-global-header-display":"","ast-banner-title-visibility":"","ast-main-header-display":"","ast-hfb-above-header-display":"","ast-hfb-below-header-display":"","ast-hfb-mobile-header-display":"","site-post-title":"","ast-breadcrumbs-content":"","ast-featured-img":"","footer-sml-layout":"","theme-transparent-header-meta":"","adv-header-id-meta":"","stick-header-meta":"","header-above-stick-meta":"","header-main-stick-meta":"","header-below-stick-meta":"","astra-migrate-meta-layouts":"default","ast-page-background-enabled":"default","ast-page-background-meta":{"desktop":{"background-color":"var(--ast-global-color-4)","background-image":"","background-repeat":"repeat","background-position":"center center","background-size":"auto","background-attachment":"scroll","background-type":"","background-media":"","overlay-type":"","overlay-color":"","overlay-opacity":"","overlay-gradient":""},"tablet":{"background-color":"","background-image":"","background-repeat":"repeat","background-position":"center center","background-size":"auto","background-attachment":"scroll","background-type":"","background-media":"","overlay-type":"","overlay-color":"","overlay-opacity":"","overlay-gradient":""},"mobile":{"background-color":"","background-image":"","background-repeat":"repeat","background-position":"center center","background-size":"auto","background-attachment":"scroll","background-type":"","background-media":"","overlay-type":"","overlay-color":"","overlay-opacity":"","overlay-gradient":""}},"ast-content-background-meta":{"desktop":{"background-color":"var(--ast-global-color-5)","background-image":"","background-repeat":"repeat","background-position":"center center","background-size":"auto","background-attachment":"scroll","background-type":"","background-media":"","overlay-type":"","overlay-color":"","overlay-opacity":"","overlay-gradient":""},"tablet":{"background-color":"var(--ast-global-color-5)","background-image":"","background-repeat":"repeat","background-position":"center center","background-size":"auto","background-attachment":"scroll","background-type":"","background-media":"","overlay-type":"","overlay-color":"","overlay-opacity":"","overlay-gradient":""},"mobile":{"background-color":"var(--ast-global-color-5)","background-image":"","background-repeat":"repeat","background-position":"center center","background-size":"auto","background-attachment":"scroll","background-type":"","background-media":"","overlay-type":"","overlay-color":"","overlay-opacity":"","overlay-gradient":""}},"footnotes":""},"class_list":["post-8448","page","type-page","status-publish","hentry"],"post_mailing_queue_ids":[],"_links":{"self":[{"href":"https:\/\/agora-eoi.xtec.cat\/eoitortosa\/wp-json\/wp\/v2\/pages\/8448","targetHints":{"allow":["GET"]}}],"collection":[{"href":"https:\/\/agora-eoi.xtec.cat\/eoitortosa\/wp-json\/wp\/v2\/pages"}],"about":[{"href":"https:\/\/agora-eoi.xtec.cat\/eoitortosa\/wp-json\/wp\/v2\/types\/page"}],"author":[{"embeddable":true,"href":"https:\/\/agora-eoi.xtec.cat\/eoitortosa\/wp-json\/wp\/v2\/users\/1"}],"replies":[{"embeddable":true,"href":"https:\/\/agora-eoi.xtec.cat\/eoitortosa\/wp-json\/wp\/v2\/comments?post=8448"}],"version-history":[{"count":7,"href":"https:\/\/agora-eoi.xtec.cat\/eoitortosa\/wp-json\/wp\/v2\/pages\/8448\/revisions"}],"predecessor-version":[{"id":11273,"href":"https:\/\/agora-eoi.xtec.cat\/eoitortosa\/wp-json\/wp\/v2\/pages\/8448\/revisions\/11273"}],"up":[{"embeddable":true,"href":"https:\/\/agora-eoi.xtec.cat\/eoitortosa\/wp-json\/wp\/v2\/pages\/8411"}],"wp:attachment":[{"href":"https:\/\/agora-eoi.xtec.cat\/eoitortosa\/wp-json\/wp\/v2\/media?parent=8448"}],"curies":[{"name":"wp","href":"https:\/\/api.w.org\/{rel}","templated":true}]}}