{"id":8434,"date":"2026-04-10T08:41:55","date_gmt":"2026-04-10T06:41:55","guid":{"rendered":"http:\/\/agora-eoi.xtec.cat\/eoitortosa\/?page_id=8434"},"modified":"2026-04-10T09:52:57","modified_gmt":"2026-04-10T07:52:57","slug":"beques","status":"publish","type":"page","link":"https:\/\/agora-eoi.xtec.cat\/eoitortosa\/secretaria\/beques\/","title":{"rendered":"Beques"},"content":{"rendered":"<p style=\"font-weight: 400;\"><strong>Convocat\u00f2ria de beques d\u2019ensenyaments postobligatoris per al curs 2026-2027<\/strong>:<\/p>\n<ol style=\"font-weight: 400;\">\n<li>la\u00a0<strong>Resoluci\u00f3 EDF\/901\/2026, de 24 de mar\u00e7<\/strong>, publicada al DOGC n\u00fam. 9635 de 30 de mar\u00e7 de 2026 de convocat\u00f2ria d\u2019ajuts per a ensenyaments postobligatoris. La\u00a0<strong>novetat important i b\u00e0sica<\/strong>\u00a0\u00e9s la seg\u00fcent:<\/li>\n<\/ol>\n<p style=\"font-weight: 400;\">Mitjan\u00e7ant aquesta Resoluci\u00f3 es convoquen beques per a l&#8217;alumnat que, durant el curs acad\u00e8mic 2026-2027, cursi ensenyaments postobligatoris no universitaris amb validesa a tot el territori nacional\u00a0<strong>i que tingui la\u00a0<\/strong><strong>resid\u00e8ncia familiar a Catalunya<\/strong>. S&#8217;ent\u00e9n per domicili familiar aquell on resideixin els sustentadors principals de\u00a0la unitat familiar a data 31 de desembre de l&#8217;any immediatament anterior (2025) a l&#8217;inici del curs corresponent. En\u00a0casos de separaci\u00f3 o divorci amb cust\u00f2dia compartida, es considera domicili familiar el del sustentador principal indicat a la sol\u00b7licitud de beca.<\/p>\n<p style=\"font-weight: 400;\"><strong>Condicions per demanar beca:<\/strong><\/p>\n<ol>\n<li style=\"font-weight: 400;\"><strong> Estudiants amb domicili familiar a Catalunya.<\/strong><\/li>\n<\/ol>\n<p style=\"font-weight: 400;\">A partir del curs 2026-2027, si el domicili familiar \u00e9s a Catalunya, els\/les alumnes han de fer la sol\u00b7licitud des del <strong>tr\u00e0mit &#8220;Beques per a estudis no universitaris&#8221;.\u00a0<\/strong>El Departament d&#8217;Educaci\u00f3 i Formaci\u00f3 Professional gestionar\u00e0 la sol\u00b7licitud<\/p>\n<ol start=\"2\">\n<li style=\"font-weight: 400;\"><strong> Identificaci\u00f3 digital per fer la sol\u00b7licitud.<\/strong><\/li>\n<\/ol>\n<p style=\"font-weight: 400;\">Es necessari disposar d\u2019una\u00a0<strong>identificaci\u00f3 digital\u00a0<\/strong>v\u00e0lida, com ara: IdCAT M\u00f2bil, IdCAT Certificat, Cl@ve, DNI electr\u00f2nic, Certificat FNMT, T-CAT, Camefirma, etc.<\/p>\n<p style=\"font-weight: 400;\">Si no disposen de cap d&#8217;aquests certificats, poden consultar les\u00a0<strong>guies i v\u00eddeos de suport (<\/strong><a href=\"https:\/\/web.gencat.cat\/ca\/atenem\/suport-tramitacio#bloc2\" data-saferedirecturl=\"https:\/\/www.google.com\/url?q=https:\/\/web.gencat.cat\/ca\/atenem\/suport-tramitacio%23bloc2&amp;source=gmail&amp;ust=1775893415151000&amp;usg=AOvVaw2OVQ2xCN4fHeg1eCeEFBi7\">Suport a la tramitaci\u00f3 per internet<\/a>)<strong>\u00a0<\/strong>dels canals oficials, on s&#8217;explica com obtenir l&#8217;idCAT M\u00f2bil o l&#8217;idCAT Certificat i com utilitzar-los per fer tr\u00e0mits en l\u00ednia.<\/p>\n<p style=\"font-weight: 400;\">Alternativament, per aquells\u00a0<strong>alumnes que no disposin de certificat digital o tinguin problemes\u00a0<\/strong>amb la tramitaci\u00f3 de la beca, tenen l\u2019opci\u00f3 de la\u00a0<strong>tramitaci\u00f3 atesa<\/strong>. Al mateix tr\u00e0mit, en l\u2019apartat de \u201cPresencial\u201d, trobaran l\u2019enlla\u00e7 per sol\u00b7licitar cita pr\u00e8via en un dels registres del Departament d&#8217;Educaci\u00f3 i Formaci\u00f3 professional que ofereixen la tramitaci\u00f3 atesa:<\/p>\n<p style=\"font-weight: 400;\"><a href=\"https:\/\/web.gencat.cat\/ca\/generalitat\/com-ens-organitzem\/adreces-i-telefons\/detall-adreces-i-telefons?objectID=20190\" data-saferedirecturl=\"https:\/\/www.google.com\/url?q=https:\/\/web.gencat.cat\/ca\/generalitat\/com-ens-organitzem\/adreces-i-telefons\/detall-adreces-i-telefons?objectID%3D20190&amp;source=gmail&amp;ust=1775893415151000&amp;usg=AOvVaw0uGU9B4c92k-xtmH8NRha4\">Detall Adreces i tel\u00e8fons<\/a>\u00a0o\u00a0<a href=\"https:\/\/web.gencat.cat\/ca\/generalitat\/com-ens-organitzem\/adreces-i-telefons\/detall-adreces-i-telefons?objectID=12397\" data-saferedirecturl=\"https:\/\/www.google.com\/url?q=https:\/\/web.gencat.cat\/ca\/generalitat\/com-ens-organitzem\/adreces-i-telefons\/detall-adreces-i-telefons?objectID%3D12397&amp;source=gmail&amp;ust=1775893415151000&amp;usg=AOvVaw1i_p7ne4WQ8x7uFdQl7oDZ\">Detall Adreces i tel\u00e8fons<\/a><\/p>\n<p style=\"font-weight: 400;\">L\u2019acc\u00e9s a la tramitaci\u00f3 electr\u00f2nica de la sol\u00b7licitud el podeu trobar al seg\u00fcent enlla\u00e7:<\/p>\n<p style=\"font-weight: 400;\"><a href=\"https:\/\/tramits.gencat.cat\/ca\/tramits\/tramits-temes\/beques-estudis-no-universitaris?moda=1\" data-saferedirecturl=\"https:\/\/www.google.com\/url?q=https:\/\/tramits.gencat.cat\/ca\/tramits\/tramits-temes\/beques-estudis-no-universitaris?moda%3D1&amp;source=gmail&amp;ust=1775893415151000&amp;usg=AOvVaw10Jyno7_lIZfpvV4sTQsCA\">Beques per a estudis no universitaris. Tr\u00e0mits Gencat<\/a><\/p>\n<p style=\"font-weight: 400;\">A m\u00e9s a m\u00e9s, podeu trobar m\u00e9s informaci\u00f3 en el portal de centres\u00a0<a href=\"https:\/\/espai.educacio.gencat.cat\/Departament\/Comunicacio\/Noticies\/Pagines\/campanya-beques-postob.aspx\" data-saferedirecturl=\"https:\/\/www.google.com\/url?q=https:\/\/espai.educacio.gencat.cat\/Departament\/Comunicacio\/Noticies\/Pagines\/campanya-beques-postob.aspx&amp;source=gmail&amp;ust=1775893415151000&amp;usg=AOvVaw04XVObR19PomB_smaHA7bU\">https:\/\/espai.educacio.gencat.cat\/Departament\/Comunicacio\/Noticies\/Pagines\/campanya-beques-postob.aspx<\/a><\/p>\n<p style=\"font-weight: 400;\">El termini de presentaci\u00f3 obligatori de sol\u00b7licituds comen\u00e7a\u00a0<strong><u>el 7 d\u2019abril de 2026 a les 08.00h i finalitzar\u00e0 el proper 18 de maig de 2026 a les 15.00h<\/u><\/strong>.<\/p>\n<p style=\"font-weight: 400;\">Els alumnes han de sol\u00b7licitar la beca dins del termini malgrat no s\u00e0piguen que estudiaran en seguretat, han de posar els m\u00e9s probables i hi haur\u00e0 una 2a. fase per modificar i canviar pels que realment es cursen.<\/p>\n<p><strong>Important: <\/strong>els alumnes que vulguin beneficiar-se de beques hauran d&#8217;indicar-ho en el moment de matricular-se del curs regular al mes de setembre i presentar els impresos de sol\u00b7licitud de beca.<\/p>\n","protected":false},"excerpt":{"rendered":"<p>Convocat\u00f2ria de beques d\u2019ensenyaments postobligatoris per al curs 2026-2027: la\u00a0Resoluci\u00f3 EDF\/901\/2026, de 24 de mar\u00e7, publicada al DOGC n\u00fam. 9635 de 30 de mar\u00e7 de 2026 de convocat\u00f2ria d\u2019ajuts per a ensenyaments postobligatoris. La\u00a0novetat important i b\u00e0sica\u00a0\u00e9s la seg\u00fcent: Mitjan\u00e7ant aquesta Resoluci\u00f3 es convoquen beques per a l&#8217;alumnat que, durant el curs acad\u00e8mic 2026-2027, cursi [&hellip;]<\/p>\n","protected":false},"author":1,"featured_media":0,"parent":8358,"menu_order":27,"comment_status":"closed","ping_status":"closed","template":"","meta":{"_bbp_topic_count":0,"_bbp_reply_count":0,"_bbp_total_topic_count":0,"_bbp_total_reply_count":0,"_bbp_voice_count":0,"_bbp_anonymous_reply_count":0,"_bbp_topic_count_hidden":0,"_bbp_reply_count_hidden":0,"_bbp_forum_subforum_count":0,"site-sidebar-layout":"default","site-content-layout":"","ast-site-content-layout":"default","site-content-style":"default","site-sidebar-style":"default","ast-global-header-display":"","ast-banner-title-visibility":"","ast-main-header-display":"","ast-hfb-above-header-display":"","ast-hfb-below-header-display":"","ast-hfb-mobile-header-display":"","site-post-title":"","ast-breadcrumbs-content":"","ast-featured-img":"","footer-sml-layout":"","theme-transparent-header-meta":"default","adv-header-id-meta":"","stick-header-meta":"","header-above-stick-meta":"","header-main-stick-meta":"","header-below-stick-meta":"","astra-migrate-meta-layouts":"set","ast-page-background-enabled":"default","ast-page-background-meta":{"desktop":{"background-color":"var(--ast-global-color-4)","background-image":"","background-repeat":"repeat","background-position":"center center","background-size":"auto","background-attachment":"scroll","background-type":"","background-media":"","overlay-type":"","overlay-color":"","overlay-opacity":"","overlay-gradient":""},"tablet":{"background-color":"","background-image":"","background-repeat":"repeat","background-position":"center center","background-size":"auto","background-attachment":"scroll","background-type":"","background-media":"","overlay-type":"","overlay-color":"","overlay-opacity":"","overlay-gradient":""},"mobile":{"background-color":"","background-image":"","background-repeat":"repeat","background-position":"center center","background-size":"auto","background-attachment":"scroll","background-type":"","background-media":"","overlay-type":"","overlay-color":"","overlay-opacity":"","overlay-gradient":""}},"ast-content-background-meta":{"desktop":{"background-color":"var(--ast-global-color-5)","background-image":"","background-repeat":"repeat","background-position":"center center","background-size":"auto","background-attachment":"scroll","background-type":"","background-media":"","overlay-type":"","overlay-color":"","overlay-opacity":"","overlay-gradient":""},"tablet":{"background-color":"var(--ast-global-color-5)","background-image":"","background-repeat":"repeat","background-position":"center center","background-size":"auto","background-attachment":"scroll","background-type":"","background-media":"","overlay-type":"","overlay-color":"","overlay-opacity":"","overlay-gradient":""},"mobile":{"background-color":"var(--ast-global-color-5)","background-image":"","background-repeat":"repeat","background-position":"center center","background-size":"auto","background-attachment":"scroll","background-type":"","background-media":"","overlay-type":"","overlay-color":"","overlay-opacity":"","overlay-gradient":""}},"footnotes":""},"class_list":["post-8434","page","type-page","status-publish","hentry"],"post_mailing_queue_ids":[],"_links":{"self":[{"href":"https:\/\/agora-eoi.xtec.cat\/eoitortosa\/wp-json\/wp\/v2\/pages\/8434","targetHints":{"allow":["GET"]}}],"collection":[{"href":"https:\/\/agora-eoi.xtec.cat\/eoitortosa\/wp-json\/wp\/v2\/pages"}],"about":[{"href":"https:\/\/agora-eoi.xtec.cat\/eoitortosa\/wp-json\/wp\/v2\/types\/page"}],"author":[{"embeddable":true,"href":"https:\/\/agora-eoi.xtec.cat\/eoitortosa\/wp-json\/wp\/v2\/users\/1"}],"replies":[{"embeddable":true,"href":"https:\/\/agora-eoi.xtec.cat\/eoitortosa\/wp-json\/wp\/v2\/comments?post=8434"}],"version-history":[{"count":4,"href":"https:\/\/agora-eoi.xtec.cat\/eoitortosa\/wp-json\/wp\/v2\/pages\/8434\/revisions"}],"predecessor-version":[{"id":11446,"href":"https:\/\/agora-eoi.xtec.cat\/eoitortosa\/wp-json\/wp\/v2\/pages\/8434\/revisions\/11446"}],"up":[{"embeddable":true,"href":"https:\/\/agora-eoi.xtec.cat\/eoitortosa\/wp-json\/wp\/v2\/pages\/8358"}],"wp:attachment":[{"href":"https:\/\/agora-eoi.xtec.cat\/eoitortosa\/wp-json\/wp\/v2\/media?parent=8434"}],"curies":[{"name":"wp","href":"https:\/\/api.w.org\/{rel}","templated":true}]}}

<p style="font-weight: 400;"><strong>Convocatòria de beques d’ensenyaments postobligatoris per al curs 2026-2027</strong>:</p>
<ol style="font-weight: 400;">
<li>la <strong>Resolució EDF/901/2026, de 24 de març</strong>, publicada al DOGC núm. 9635 de 30 de març de 2026 de convocatòria d’ajuts per a ensenyaments postobligatoris. La <strong>novetat important i bàsica</strong> és la següent:</li>
</ol>
<p style="font-weight: 400;">Mitjançant aquesta Resolució es convoquen beques per a l&#8217;alumnat que, durant el curs acadèmic 2026-2027, cursi ensenyaments postobligatoris no universitaris amb validesa a tot el territori nacional <strong>i que tingui la </strong><strong>residència familiar a Catalunya</strong>. S&#8217;entén per domicili familiar aquell on resideixin els sustentadors principals de la unitat familiar a data 31 de desembre de l&#8217;any immediatament anterior (2025) a l&#8217;inici del curs corresponent. En casos de separació o divorci amb custòdia compartida, es considera domicili familiar el del sustentador principal indicat a la sol·licitud de beca.</p>
<p style="font-weight: 400;"><strong>Condicions per demanar beca:</strong></p>
<ol>
<li style="font-weight: 400;"><strong> Estudiants amb domicili familiar a Catalunya.</strong></li>
</ol>
<p style="font-weight: 400;">A partir del curs 2026-2027, si el domicili familiar és a Catalunya, els/les alumnes han de fer la sol·licitud des del <strong>tràmit &#8220;Beques per a estudis no universitaris&#8221;. </strong>El Departament d&#8217;Educació i Formació Professional gestionarà la sol·licitud</p>
<ol start="2">
<li style="font-weight: 400;"><strong> Identificació digital per fer la sol·licitud.</strong></li>
</ol>
<p style="font-weight: 400;">Es necessari disposar d’una <strong>identificació digital </strong>vàlida, com ara: IdCAT Mòbil, IdCAT Certificat, Cl@ve, DNI electrònic, Certificat FNMT, T-CAT, Camefirma, etc.</p>
<p style="font-weight: 400;">Si no disposen de cap d&#8217;aquests certificats, poden consultar les <strong>guies i vídeos de suport (</strong><a href="https://web.gencat.cat/ca/atenem/suport-tramitacio#bloc2" data-saferedirecturl="https://www.google.com/url?q=https://web.gencat.cat/ca/atenem/suport-tramitacio%23bloc2&amp;source=gmail&amp;ust=1775893415151000&amp;usg=AOvVaw2OVQ2xCN4fHeg1eCeEFBi7">Suport a la tramitació per internet</a>)<strong> </strong>dels canals oficials, on s&#8217;explica com obtenir l&#8217;idCAT Mòbil o l&#8217;idCAT Certificat i com utilitzar-los per fer tràmits en línia.</p>
<p style="font-weight: 400;">Alternativament, per aquells <strong>alumnes que no disposin de certificat digital o tinguin problemes </strong>amb la tramitació de la beca, tenen l’opció de la <strong>tramitació atesa</strong>. Al mateix tràmit, en l’apartat de “Presencial”, trobaran l’enllaç per sol·licitar cita prèvia en un dels registres del Departament d&#8217;Educació i Formació professional que ofereixen la tramitació atesa:</p>
<p style="font-weight: 400;"><a href="https://web.gencat.cat/ca/generalitat/com-ens-organitzem/adreces-i-telefons/detall-adreces-i-telefons?objectID=20190" data-saferedirecturl="https://www.google.com/url?q=https://web.gencat.cat/ca/generalitat/com-ens-organitzem/adreces-i-telefons/detall-adreces-i-telefons?objectID%3D20190&amp;source=gmail&amp;ust=1775893415151000&amp;usg=AOvVaw0uGU9B4c92k-xtmH8NRha4">Detall Adreces i telèfons</a> o <a href="https://web.gencat.cat/ca/generalitat/com-ens-organitzem/adreces-i-telefons/detall-adreces-i-telefons?objectID=12397" data-saferedirecturl="https://www.google.com/url?q=https://web.gencat.cat/ca/generalitat/com-ens-organitzem/adreces-i-telefons/detall-adreces-i-telefons?objectID%3D12397&amp;source=gmail&amp;ust=1775893415151000&amp;usg=AOvVaw1i_p7ne4WQ8x7uFdQl7oDZ">Detall Adreces i telèfons</a></p>
<p style="font-weight: 400;">L’accés a la tramitació electrònica de la sol·licitud el podeu trobar al següent enllaç:</p>
<p style="font-weight: 400;"><a href="https://tramits.gencat.cat/ca/tramits/tramits-temes/beques-estudis-no-universitaris?moda=1" data-saferedirecturl="https://www.google.com/url?q=https://tramits.gencat.cat/ca/tramits/tramits-temes/beques-estudis-no-universitaris?moda%3D1&amp;source=gmail&amp;ust=1775893415151000&amp;usg=AOvVaw10Jyno7_lIZfpvV4sTQsCA">Beques per a estudis no universitaris. Tràmits Gencat</a></p>
<p style="font-weight: 400;">A més a més, podeu trobar més informació en el portal de centres <a href="https://espai.educacio.gencat.cat/Departament/Comunicacio/Noticies/Pagines/campanya-beques-postob.aspx" data-saferedirecturl="https://www.google.com/url?q=https://espai.educacio.gencat.cat/Departament/Comunicacio/Noticies/Pagines/campanya-beques-postob.aspx&amp;source=gmail&amp;ust=1775893415151000&amp;usg=AOvVaw04XVObR19PomB_smaHA7bU">https://espai.educacio.gencat.cat/Departament/Comunicacio/Noticies/Pagines/campanya-beques-postob.aspx</a></p>
<p style="font-weight: 400;">El termini de presentació obligatori de sol·licituds comença <strong><u>el 7 d’abril de 2026 a les 08.00h i finalitzarà el proper 18 de maig de 2026 a les 15.00h</u></strong>.</p>
<p style="font-weight: 400;">Els alumnes han de sol·licitar la beca dins del termini malgrat no sàpiguen que estudiaran en seguretat, han de posar els més probables i hi haurà una 2a. fase per modificar i canviar pels que realment es cursen.</p>
<p><strong>Important: </strong>els alumnes que vulguin beneficiar-se de beques hauran d&#8217;indicar-ho en el moment de matricular-se del curs regular al mes de setembre i presentar els impresos de sol·licitud de beca.</p>

<p>Convocatòria de beques d’ensenyaments postobligatoris per al curs 2026-2027: la Resolució EDF/901/2026, de 24 de març, publicada al DOGC núm. 9635 de 30 de març de 2026 de convocatòria d’ajuts per a ensenyaments postobligatoris. La novetat important i bàsica és la següent: Mitjançant aquesta Resolució es convoquen beques per a l&#8217;alumnat que, durant el curs acadèmic 2026-2027, cursi [&hellip;]</p>
