{"id":8166,"date":"2025-09-02T09:01:17","date_gmt":"2025-09-02T07:01:17","guid":{"rendered":"http:\/\/agora-eoi.xtec.cat\/eoitortosa\/?page_id=8166"},"modified":"2025-09-02T09:59:44","modified_gmt":"2025-09-02T07:59:44","slug":"alumnat-nou","status":"publish","type":"page","link":"https:\/\/agora-eoi.xtec.cat\/eoitortosa\/secretaria\/matricula\/alumnat-nou\/","title":{"rendered":"Nou alumnat \/ ex-alumnat"},"content":{"rendered":"<h3><strong>Preinscripci\u00f3 i matr\u00edcula nou alumnat &#8211; Curs 2025-2026<\/strong><\/h3>\n<p>El termini per fer la preinscripci\u00f3 de l\u2019alumnat que es vol matricular a l\u2019EOI i no ha estat alumne oficial durant el curs 2024-25 ser\u00e0 <strong>de l&#8217;1 al 8 de setembre\u00a0<\/strong> i es far\u00e0 a trav\u00e9s d\u2019un aplicatiu en l\u00ednia. La formalitzaci\u00f3 de la matr\u00edcula, en cas de ser adm\u00e8s, s\u2019haur\u00e0 de fer del 16 al 17 de setembre de 2025.<\/p>\n<p><span style=\"font-weight: 400;\">Les classes comen\u00e7aran el 22 de setembre de 2025.<\/span><\/p>\n<h4><b>Preinscripci\u00f3 nou alumnat<\/b><\/h4>\n<p><span style=\"font-weight: 400;\">Tothom que es matricula al mes de setembre es considera nou alumnat, per la qual cosa ha de seguir el procediment descrit aqu\u00ed.<\/span><\/p>\n<h5><b>Requisits:<\/b><\/h5>\n<ul>\n<li style=\"font-weight: 400;\" aria-level=\"1\"><span style=\"font-weight: 400;\">Tenir 16 anys complerts el 31 de desembre de l\u2019any en curs per a cursos d\u2019angl\u00e8s.<\/span><\/li>\n<li style=\"font-weight: 400;\" aria-level=\"1\"><span style=\"font-weight: 400;\">Tenir 14 anys complerts el 31 de desembre de l\u2019any en curs per a cursos d\u2019alemany i franc\u00e8s.<\/span><\/li>\n<\/ul>\n<ul>\n<li style=\"font-weight: 400;\" aria-level=\"1\"><b><a href=\"https:\/\/www.eoidigital.com\/eoicat\/alumnes\/\">Preinscripci\u00f3 telem\u00e0tica<\/a> (en l\u00ednia): <\/b><span style=\"font-weight: 400;\">de les 12:00 de l&#8217;1 de setembre a les 15:00 del 8 de setembre de 2025.<\/span><\/li>\n<li style=\"font-weight: 400;\" aria-level=\"1\"><b>Preinscripci\u00f3 presencial (a la secretaria de l\u2019EOI de Tortosa): <\/b>5<span style=\"font-weight: 400;\"> de setembre de 2025, de 9:00 a 14:00.<\/span><\/li>\n<\/ul>\n<p><span style=\"font-weight: 400;\">Podeu fer una \u00fanica preinscripci\u00f3 per idioma i un m\u00e0xim de dues preinscripcions a dos idiomes diferents. A la preinscripci\u00f3 heu de triar l\u2019EOI de Tortosa com a primera opci\u00f3.<\/span><\/p>\n<p><span style=\"font-weight: 400;\">En fer la preinscripci\u00f3, heu de triar:<\/span><\/p>\n<p><span style=\"font-weight: 400;\">\u00a0 a) Accedir al primer curs de l\u2019idioma que us interessi. No cal fer test de nivell.<\/span><\/p>\n<p><span style=\"font-weight: 400;\">\u00a0 b) Accedir a un nivell concret, sempre que pugueu acreditar el vostre nivell assolit amb un dels possibles accessos que us apareixeran a l\u2019aplicatiu. Aquests accessos poden ser:<\/span><\/p>\n<ul>\n<li style=\"font-weight: 400;\" aria-level=\"1\"><span style=\"font-weight: 400;\">un curs o certificat d\u2019una EOI aprovat. ATENCI\u00d3!!! Si veniu d\u2019una EOI de fora de Catalunya, heu d\u2019aportar <\/span><b>certificaci\u00f3 acad\u00e8mica<\/b><span style=\"font-weight: 400;\">, expedida per la secretaria de l\u2019EOI d\u2019on veniu. Si no heu superat el darrer curs fet a una EOI, ho heu d\u2019indicar al men\u00fa d\u2019opcions de l\u2019aplicatiu.\u00a0\u00a0<\/span><\/li>\n<li style=\"font-weight: 400;\" aria-level=\"1\"><span style=\"font-weight: 400;\">una certificaci\u00f3 equivalent reconeguda pel Departament d\u2019Educaci\u00f3. Podeu consultar aquestes certificacions <\/span><a href=\"https:\/\/drive.google.com\/file\/d\/1_KiVeuSrf6mqGsOWo3q_PdPSyLPGgFuE\/view?usp=sharing\"><span style=\"font-weight: 400;\">aqu\u00ed<\/span><\/a><span style=\"font-weight: 400;\">.<\/span><\/li>\n<\/ul>\n<p><span style=\"font-weight: 400;\">A l\u2019aplicatiu, cal especificar el tipus de documentaci\u00f3 que presenteu i adjuntar-lo o dur-lo presencialment a l\u2019escola en les dates establertes, per tal de poder continuar amb el proc\u00e9s de preinscripci\u00f3. A poder ser, adjunteu la documentaci\u00f3 escanejada en el moment de fer la preinscripci\u00f3 a l\u2019aplicatiu. Si no us \u00e9s possible, podeu portar la documentaci\u00f3 f\u00edsicament a l\u2019escola entre l&#8217;1 i el 9 de de setembre o b\u00e9 enviar-la per correu electr\u00f2nic a eoitortosa@xtec.cat. A l\u2019escola validarem aquesta documentaci\u00f3 abans que s\u2019obri el termini per formalitzar la matr\u00edcula.<\/span><\/p>\n<p><span style=\"font-weight: 400;\">c) Fer el test de nivell en l\u00ednia si no teniu clar quin \u00e9s el vostre nivell. Heu de triar l\u2019EOI de Tortosa com a primera opci\u00f3 com a centre per realitzar la prova.<\/span><\/p>\n<h4><b>Matr\u00edcula nou alumnat oficial<\/b><\/h4>\n<p><span style=\"font-weight: 400;\">La matr\u00edcula del nou alumnat es realitzar\u00e0 telem\u00e0ticament amb el mateix <\/span><a href=\"https:\/\/www.eoidigital.com\/eoicat\/alumnes\/\"><span style=\"font-weight: 400;\">aplicatiu web<\/span><\/a><span style=\"font-weight: 400;\"> que heu utilitzat per fer la preinscripci\u00f3. Si sortiu com a <\/span><b>admesos<\/b><span style=\"font-weight: 400;\"> al sorteig d\u2019assignaci\u00f3 de places, <\/span><b>us podeu matricular els dies 16 i 17 de setembre<\/b><span style=\"font-weight: 400;\">. Podreu escollir grup i horari al mateix aplicatiu.<\/span><\/p>\n<p><span style=\"font-weight: 400;\">Caldr\u00e0 que lliureu a secretaria una fotoc\u00f2pia del DNI abans de l\u2019inici de classes o els primers dies de classe.\u00a0<\/span><\/p>\n<p><b>Places vacants:\u00a0<\/b><\/p>\n<ul>\n<li style=\"font-weight: 400;\" aria-level=\"1\"><span style=\"font-weight: 400;\">A partir del 22 de setembre.<\/span><\/li>\n<\/ul>\n<h4><span style=\"font-weight: 400;\">Pagament i bonificacions que s\u2019apliquen.<\/span><\/h4>\n<p><span style=\"font-weight: 400;\">Un cop hagueu triat grup i horari, haureu d\u2019imprimir-vos el full de pagament i fer l\u2019ingr\u00e9s en el termini de 24 hores a partir de la formalitzaci\u00f3 de la matr\u00edcula a qualsevol terminal de Servicaixa de Caixabank \u201cLa Caixa\u201d o b\u00e9 amb targeta de cr\u00e8dit en l\u00ednia. El pagament tamb\u00e9 es pot fer amb L\u00ednia Oberta. Heu d\u2019entrar a l\u2019apartat <\/span><i><span style=\"font-weight: 400;\">Pagaments i impostos<\/span><\/i><span style=\"font-weight: 400;\"> i introduir els codis que trobareu al rebut de pagament.<\/span><\/p>\n<p><span style=\"font-weight: 400;\">L\u2019import a pagar pels nivells <\/span><b>A1, A2, C1 i C2<\/b><span style=\"font-weight: 400;\"> correspon als <\/span><b>preus p\u00fablics<\/b><span style=\"font-weight: 400;\"> establerts per la Generalitat de Catalunya.<\/span><\/p>\n<p><span style=\"font-weight: 400;\">L\u2019import a pagar pels nivells <\/span><b>B1 i B2<\/b><span style=\"font-weight: 400;\"> correspon a les <\/span><b>taxes<\/b><span style=\"font-weight: 400;\"> establertes per la Generalitat de Catalunya.<\/span><\/p>\n<p><span style=\"font-weight: 400;\">Consulteu els preus p\u00fablics, taxes, bonificacions i exempcions <\/span><a href=\"https:\/\/agora-eoi.xtec.cat\/eoitortosa\/secretaria\/matricula\/\"><span style=\"font-weight: 400;\">aqu\u00ed<\/span><\/a><span style=\"font-weight: 400;\">. Les bonificacions poden acumular-se.<\/span><\/p>\n<p><span style=\"font-weight: 400;\">En el cas de tenir descompte o bonificaci\u00f3 cal que adjunteu la documentaci\u00f3 justificativa a l\u2019aplicatiu de preinscripci\u00f3.<\/span><\/p>\n<p>&nbsp;<\/p>\n<p>Consulteu la informaci\u00f3 detallada del proc\u00e9s <strong><a href=\"https:\/\/drive.google.com\/file\/d\/1Lt15NWoylZdi5lIIPq3IYvggcffFJ5hM\/view?usp=sharing\">aqu\u00ed<\/a><\/strong>.<\/p>\n","protected":false},"excerpt":{"rendered":"<p>Preinscripci\u00f3 i matr\u00edcula nou alumnat &#8211; Curs 2025-2026 El termini per fer la preinscripci\u00f3 de l\u2019alumnat que es vol matricular a l\u2019EOI i no ha estat alumne oficial durant el curs 2024-25 ser\u00e0 de l&#8217;1 al 8 de setembre\u00a0 i es far\u00e0 a trav\u00e9s d\u2019un aplicatiu en l\u00ednia. La formalitzaci\u00f3 de la matr\u00edcula, en cas [&hellip;]<\/p>\n","protected":false},"author":1,"featured_media":0,"parent":8161,"menu_order":20,"comment_status":"closed","ping_status":"closed","template":"page-templates\/side-menu.php","meta":{"_bbp_topic_count":0,"_bbp_reply_count":0,"_bbp_total_topic_count":0,"_bbp_total_reply_count":0,"_bbp_voice_count":0,"_bbp_anonymous_reply_count":0,"_bbp_topic_count_hidden":0,"_bbp_reply_count_hidden":0,"_bbp_forum_subforum_count":0,"site-sidebar-layout":"default","site-content-layout":"","ast-site-content-layout":"","site-content-style":"default","site-sidebar-style":"default","ast-global-header-display":"","ast-banner-title-visibility":"","ast-main-header-display":"","ast-hfb-above-header-display":"","ast-hfb-below-header-display":"","ast-hfb-mobile-header-display":"","site-post-title":"","ast-breadcrumbs-content":"","ast-featured-img":"","footer-sml-layout":"","theme-transparent-header-meta":"","adv-header-id-meta":"","stick-header-meta":"","header-above-stick-meta":"","header-main-stick-meta":"","header-below-stick-meta":"","astra-migrate-meta-layouts":"default","ast-page-background-enabled":"default","ast-page-background-meta":{"desktop":{"background-color":"var(--ast-global-color-4)","background-image":"","background-repeat":"repeat","background-position":"center center","background-size":"auto","background-attachment":"scroll","background-type":"","background-media":"","overlay-type":"","overlay-color":"","overlay-opacity":"","overlay-gradient":""},"tablet":{"background-color":"","background-image":"","background-repeat":"repeat","background-position":"center center","background-size":"auto","background-attachment":"scroll","background-type":"","background-media":"","overlay-type":"","overlay-color":"","overlay-opacity":"","overlay-gradient":""},"mobile":{"background-color":"","background-image":"","background-repeat":"repeat","background-position":"center center","background-size":"auto","background-attachment":"scroll","background-type":"","background-media":"","overlay-type":"","overlay-color":"","overlay-opacity":"","overlay-gradient":""}},"ast-content-background-meta":{"desktop":{"background-color":"var(--ast-global-color-5)","background-image":"","background-repeat":"repeat","background-position":"center center","background-size":"auto","background-attachment":"scroll","background-type":"","background-media":"","overlay-type":"","overlay-color":"","overlay-opacity":"","overlay-gradient":""},"tablet":{"background-color":"var(--ast-global-color-5)","background-image":"","background-repeat":"repeat","background-position":"center center","background-size":"auto","background-attachment":"scroll","background-type":"","background-media":"","overlay-type":"","overlay-color":"","overlay-opacity":"","overlay-gradient":""},"mobile":{"background-color":"var(--ast-global-color-5)","background-image":"","background-repeat":"repeat","background-position":"center center","background-size":"auto","background-attachment":"scroll","background-type":"","background-media":"","overlay-type":"","overlay-color":"","overlay-opacity":"","overlay-gradient":""}},"footnotes":""},"class_list":["post-8166","page","type-page","status-publish","hentry"],"post_mailing_queue_ids":[],"_links":{"self":[{"href":"https:\/\/agora-eoi.xtec.cat\/eoitortosa\/wp-json\/wp\/v2\/pages\/8166","targetHints":{"allow":["GET"]}}],"collection":[{"href":"https:\/\/agora-eoi.xtec.cat\/eoitortosa\/wp-json\/wp\/v2\/pages"}],"about":[{"href":"https:\/\/agora-eoi.xtec.cat\/eoitortosa\/wp-json\/wp\/v2\/types\/page"}],"author":[{"embeddable":true,"href":"https:\/\/agora-eoi.xtec.cat\/eoitortosa\/wp-json\/wp\/v2\/users\/1"}],"replies":[{"embeddable":true,"href":"https:\/\/agora-eoi.xtec.cat\/eoitortosa\/wp-json\/wp\/v2\/comments?post=8166"}],"version-history":[{"count":7,"href":"https:\/\/agora-eoi.xtec.cat\/eoitortosa\/wp-json\/wp\/v2\/pages\/8166\/revisions"}],"predecessor-version":[{"id":11280,"href":"https:\/\/agora-eoi.xtec.cat\/eoitortosa\/wp-json\/wp\/v2\/pages\/8166\/revisions\/11280"}],"up":[{"embeddable":true,"href":"https:\/\/agora-eoi.xtec.cat\/eoitortosa\/wp-json\/wp\/v2\/pages\/8161"}],"wp:attachment":[{"href":"https:\/\/agora-eoi.xtec.cat\/eoitortosa\/wp-json\/wp\/v2\/media?parent=8166"}],"curies":[{"name":"wp","href":"https:\/\/api.w.org\/{rel}","templated":true}]}}