{"id":8151,"date":"2022-09-02T09:20:13","date_gmt":"2022-09-02T07:20:13","guid":{"rendered":"http:\/\/agora-eoi.xtec.cat\/eoitortosa\/?page_id=8151"},"modified":"2024-10-02T18:08:36","modified_gmt":"2024-10-02T16:08:36","slug":"cursos-oficials","status":"publish","type":"page","link":"https:\/\/agora-eoi.xtec.cat\/eoitortosa\/cursos\/cursos-oficials\/","title":{"rendered":"Cursos Oficials"},"content":{"rendered":"<p><strong>DURADA DEL CURS<\/strong><\/p>\n<p>En aquesta EOI s&#8217;imparteixen els idiomes <strong>alemany,<\/strong> <strong>angl\u00e8s i franc\u00e8s.<\/strong><\/p>\n<p><strong>La matr\u00edcula oficial<\/strong> dona dret a assistir com a m\u00ednim a <strong>130 hores de classe<\/strong> per curs i als ex\u00e0mens corresponents.<\/p>\n<p>Les classes duren 2h i 15min i s\u00f3n o b\u00e9 en dilluns i dimecres o b\u00e9 en dimarts i dijous.<\/p>\n<p><strong>HORARI DE CLASSE<\/strong><\/p>\n<p>En horari de mat\u00ed s&#8217;hi pot estudiar d&#8217;A2 a B2 d&#8217;angl\u00e8s. La franja hor\u00e0ria de classe \u00e9s de les 9:30 a les 11:45.<\/p>\n<p>A la tarda s&#8217;hi pot estudiar d&#8217;A1 a B2 de franc\u00e8s i d&#8217;alemany i d&#8217;A1 a C2.2 d&#8217;angl\u00e8s. Les franges hor\u00e0ries de classe s\u00f3n de les 16:00 a les 18:15 i de les 18:30 a les 20:45.<\/p>\n<p>La tria de l\u2019horari de classe es fa en el moment de formalitzar la matr\u00edcula.<\/p>\n<p><a href=\"https:\/\/agora-eoi.xtec.cat\/eoitortosa\/alemany\/horaris-professorat\/\" target=\"_blank\" rel=\"noopener\">Horaris d&#8217;alemany<\/a><\/p>\n<p><a href=\"https:\/\/agora-eoi.xtec.cat\/eoitortosa\/angles\/horaris\/\" target=\"_blank\" rel=\"noopener\">Horaris d&#8217;angl\u00e8s<\/a><\/p>\n<p><a href=\"https:\/\/agora-eoi.xtec.cat\/eoitortosa\/frances\/\" target=\"_blank\" rel=\"noopener\">Horaris de franc\u00e8s<\/a><\/p>\n<p><strong>PROGRAMA D&#8217;ESTUDIS<\/strong><\/p>\n<p>La <a href=\"https:\/\/www.boe.es\/diario_boe\/txt.php?id=BOE-A-2020-17264\" target=\"_blank\" rel=\"nofollow noopener\">Llei Org\u00e0nica 3\/2020<\/a> estableix l&#8217; ordenaci\u00f3 del programa d\u2019estudis de les escoles oficials d\u2019idiomes, que queda dividit en tres nivells, que corresponen als nivells definits en el MECR (Marc europeu com\u00fa de refer\u00e8ncia per a les lleng\u00fces).<\/p>\n<p>Els ensenyaments especialitzats d&#8217;idiomes s&#8217;imparteixen en 8 cursos:<\/p>\n<ul>\n<li><strong>Nivell B\u00e0sic:<\/strong> de 2 cursos (1r i 2n nivell)<\/li>\n<li><strong>Nivell Intermedi<\/strong><strong>:<\/strong>\u00a0de 3 cursos (3r, 4t i 5\u00e8 nivell)<\/li>\n<li><strong>Nivell Avan\u00e7at<\/strong><strong>:<\/strong>\u00a0de 3 cursos (Nivells C1 i C2)<\/li>\n<\/ul>\n<table style=\"width: 393px;\" border=\"1\" cellspacing=\"1\" cellpadding=\"1\">\n<tbody>\n<tr style=\"height: 46px;\">\n<td style=\"width: 80px; height: 46px;\"><strong>CURSOS<\/strong><\/td>\n<td style=\"width: 166px; height: 46px;\"><strong>NIVELL<\/strong><\/td>\n<td style=\"width: 166px; height: 46px;\"><strong>EQUIVAL\u00c8NCIA MECR<\/strong><\/td>\n<\/tr>\n<tr style=\"height: 31px;\">\n<td style=\"width: 80px; height: 31px;\">1r<\/td>\n<td style=\"width: 166px; height: 31px;\">B\u00c0SIC<\/td>\n<td style=\"width: 166px; height: 31px;\">A1<\/td>\n<\/tr>\n<tr style=\"height: 31px;\">\n<td style=\"width: 80px; height: 31px;\">2n<\/td>\n<td style=\"width: 166px; height: 31px;\">B\u00c0SIC<\/td>\n<td style=\"width: 166px; height: 31px;\">A2<\/td>\n<\/tr>\n<tr style=\"height: 46px;\">\n<td style=\"width: 80px; height: 46px;\">3r<\/td>\n<td style=\"width: 166px; height: 46px;\">INTERMEDI<\/td>\n<td style=\"width: 166px; height: 46px;\">B1<\/td>\n<\/tr>\n<tr style=\"height: 46px;\">\n<td style=\"width: 80px; height: 46px;\">4t<\/td>\n<td style=\"width: 166px; height: 46px;\">INTERMEDI<\/td>\n<td style=\"width: 166px; height: 46px;\">B2.1<\/td>\n<\/tr>\n<tr style=\"height: 46px;\">\n<td style=\"width: 80px; height: 46px;\">5\u00e8<\/td>\n<td style=\"width: 166px; height: 46px;\">INTERMEDI<\/td>\n<td style=\"width: 166px; height: 46px;\">B2.2<\/td>\n<\/tr>\n<tr style=\"height: 46px;\">\n<td style=\"width: 80px; height: 46px;\">C1<\/td>\n<td style=\"width: 166px; height: 46px;\">AVAN\u00c7AT<\/td>\n<td style=\"width: 166px; height: 46px;\">C1<\/td>\n<\/tr>\n<tr>\n<td style=\"width: 80px;\">C2.1<\/td>\n<td style=\"width: 166px;\">AVAN\u00c7AT<\/td>\n<td style=\"width: 166px;\">C2<\/td>\n<\/tr>\n<\/tbody>\n<\/table>\n<p>Podeu consultar el <a href=\"http:\/\/xtec.gencat.cat\/ca\/curriculum\/idiomes-a-les-eoi\/curriculum\/\" target=\"_blank\" rel=\"noopener noreferrer\">curriculum en aquest enlla\u00e7<\/a><\/p>\n<p>Els nivells dels certificats d&#8217;escola oficial d&#8217;idiomes poden comparar-se als nivells descrits en els documents publicats pel Consell d&#8217;Europa, en especial el Marc Europeu de Refer\u00e8ncia. Al final del nivell intermedi B1, intermedi B2 i nivell avan\u00e7at C1 i C2.2 els alumnes han de superar una prova de certificat, dissenyada des del Centre de Recursos de Lleng\u00fces Estrangeres del Departament d&#8217;Ensenyament de la Generalitat (\u00c0rea de Certificacions), amb uns criteris unificats per a tota Catalunya.<\/p>\n<p>Els alumnes que obtenen el certificat de <strong>nivell intermedi B1\u00a0<\/strong>es poden considerar dins la franja B1 del Consell d&#8217;Europa &#8211; usuari independent.<\/p>\n<p>Els alumnes que obtenen el certificat de <strong>nivell intermedi B2\u00a0<\/strong>es poden situar dins la part alta de la franja B2 del Consell d&#8217;Europa, el nivell considerat avan\u00e7at dins de la definici\u00f3 d&#8217;usuari independent.<\/p>\n<p>Els alumnes que obtenen el certificat de <strong>nivell avan\u00e7at C1<\/strong> es poden situar dins la franja C1 del Consell d&#8217;Europa, usuari competent, capacitat per tasques complexes de treball i\/o estudi.<\/p>\n<p>Els alumnes que obtenen el certificat de nivell avan\u00e7at C2 es poden situar dins la franja C2 del Consell d&#8217;Europa, usuari experimentat.<\/p>\n<p><strong>PLA D&#8217;ESTUDIS<\/strong><\/p>\n<p>El pla d&#8217;estudis de les EOI desenvolupa la finalitat dels ensenyaments d&#8217;idiomes que s&#8217;hi imparteixen, que \u00e9s la capacitat de l&#8217;alumnat en l&#8217;\u00fas efectiu de l&#8217;idioma com a vehicle de comunicaci\u00f3 general.<\/p>\n<p>Per assolir aquesta finalitat, a les EOI es treballa per tal que l&#8217;alumnat:<\/p>\n<ul>\n<li>Adquireixi les habilitats b\u00e0siques receptives i productives, tant del llenguatge oral com de l&#8217;escrit;<\/li>\n<li>Desenvolupi estrat\u00e8gies comunicatives en diferents \u00e0rees de comunicaci\u00f3;<\/li>\n<li>Desenvolupi estrat\u00e8gies per a l&#8217;aprenentatge aut\u00f2nom i continu de lleng\u00fces, que puguin facilitar l&#8217;\u00fas de l&#8217;idioma en l&#8217;exercici d&#8217;activitats professionals i en altres \u00e0mbits de la cultura o d&#8217;inter\u00e8s personal;<\/li>\n<li>Desenvolupi actituds positives envers la diversitat ling\u00fc\u00edstica i el pluralisme cultural del m\u00f3n actual.<\/li>\n<\/ul>\n<p><strong>CURSOS I GRUPS PER IDIOMA I NIVELL<\/strong><\/p>\n<p>Cursos i grups per idioma i nivell &#8211; curs 2023-2024<\/p>\n<p>Alemany: 1 grup de cada nivell d&#8217;A1 a B2<\/p>\n<p>Angl\u00e8s: 1 grup d&#8217;A1, 3 grups d&#8217;A2, 3 grups de B1, 2 grups de B2.1, 3 grups de B2, 2 grups de C1, 1 grup de C2.1 i 1 grup de C2.2<\/p>\n<p>Franc\u00e8s: 1 grup de cada nivell d&#8217;A1 a B2<\/p>\n<p>&nbsp;<\/p>\n","protected":false},"excerpt":{"rendered":"<p>DURADA DEL CURS En aquesta EOI s&#8217;imparteixen els idiomes alemany, angl\u00e8s i franc\u00e8s. La matr\u00edcula oficial dona dret a assistir com a m\u00ednim a 130 hores de classe per curs i als ex\u00e0mens corresponents. Les classes duren 2h i 15min i s\u00f3n o b\u00e9 en dilluns i dimecres o b\u00e9 en dimarts i dijous. HORARI [&hellip;]<\/p>\n","protected":false},"author":1,"featured_media":0,"parent":8149,"menu_order":10,"comment_status":"closed","ping_status":"closed","template":"page-templates\/side-menu.php","meta":{"_bbp_topic_count":0,"_bbp_reply_count":0,"_bbp_total_topic_count":0,"_bbp_total_reply_count":0,"_bbp_voice_count":0,"_bbp_anonymous_reply_count":0,"_bbp_topic_count_hidden":0,"_bbp_reply_count_hidden":0,"_bbp_forum_subforum_count":0,"site-sidebar-layout":"default","site-content-layout":"","ast-site-content-layout":"","site-content-style":"default","site-sidebar-style":"default","ast-global-header-display":"","ast-banner-title-visibility":"","ast-main-header-display":"","ast-hfb-above-header-display":"","ast-hfb-below-header-display":"","ast-hfb-mobile-header-display":"","site-post-title":"","ast-breadcrumbs-content":"","ast-featured-img":"","footer-sml-layout":"","theme-transparent-header-meta":"","adv-header-id-meta":"","stick-header-meta":"","header-above-stick-meta":"","header-main-stick-meta":"","header-below-stick-meta":"","astra-migrate-meta-layouts":"default","ast-page-background-enabled":"default","ast-page-background-meta":{"desktop":{"background-color":"var(--ast-global-color-4)","background-image":"","background-repeat":"repeat","background-position":"center center","background-size":"auto","background-attachment":"scroll","background-type":"","background-media":"","overlay-type":"","overlay-color":"","overlay-opacity":"","overlay-gradient":""},"tablet":{"background-color":"","background-image":"","background-repeat":"repeat","background-position":"center center","background-size":"auto","background-attachment":"scroll","background-type":"","background-media":"","overlay-type":"","overlay-color":"","overlay-opacity":"","overlay-gradient":""},"mobile":{"background-color":"","background-image":"","background-repeat":"repeat","background-position":"center center","background-size":"auto","background-attachment":"scroll","background-type":"","background-media":"","overlay-type":"","overlay-color":"","overlay-opacity":"","overlay-gradient":""}},"ast-content-background-meta":{"desktop":{"background-color":"var(--ast-global-color-5)","background-image":"","background-repeat":"repeat","background-position":"center center","background-size":"auto","background-attachment":"scroll","background-type":"","background-media":"","overlay-type":"","overlay-color":"","overlay-opacity":"","overlay-gradient":""},"tablet":{"background-color":"var(--ast-global-color-5)","background-image":"","background-repeat":"repeat","background-position":"center center","background-size":"auto","background-attachment":"scroll","background-type":"","background-media":"","overlay-type":"","overlay-color":"","overlay-opacity":"","overlay-gradient":""},"mobile":{"background-color":"var(--ast-global-color-5)","background-image":"","background-repeat":"repeat","background-position":"center center","background-size":"auto","background-attachment":"scroll","background-type":"","background-media":"","overlay-type":"","overlay-color":"","overlay-opacity":"","overlay-gradient":""}},"footnotes":""},"class_list":["post-8151","page","type-page","status-publish","hentry"],"post_mailing_queue_ids":[],"_links":{"self":[{"href":"https:\/\/agora-eoi.xtec.cat\/eoitortosa\/wp-json\/wp\/v2\/pages\/8151","targetHints":{"allow":["GET"]}}],"collection":[{"href":"https:\/\/agora-eoi.xtec.cat\/eoitortosa\/wp-json\/wp\/v2\/pages"}],"about":[{"href":"https:\/\/agora-eoi.xtec.cat\/eoitortosa\/wp-json\/wp\/v2\/types\/page"}],"author":[{"embeddable":true,"href":"https:\/\/agora-eoi.xtec.cat\/eoitortosa\/wp-json\/wp\/v2\/users\/1"}],"replies":[{"embeddable":true,"href":"https:\/\/agora-eoi.xtec.cat\/eoitortosa\/wp-json\/wp\/v2\/comments?post=8151"}],"version-history":[{"count":6,"href":"https:\/\/agora-eoi.xtec.cat\/eoitortosa\/wp-json\/wp\/v2\/pages\/8151\/revisions"}],"predecessor-version":[{"id":11028,"href":"https:\/\/agora-eoi.xtec.cat\/eoitortosa\/wp-json\/wp\/v2\/pages\/8151\/revisions\/11028"}],"up":[{"embeddable":true,"href":"https:\/\/agora-eoi.xtec.cat\/eoitortosa\/wp-json\/wp\/v2\/pages\/8149"}],"wp:attachment":[{"href":"https:\/\/agora-eoi.xtec.cat\/eoitortosa\/wp-json\/wp\/v2\/media?parent=8151"}],"curies":[{"name":"wp","href":"https:\/\/api.w.org\/{rel}","templated":true}]}}