{"id":11172,"date":"2025-03-06T13:00:19","date_gmt":"2025-03-06T12:00:19","guid":{"rendered":"https:\/\/agora-eoi.xtec.cat\/eoitortosa\/?page_id=11172"},"modified":"2026-03-23T12:45:15","modified_gmt":"2026-03-23T11:45:15","slug":"mobilitat-en-grup-austria-24-25","status":"publish","type":"page","link":"https:\/\/agora-eoi.xtec.cat\/eoitortosa\/erasmus\/projecte-conectant-a-traves-de-les-llengues\/mobilitat-en-grup-austria-24-25\/","title":{"rendered":"Mobilitat en grup \u00c0ustria 24-25"},"content":{"rendered":"<p>Per\u00edode de sol\u00b7licitud:\u00a0<strong>del 18 de febrer al 5 de mar\u00e7 de 2025<\/strong><\/p>\n<p>Ja podeu consultar la convocat\u00f2ria\u00a0<a href=\"https:\/\/docs.google.com\/document\/d\/1yffzMBzqRy1trDKUF7vPwdka2e-avY1JE0f1wf0go4s\/edit?usp=sharing\">aqu\u00ed<\/a><\/p>\n<p>Publicaci\u00f3 de la<strong>\u00a0<a href=\"https:\/\/docs.google.com\/document\/d\/1BgVMVlnsP0YLFIJwr3jQfYC5R9hGjoIJ-PuUPrJLnUE\/edit?usp=sharing\" target=\"_blank\" rel=\"noopener\">llista provisional<\/a><\/strong> d\u2019alumnat seleccionat (6 de mar\u00e7 de 2025, a les 13:00 h)<\/p>\n<p>Publicaci\u00f3 de la<strong><a href=\"https:\/\/docs.google.com\/document\/d\/1BgVMVlnsP0YLFIJwr3jQfYC5R9hGjoIJ-PuUPrJLnUE\/edit?usp=sharing\"> llista definitiva<\/a><\/strong> d&#8217;alumnat seleccionat (11 de mar\u00e7 de 2025)<\/p>\n<p><a href=\"https:\/\/agora-eoi.xtec.cat\/eoitortosa\/wp-content\/uploads\/usu2262\/2025\/02\/Erasmus-Austria-Publicacio-dInstagram.png\"><img loading=\"lazy\" decoding=\"async\" class=\"size-medium wp-image-11177 alignnone\" src=\"https:\/\/agora-eoi.xtec.cat\/eoitortosa\/wp-content\/uploads\/usu2262\/2025\/02\/Erasmus-Austria-Publicacio-dInstagram-300x300.png\" alt=\"\" width=\"300\" height=\"300\" srcset=\"https:\/\/agora-eoi.xtec.cat\/eoitortosa\/wp-content\/uploads\/usu2262\/2025\/02\/Erasmus-Austria-Publicacio-dInstagram-300x300.png 300w, https:\/\/agora-eoi.xtec.cat\/eoitortosa\/wp-content\/uploads\/usu2262\/2025\/02\/Erasmus-Austria-Publicacio-dInstagram-1024x1024.png 1024w, https:\/\/agora-eoi.xtec.cat\/eoitortosa\/wp-content\/uploads\/usu2262\/2025\/02\/Erasmus-Austria-Publicacio-dInstagram-150x150.png 150w, https:\/\/agora-eoi.xtec.cat\/eoitortosa\/wp-content\/uploads\/usu2262\/2025\/02\/Erasmus-Austria-Publicacio-dInstagram-768x768.png 768w, https:\/\/agora-eoi.xtec.cat\/eoitortosa\/wp-content\/uploads\/usu2262\/2025\/02\/Erasmus-Austria-Publicacio-dInstagram.png 1080w\" sizes=\"auto, (max-width: 300px) 100vw, 300px\" \/><\/a><\/p>\n<p><a href=\"https:\/\/agora-eoi.xtec.cat\/eoitortosa\/wp-content\/uploads\/usu2262\/2025\/04\/es_cofinanciado_por_la_union_europea_pantone.png\"><img loading=\"lazy\" decoding=\"async\" class=\"size-medium wp-image-11205 alignleft\" src=\"https:\/\/agora-eoi.xtec.cat\/eoitortosa\/wp-content\/uploads\/usu2262\/2025\/04\/es_cofinanciado_por_la_union_europea_pantone-300x63.png\" alt=\"\" width=\"300\" height=\"63\" srcset=\"https:\/\/agora-eoi.xtec.cat\/eoitortosa\/wp-content\/uploads\/usu2262\/2025\/04\/es_cofinanciado_por_la_union_europea_pantone-300x63.png 300w, https:\/\/agora-eoi.xtec.cat\/eoitortosa\/wp-content\/uploads\/usu2262\/2025\/04\/es_cofinanciado_por_la_union_europea_pantone-1024x215.png 1024w, https:\/\/agora-eoi.xtec.cat\/eoitortosa\/wp-content\/uploads\/usu2262\/2025\/04\/es_cofinanciado_por_la_union_europea_pantone-768x161.png 768w, https:\/\/agora-eoi.xtec.cat\/eoitortosa\/wp-content\/uploads\/usu2262\/2025\/04\/es_cofinanciado_por_la_union_europea_pantone-1536x322.png 1536w, https:\/\/agora-eoi.xtec.cat\/eoitortosa\/wp-content\/uploads\/usu2262\/2025\/04\/es_cofinanciado_por_la_union_europea_pantone-2048x429.png 2048w\" sizes=\"auto, (max-width: 300px) 100vw, 300px\" \/><\/a><\/p>\n","protected":false},"excerpt":{"rendered":"<p>Per\u00edode de sol\u00b7licitud:\u00a0del 18 de febrer al 5 de mar\u00e7 de 2025 Ja podeu consultar la convocat\u00f2ria\u00a0aqu\u00ed Publicaci\u00f3 de la\u00a0llista provisional d\u2019alumnat seleccionat (6 de mar\u00e7 de 2025, a les 13:00 h) Publicaci\u00f3 de la llista definitiva d&#8217;alumnat seleccionat (11 de mar\u00e7 de 2025)<\/p>\n","protected":false},"author":1,"featured_media":0,"parent":10906,"menu_order":0,"comment_status":"closed","ping_status":"closed","template":"","meta":{"_bbp_topic_count":0,"_bbp_reply_count":0,"_bbp_total_topic_count":0,"_bbp_total_reply_count":0,"_bbp_voice_count":0,"_bbp_anonymous_reply_count":0,"_bbp_topic_count_hidden":0,"_bbp_reply_count_hidden":0,"_bbp_forum_subforum_count":0,"site-sidebar-layout":"default","site-content-layout":"","ast-site-content-layout":"default","site-content-style":"default","site-sidebar-style":"default","ast-global-header-display":"","ast-banner-title-visibility":"","ast-main-header-display":"","ast-hfb-above-header-display":"","ast-hfb-below-header-display":"","ast-hfb-mobile-header-display":"","site-post-title":"","ast-breadcrumbs-content":"","ast-featured-img":"","footer-sml-layout":"","theme-transparent-header-meta":"default","adv-header-id-meta":"","stick-header-meta":"","header-above-stick-meta":"","header-main-stick-meta":"","header-below-stick-meta":"","astra-migrate-meta-layouts":"set","ast-page-background-enabled":"default","ast-page-background-meta":{"desktop":{"background-color":"var(--ast-global-color-4)","background-image":"","background-repeat":"repeat","background-position":"center center","background-size":"auto","background-attachment":"scroll","background-type":"","background-media":"","overlay-type":"","overlay-color":"","overlay-opacity":"","overlay-gradient":""},"tablet":{"background-color":"","background-image":"","background-repeat":"repeat","background-position":"center center","background-size":"auto","background-attachment":"scroll","background-type":"","background-media":"","overlay-type":"","overlay-color":"","overlay-opacity":"","overlay-gradient":""},"mobile":{"background-color":"","background-image":"","background-repeat":"repeat","background-position":"center center","background-size":"auto","background-attachment":"scroll","background-type":"","background-media":"","overlay-type":"","overlay-color":"","overlay-opacity":"","overlay-gradient":""}},"ast-content-background-meta":{"desktop":{"background-color":"var(--ast-global-color-5)","background-image":"","background-repeat":"repeat","background-position":"center center","background-size":"auto","background-attachment":"scroll","background-type":"","background-media":"","overlay-type":"","overlay-color":"","overlay-opacity":"","overlay-gradient":""},"tablet":{"background-color":"var(--ast-global-color-5)","background-image":"","background-repeat":"repeat","background-position":"center center","background-size":"auto","background-attachment":"scroll","background-type":"","background-media":"","overlay-type":"","overlay-color":"","overlay-opacity":"","overlay-gradient":""},"mobile":{"background-color":"var(--ast-global-color-5)","background-image":"","background-repeat":"repeat","background-position":"center center","background-size":"auto","background-attachment":"scroll","background-type":"","background-media":"","overlay-type":"","overlay-color":"","overlay-opacity":"","overlay-gradient":""}},"footnotes":""},"class_list":["post-11172","page","type-page","status-publish","hentry"],"post_mailing_queue_ids":[],"_links":{"self":[{"href":"https:\/\/agora-eoi.xtec.cat\/eoitortosa\/wp-json\/wp\/v2\/pages\/11172","targetHints":{"allow":["GET"]}}],"collection":[{"href":"https:\/\/agora-eoi.xtec.cat\/eoitortosa\/wp-json\/wp\/v2\/pages"}],"about":[{"href":"https:\/\/agora-eoi.xtec.cat\/eoitortosa\/wp-json\/wp\/v2\/types\/page"}],"author":[{"embeddable":true,"href":"https:\/\/agora-eoi.xtec.cat\/eoitortosa\/wp-json\/wp\/v2\/users\/1"}],"replies":[{"embeddable":true,"href":"https:\/\/agora-eoi.xtec.cat\/eoitortosa\/wp-json\/wp\/v2\/comments?post=11172"}],"version-history":[{"count":6,"href":"https:\/\/agora-eoi.xtec.cat\/eoitortosa\/wp-json\/wp\/v2\/pages\/11172\/revisions"}],"predecessor-version":[{"id":11208,"href":"https:\/\/agora-eoi.xtec.cat\/eoitortosa\/wp-json\/wp\/v2\/pages\/11172\/revisions\/11208"}],"up":[{"embeddable":true,"href":"https:\/\/agora-eoi.xtec.cat\/eoitortosa\/wp-json\/wp\/v2\/pages\/10906"}],"wp:attachment":[{"href":"https:\/\/agora-eoi.xtec.cat\/eoitortosa\/wp-json\/wp\/v2\/media?parent=11172"}],"curies":[{"name":"wp","href":"https:\/\/api.w.org\/{rel}","templated":true}]}}