{"id":10625,"date":"2023-07-17T09:35:19","date_gmt":"2023-07-17T07:35:19","guid":{"rendered":"https:\/\/agora-eoi.xtec.cat\/eoitortosa\/?page_id=10625"},"modified":"2024-10-02T18:17:28","modified_gmt":"2024-10-02T16:17:28","slug":"convalidacions-eso-i-batxillerat","status":"publish","type":"page","link":"https:\/\/agora-eoi.xtec.cat\/eoitortosa\/cursos\/programes-del-departament\/convalidacions-eso-i-batxillerat\/","title":{"rendered":"Convalidacions ESO i Batxillerat"},"content":{"rendered":"<p><strong>CONVALIDACIONS ESO<\/strong><\/p>\n<p>L\u2019alumnat que cursa una segona llengua estrangera en una escola oficial d\u2019idiomes, que no s\u2019ofereixi en el centre educatiu, pot sol\u00b7licitar-ne el reconeixement. En aquest cas, l\u2019alumne\/a ha d\u2019acreditar que est\u00e0 matriculat en una EOI i ha de comunicar, si es dona el cas, l\u2019abandonament d\u2019aquests estudis.<\/p>\n<p>El tr\u00e0mit que han de fer les fam\u00edlies dels alumnes \u00e9s el seg\u00fcent:<\/p>\n<p style=\"padding-left: 40px;\">a. Sol\u00b7licitar al centre de secund\u00e0ria el reconeixement dels estudis com a mat\u00e8ria optativa de Segona Llengua Estrangera. Aquesta sol\u00b7licitud cal fer-la cada any<\/p>\n<p style=\"padding-left: 40px;\">b. En la sol\u00b7licitud cal adjuntar el comprovant de matr\u00edcula.<\/p>\n<p style=\"padding-left: 40px;\">c. Presentar al centre, a final de curs, un certificat de superaci\u00f3 dels estudis expedit per l\u2019EOI.<\/p>\n<p>El reconeixement est\u00e0 condicionat a la valoraci\u00f3 favorable del seguiment de l\u2019alumne o alumna. At\u00e8s que totes aquestes possibilitats es fonamenten en el fet de simultaniejar estudis ordinaris, la sol\u00b7licitud s\u2019ha de renovar cada curs. El reconeixement de la formaci\u00f3 en cursos posteriors queda supeditada a l\u2019acreditaci\u00f3 de la superaci\u00f3 del curs previ.<\/p>\n<p><strong>CONVALIDACIONS BATXILLERAT\u00a0<\/strong><\/p>\n<p>Els i les alumnes que cursen el batxillerat i, al mateix temps, una segona llengua estrangera en una escola oficial d\u2019idiomes (EOI) poden sol\u00b7licitar:<\/p>\n<p>A\u00a0<strong>primer curs<\/strong>, la convalidaci\u00f3 de 6 hores setmanals de mat\u00e8ries de la franja d\u2019optatives de qualsevol de les tres franges optatives, si es dona alguna de les condicions seg\u00fcents:<\/p>\n<ul>\n<li>Es cursa a l\u2019EOI amb el nivell B2 o superior una segona llengua estrangera que ofereix el centre.<\/li>\n<li>Es cursa a l\u2019EOI una llengua estrangera que no ofereix el centre.<\/li>\n<\/ul>\n<p>La convalidaci\u00f3 tindr\u00e0 car\u00e0cter anual.<\/p>\n<p>A\u00a0<strong>segon curs<\/strong>, la convalidaci\u00f3 de 4 hores setmanals de mat\u00e8ries optatives, si es dona alguna de les condicions seg\u00fcents:<\/p>\n<ul>\n<li>Es cursa a l\u2019EOI amb el nivell B2 o superior una segona llengua estrangera que ofereix el centre.<\/li>\n<li>Es cursa a l\u2019EOI una llengua estrangera que no ofereix el centre.<\/li>\n<\/ul>\n<p>La sol\u00b7licitud de convalidaci\u00f3 la presenta l\u2019alumne\/a abans del darrer dia lectiu del mes d\u2019octubre al centre on estudia batxillerat, juntament amb el certificat expedit per l\u2019EOI on s\u2019acredita el curs de la segona llengua estrangera que cursa l\u2019alumne\/a. El director o directora del centre resol la sol\u00b7licitud.<\/p>\n<p>La convalidaci\u00f3 est\u00e0 condicionada a la valoraci\u00f3 favorable del seguiment de l\u2019alumne\/a i l\u2019aprofitament del curs a l\u2019EOI, que cal documentar amb un certificat del nivell assolit expedit per la secretaria de l\u2019EOI.<\/p>\n<p><strong>Proc\u00e9s de convalidaci\u00f3<\/strong><\/p>\n<p>Abans del darrer dia lectiu del mes d\u2019octubre, l\u2019alumne\/a presenta al centre on cursa el batxillerat, la Sol\u00b7licitud i el Certificat.<\/p>\n<p>El director o directora del centre resol la sol\u00b7licitud seguint el model de la\u00a0<a href=\"https:\/\/documents.espai.educacio.gencat.cat\/FormularisModels\/CentresGestioAcademica\/A1297.pdf\" target=\"_blank\" rel=\"noreferrer noopener\">Resoluci\u00f3 per la qual es concedeix la convalidaci\u00f3 de mat\u00e8ries optatives de batxillerat basant-se en estudis de cursats en l\u2019EOI\u00a0(CEO3)<\/a>.<\/p>\n<p>El centre notifica per escrit la resoluci\u00f3 a l\u2019alumne\/a. En cas de disconformitat, s\u2019hi pot presentar un recurs davant el director o directora dels serveis territorials o, a la ciutat de Barcelona, davant el o la gerent del Consorci d\u2019Educaci\u00f3 en el termini de cinc dies h\u00e0bils a partir de l\u2019endem\u00e0 de la notificaci\u00f3 de la resoluci\u00f3.<\/p>\n<p>Abans de l\u20191 de desembre del curs escolar corresponent, el centre de batxillerat envia, per valisa electr\u00f2nica, un exemplar de la resoluci\u00f3 a l\u2019EOI, per tal que l\u2019EOI tingui coneixement de la situaci\u00f3 de l\u2019alumne\/a. Si es tracta d\u2019un centre privat, que no disposa d\u2019eValisa, la informaci\u00f3 s\u2019ha d\u2019enviar per petici\u00f3 gen\u00e8rica o com es consideri oport\u00fa.<\/p>\n<p>La convalidaci\u00f3 est\u00e0 condicionada a la valoraci\u00f3 favorable del seguiment de l\u2019alumne o\u00a0 alumna i l\u2019aprofitament del curs a l\u2019EOI, que cal documentar amb el\u00a0<a href=\"https:\/\/documents.espai.educacio.gencat.cat\/FormularisModels\/CentresGestioAcademica\/A1301.pdf\" target=\"_blank\" rel=\"noreferrer noopener\">Certificat d\u2019aprofitament del nivell assolit expedit per la secretaria de l\u2019EOI\u00a0(CEO4)<\/a>.<\/p>\n<p>Durant la primera quinzena del mes de maig, l\u2019EOI ha de comunicar el resultat de l\u2019avaluaci\u00f3 al centre on l\u2019alumne o alumna estudia batxillerat, en qu\u00e8 es faci constar la menci\u00f3 \u201ccursat amb aprofitament\u201d o \u201ccursat sense aprofitament\u201d. L\u2019EOI ha d\u2019enviar aquesta informaci\u00f3 per valisa electr\u00f2nica. Si es tracta d\u2019un centre privat, que no disposa d\u2019eValisa, la informaci\u00f3 s\u2019ha d\u2019enviar per petici\u00f3 gen\u00e8rica o com es consideri oport\u00fa.<\/p>\n","protected":false},"excerpt":{"rendered":"<p>CONVALIDACIONS ESO L\u2019alumnat que cursa una segona llengua estrangera en una escola oficial d\u2019idiomes, que no s\u2019ofereixi en el centre educatiu, pot sol\u00b7licitar-ne el reconeixement. En aquest cas, l\u2019alumne\/a ha d\u2019acreditar que est\u00e0 matriculat en una EOI i ha de comunicar, si es dona el cas, l\u2019abandonament d\u2019aquests estudis. El tr\u00e0mit que han de fer [&hellip;]<\/p>\n","protected":false},"author":1,"featured_media":0,"parent":10623,"menu_order":0,"comment_status":"closed","ping_status":"closed","template":"page-templates\/side-menu.php","meta":{"_bbp_topic_count":0,"_bbp_reply_count":0,"_bbp_total_topic_count":0,"_bbp_total_reply_count":0,"_bbp_voice_count":0,"_bbp_anonymous_reply_count":0,"_bbp_topic_count_hidden":0,"_bbp_reply_count_hidden":0,"_bbp_forum_subforum_count":0,"site-sidebar-layout":"default","site-content-layout":"","ast-site-content-layout":"","site-content-style":"default","site-sidebar-style":"default","ast-global-header-display":"","ast-banner-title-visibility":"","ast-main-header-display":"","ast-hfb-above-header-display":"","ast-hfb-below-header-display":"","ast-hfb-mobile-header-display":"","site-post-title":"","ast-breadcrumbs-content":"","ast-featured-img":"","footer-sml-layout":"","theme-transparent-header-meta":"","adv-header-id-meta":"","stick-header-meta":"","header-above-stick-meta":"","header-main-stick-meta":"","header-below-stick-meta":"","astra-migrate-meta-layouts":"default","ast-page-background-enabled":"default","ast-page-background-meta":{"desktop":{"background-color":"var(--ast-global-color-4)","background-image":"","background-repeat":"repeat","background-position":"center center","background-size":"auto","background-attachment":"scroll","background-type":"","background-media":"","overlay-type":"","overlay-color":"","overlay-opacity":"","overlay-gradient":""},"tablet":{"background-color":"","background-image":"","background-repeat":"repeat","background-position":"center center","background-size":"auto","background-attachment":"scroll","background-type":"","background-media":"","overlay-type":"","overlay-color":"","overlay-opacity":"","overlay-gradient":""},"mobile":{"background-color":"","background-image":"","background-repeat":"repeat","background-position":"center center","background-size":"auto","background-attachment":"scroll","background-type":"","background-media":"","overlay-type":"","overlay-color":"","overlay-opacity":"","overlay-gradient":""}},"ast-content-background-meta":{"desktop":{"background-color":"var(--ast-global-color-5)","background-image":"","background-repeat":"repeat","background-position":"center center","background-size":"auto","background-attachment":"scroll","background-type":"","background-media":"","overlay-type":"","overlay-color":"","overlay-opacity":"","overlay-gradient":""},"tablet":{"background-color":"var(--ast-global-color-5)","background-image":"","background-repeat":"repeat","background-position":"center center","background-size":"auto","background-attachment":"scroll","background-type":"","background-media":"","overlay-type":"","overlay-color":"","overlay-opacity":"","overlay-gradient":""},"mobile":{"background-color":"var(--ast-global-color-5)","background-image":"","background-repeat":"repeat","background-position":"center center","background-size":"auto","background-attachment":"scroll","background-type":"","background-media":"","overlay-type":"","overlay-color":"","overlay-opacity":"","overlay-gradient":""}},"footnotes":""},"class_list":["post-10625","page","type-page","status-publish","hentry"],"post_mailing_queue_ids":[],"_links":{"self":[{"href":"https:\/\/agora-eoi.xtec.cat\/eoitortosa\/wp-json\/wp\/v2\/pages\/10625","targetHints":{"allow":["GET"]}}],"collection":[{"href":"https:\/\/agora-eoi.xtec.cat\/eoitortosa\/wp-json\/wp\/v2\/pages"}],"about":[{"href":"https:\/\/agora-eoi.xtec.cat\/eoitortosa\/wp-json\/wp\/v2\/types\/page"}],"author":[{"embeddable":true,"href":"https:\/\/agora-eoi.xtec.cat\/eoitortosa\/wp-json\/wp\/v2\/users\/1"}],"replies":[{"embeddable":true,"href":"https:\/\/agora-eoi.xtec.cat\/eoitortosa\/wp-json\/wp\/v2\/comments?post=10625"}],"version-history":[{"count":4,"href":"https:\/\/agora-eoi.xtec.cat\/eoitortosa\/wp-json\/wp\/v2\/pages\/10625\/revisions"}],"predecessor-version":[{"id":11030,"href":"https:\/\/agora-eoi.xtec.cat\/eoitortosa\/wp-json\/wp\/v2\/pages\/10625\/revisions\/11030"}],"up":[{"embeddable":true,"href":"https:\/\/agora-eoi.xtec.cat\/eoitortosa\/wp-json\/wp\/v2\/pages\/10623"}],"wp:attachment":[{"href":"https:\/\/agora-eoi.xtec.cat\/eoitortosa\/wp-json\/wp\/v2\/media?parent=10625"}],"curies":[{"name":"wp","href":"https:\/\/api.w.org\/{rel}","templated":true}]}}