{"id":8414,"date":"2016-06-14T14:55:48","date_gmt":"2016-06-14T13:55:48","guid":{"rendered":"http:\/\/agora-eoi.xtec.cat\/eoiterrassa\/?page_id=8414"},"modified":"2026-03-23T17:07:52","modified_gmt":"2026-03-23T16:07:52","slug":"biblioteca","status":"publish","type":"page","link":"https:\/\/agora-eoi.xtec.cat\/eoiterrassa\/biblioteca\/biblioteca\/","title":{"rendered":"Biblioteca i sala polivalent"},"content":{"rendered":"\r\n\t<div class=\"slideshow_container slideshow_container_style-light\" style=\"height: 300px; \" data-slideshow-id=\"9071\" data-style-name=\"style-light\" data-style-version=\"2.3.1\" >\r\n\r\n\t\t\t\t\t<div class=\"slideshow_loading_icon\"><\/div>\r\n\t\t\r\n\t\t<div class=\"slideshow_content\" style=\"display: none;\">\r\n\r\n\t\t\t<div class=\"slideshow_view\">\r\n\t\t\t\t<div class=\"slideshow_slide slideshow_slide_image\">\r\n\t\t\t\t\t\t\t\t\t\t\t<img src=\"https:\/\/agora-eoi.xtec.cat\/eoiterrassa\/wp-content\/uploads\/usu2242\/2021\/01\/bibliotca4.jpg\" alt=\"bibliotca4\" width=\"1600\" height=\"1200\" \/>\r\n\t\t\t\t\t\t\t\t\t\t<div class=\"slideshow_description_box slideshow_transparent\">\r\n\t\t\t\t\t\t<div class=\"slideshow_title\">bibliotca4<\/div>\t\t\t\t\t\t\t\t\t\t\t<\/div>\r\n\t\t\t\t<\/div>\r\n\r\n\t\t\t\t\t\t<div style=\"clear: both;\"><\/div><\/div><div class=\"slideshow_view\">\r\n\t\t\t\t<div class=\"slideshow_slide slideshow_slide_image\">\r\n\t\t\t\t\t\t\t\t\t\t\t<img src=\"https:\/\/agora-eoi.xtec.cat\/eoiterrassa\/wp-content\/uploads\/usu2242\/2021\/01\/biblioteca1-e1611306745710.jpg\" alt=\"biblioteca1\" width=\"300\" height=\"400\" \/>\r\n\t\t\t\t\t\t\t\t\t\t<div class=\"slideshow_description_box slideshow_transparent\">\r\n\t\t\t\t\t\t<div class=\"slideshow_title\">biblioteca1<\/div>\t\t\t\t\t\t\t\t\t\t\t<\/div>\r\n\t\t\t\t<\/div>\r\n\r\n\t\t\t\t\t\t<div style=\"clear: both;\"><\/div><\/div><div class=\"slideshow_view\">\r\n\t\t\t\t<div class=\"slideshow_slide slideshow_slide_image\">\r\n\t\t\t\t\t\t\t\t\t\t\t<img src=\"https:\/\/agora-eoi.xtec.cat\/eoiterrassa\/wp-content\/uploads\/usu2242\/2021\/01\/Biblioteca2.jpg\" alt=\"Biblioteca2\" width=\"4032\" height=\"3024\" \/>\r\n\t\t\t\t\t\t\t\t\t\t<div class=\"slideshow_description_box slideshow_transparent\">\r\n\t\t\t\t\t\t<div class=\"slideshow_title\">Biblioteca2<\/div>\t\t\t\t\t\t\t\t\t\t\t<\/div>\r\n\t\t\t\t<\/div>\r\n\r\n\t\t\t\t\t\t<div style=\"clear: both;\"><\/div><\/div><div class=\"slideshow_view\">\r\n\t\t\t\t<div class=\"slideshow_slide slideshow_slide_image\">\r\n\t\t\t\t\t\t\t\t\t\t\t<img src=\"https:\/\/agora-eoi.xtec.cat\/eoiterrassa\/wp-content\/uploads\/usu2242\/2021\/01\/bilbioteca3.jpg\" alt=\"bilbioteca3\" width=\"1600\" height=\"1200\" \/>\r\n\t\t\t\t\t\t\t\t\t\t<div class=\"slideshow_description_box slideshow_transparent\">\r\n\t\t\t\t\t\t<div class=\"slideshow_title\">bilbioteca3<\/div>\t\t\t\t\t\t\t\t\t\t\t<\/div>\r\n\t\t\t\t<\/div>\r\n\r\n\t\t\t\t\t\t<div style=\"clear: both;\"><\/div><\/div>\r\n\t\t<\/div>\r\n\r\n\t\t<div class=\"slideshow_controlPanel slideshow_transparent\" style=\"display: none;\"><ul><li class=\"slideshow_togglePlay\" data-play-text=\"Visualitza\" data-pause-text=\"Pausa\"><\/li><\/ul><\/div>\r\n\r\n\t\t<div class=\"slideshow_button slideshow_previous slideshow_transparent\" role=\"button\" data-previous-text=\"Anterior\" style=\"display: none;\"><\/div>\r\n\t\t<div class=\"slideshow_button slideshow_next slideshow_transparent\" role=\"button\" data-next-text=\"Seg\u00fcent\" style=\"display: none;\"><\/div>\r\n\r\n\t\t<div class=\"slideshow_pagination\" style=\"display: none;\" data-go-to-text=\"V\u00e9s a la diapositiva\"><div class=\"slideshow_pagination_center\"><\/div><\/div>\r\n\r\n\t\t<!-- WordPress Slideshow Version 2.3.1 -->\r\n\r\n\t\t\t<\/div>\r\n\r\n\n<p><strong>BIBLIOTECA\u00a0\u00a0<\/strong><\/p>\n<table style=\"width: 521px;\">\n<tbody>\n<tr>\n<td style=\"width: 41px;\"><strong>\u00a01.<\/strong><\/td>\n<td style=\"width: 472px;\"><b><a href=\"#1\">Horaris<\/a><\/b><\/td>\n<\/tr>\n<tr>\n<td style=\"width: 41px;\"><b>2.<\/b><\/td>\n<td style=\"width: 472px;\"><a href=\"#2\"><b>Usuaris<\/b><\/a><\/td>\n<\/tr>\n<tr>\n<td style=\"width: 41px;\"><b>3.<\/b><\/td>\n<td style=\"width: 472px;\"><b><a href=\"#3\">Equipament<\/a><\/b><\/td>\n<\/tr>\n<tr>\n<td style=\"width: 41px;\"><b>4.<\/b><\/td>\n<td style=\"width: 472px;\"><b><a href=\"#4\">Normes d&#8217;\u00fas<\/a><\/b><\/td>\n<\/tr>\n<\/tbody>\n<\/table>\n<p><b>\u00a0 <a href=\"https:\/\/aplicacions.gestioeducativa.gencat.cat\/epergam\/web\/biblioteca.jsp?codi=08053194\" target=\"_blank\" rel=\"noopener noreferrer\"><img loading=\"lazy\" decoding=\"async\" class=\"alignnone wp-image-9291 size-full\" src=\"https:\/\/agora-eoi.xtec.cat\/eoiterrassa\/wp-content\/uploads\/usu2242\/2017\/04\/epergam.jpeg\" alt=\"epergam\" width=\"79\" height=\"30\" \/><\/a>\u00a0 \u00a0 \u00a0 \u00a0 \u00a0 \u00a0 \u00a0 \u00a0 \u00a0 \u00a0 \u00a0 \u00a0 \u00a0 \u00a0 \u00a0 \u00a0 \u00a0 \u00a0 \u00a0 \u00a0 \u00a0 \u00a0 \u00a0 \u00a0 \u00a0 \u00a0 \u00a0 \u00a0 \u00a0 \u00a0 \u00a0 mail: <a href=\"mailto:biblioteca@eoiterrassa.cat\" target=\"_blank\" rel=\"noopener noreferrer\">biblioteca@eoiterrassa.cat<\/a> \u00a0 <span style=\"color: #ff0000;\">\u00a0<\/span>\u00a0 \u00a0 \u00a0\u00a0<\/b><\/p>\n<hr align=\"left\" width=\"100%\" \/>\n<p style=\"text-align: justify;\">La biblioteca i Centre d&#8217;Autoaprenentatge va ser creada l&#8217;octubre de 1998 i \u00e9s finan\u00e7ada amb el pagament dels 30\u20ac per acc\u00e9s a la plataforma i materials did\u00e0ctics dels alumnes de l&#8217;Escola Oficial d&#8217;Idiomes de Terrassa.<\/p>\n<p style=\"text-align: justify;\">\u00c9s una biblioteca especialitzada en idiomes i ofereix material bibliogr\u00e0fic sobre temes de llengua, literatura i cultura dels idiomes impartits al centre (actualment alemany, angl\u00e8s, \u00e0rab, franc\u00e8s i itali\u00e0). La biblioteca vol ser un espai per continuar i consolidar l&#8217;aprenentatge fora de l&#8217;aula.<\/p>\n<p style=\"text-align: justify;\"><b><a name=\"1\"><\/a><\/b><\/p>\n<hr align=\"left\" width=\"100%\" \/>\n<p><b>1.Horaris<\/b><b><\/b><\/p>\n<ul>\n<li>Per\u00edode lectiu: <strong>Mat\u00ed<\/strong>: dimarts, dimecres i dijous de 10.30 h a 12.30 h. <strong>Tarda<\/strong>: de dilluns a dijous de 17.30 h a 19.30 h<\/li>\n<li>En cas que la biblioteca estigui tancada, la devoluci\u00f3 del material en pr\u00e9stec es far\u00e0 a consergeria durant l&#8217;horari de funcionament de l&#8217;escola.<\/li>\n<\/ul>\n<div align=\"right\"><\/div>\n<p><b><a name=\"2\"><\/a><\/b><\/p>\n<hr align=\"left\" width=\"100%\" \/>\n<p style=\"word-spacing: 0; line-height: 100%; text-indent: 0; margin: 5 0 5 0;\"><b>2. Usuaris<\/b><\/p>\n<p style=\"text-align: justify;\">Per fer \u00fas del servei de pr\u00e9stec cal presentar a la biblioteca\u00a0el carnet d\u2019estudiant de l\u2019escola. Per descarregar-vos-el o imprimir-vos-el, heu d&#8217;anar al vostre expedient clicant al web de l&#8217;escola l&#8217;icona del birret (<a href=\"https:\/\/www.informaticacentros.com\/centrosnet\/ultralogin.php?tcentro=EOI&amp;centro=b05\" target=\"_blank\" rel=\"noopener\" data-saferedirecturl=\"https:\/\/www.google.com\/url?q=https:\/\/www.informaticacentros.com\/centrosnet\/ultralogin.php?tcentro%3DEOI%26centro%3Db05&amp;source=gmail&amp;ust=1666855850168000&amp;usg=AOvVaw3zwwVyw6IwTRGDajtnyItO\">\u00c0rea alumnat<\/a>).<\/p>\n<p>Les persones que no s\u00f3n alumnes de l&#8217;escola poden accedir al pr\u00e9stec omplint un formulari i pagant 10\u20ac. M\u00e9s informaci\u00f3 <span style=\"color: #993300;\"><strong><a href=\"https:\/\/agora-eoi.xtec.cat\/eoiterrassa\/cafeteria-sala-estudis\/acces-biblioteca-usuari-extern\/\">AQU\u00cd<\/a>.<\/strong><\/span><\/p>\n<p style=\"text-align: justify;\"><b><a name=\"3\"><\/a><\/b><\/p>\n<hr align=\"left\" width=\"100%\" \/>\n<p style=\"word-spacing: 0; line-height: 100%; text-indent: 0; margin: 5 0 5 0;\"><b>3. Equipament<\/b><\/p>\n<hr align=\"left\" width=\"100%\" \/>\n<ul>\n<li><b>Fons<\/b> La biblioteca disposa actualment d&#8217;un fons de 480 DVDs i 10.000 documents classificats de la seg\u00fcent manera:<\/li>\n<\/ul>\n<blockquote><p><span style=\"color: #000000;\">&#8211; Lectures<\/span><br \/>\n<span style=\"color: #000000;\">&#8211; M\u00e8todes<\/span><br \/>\n<span style=\"color: #000000;\">&#8211; Llibres d&#8217;exercicis<\/span><br \/>\n<span style=\"color: #000000;\">&#8211; Gram\u00e0tiques<\/span><br \/>\n<span style=\"color: #000000;\">&#8211; Diccionaris<\/span><br \/>\n<span style=\"color: #000000;\">&#8211; Revistes i diaris<\/span><br \/>\n<span style=\"color: #000000;\">&#8211; Mapes i informacions tur\u00edstiques<\/span><br \/>\n<span style=\"color: #000000;\">&#8211; M\u00fasica<\/span><br \/>\n<span style=\"color: #000000;\">&#8211; DVDs i CDs<\/span><br \/>\n<span style=\"color: #000000;\">&#8211; Fitxes d&#8217;autoaprenentatge (vocabulari, comprensi\u00f3 escrita, comprensi\u00f3 oral, gram\u00e0tica i m\u00fasica) <\/span><br \/>\n<span style=\"color: #000000;\">&#8211; Exemples d&#8217;ex\u00e0mens oficials<\/span><\/p><\/blockquote>\n<div align=\"right\"><\/div>\n<blockquote><p><span style=\"color: #000000;\">Tamb\u00e9 posa a disposici\u00f3 dels usuaris <\/span><br \/>\n<span style=\"color: #000000;\">&#8211; ordinadors amb acc\u00e9s a Internet<\/span><br \/>\n<span style=\"color: #000000;\">&#8211; reproductors de DVD, CD<\/span><\/p><\/blockquote>\n<ul>\n<li><b>Material de curs<\/b><br \/>\nEspai reservat per als materials i lectures obligat\u00f2ries i recomanats durant el curs actual.<\/li>\n<\/ul>\n<p><b><a name=\"4\"><\/a><\/b><\/p>\n<hr align=\"left\" width=\"100%\" \/>\n<p style=\"word-spacing: 0; line-height: 100%; text-indent: 0; margin: 5 0 5 0;\"><b>4. Normes d&#8217;\u00fas\u00a0\u00a0\u00a0\u00a0\u00a0 <\/b><\/p>\n<hr align=\"left\" width=\"100%\" \/>\n<ul>\n<li><b>Internet:<\/b> Temps de connexi\u00f3 per un per\u00edode no superior a 20 minuts per persona (en horari de m\u00e0xima aflu\u00e8ncia)<\/li>\n<\/ul>\n<ul>\n<li><b>Pr\u00e9stec: <\/b>Es poden agafar simult\u00e0niament:<\/li>\n<\/ul>\n<table border=\"0\" width=\"86%\" cellspacing=\"1\" align=\"center\">\n<tbody>\n<tr>\n<td width=\"36%\">3 Llibres de lectura<\/td>\n<td width=\"64%\">3 setmanes<\/td>\n<\/tr>\n<tr>\n<td width=\"36%\">1 Llibre de lectura obligat\u00f2ria<\/td>\n<td width=\"64%\">1 setmana<\/td>\n<\/tr>\n<tr>\n<td width=\"36%\">1 DVD<\/td>\n<td width=\"64%\">1 setmana<\/td>\n<\/tr>\n<tr>\n<td width=\"36%\">2 llibres de text<\/td>\n<td width=\"64%\">1 setmana<\/td>\n<\/tr>\n<tr>\n<td width=\"36%\">1 llibre de gram\u00e0tica<\/td>\n<td width=\"64%\">1 setmana<\/td>\n<\/tr>\n<tr>\n<td width=\"36%\">2 revistes o diaris<\/td>\n<td width=\"64%\">2 setmanes<\/td>\n<\/tr>\n<tr>\n<td width=\"36%\">1 CD-Rom<\/td>\n<td width=\"64%\">1 setmana<\/td>\n<\/tr>\n<tr>\n<td width=\"36%\">1 CD-Audio<\/td>\n<td width=\"64%\">1 setmana<\/td>\n<\/tr>\n<tr>\n<td width=\"36%\">3 fitxes d&#8217;autoaprenentatge<\/td>\n<td width=\"64%\">1 setmana<\/td>\n<\/tr>\n<\/tbody>\n<\/table>\n<p style=\"padding-left: 40px;\"><b><span style=\"color: #000000;\">Excl\u00f2s de Pr\u00e9stec:<\/span><\/b><br \/>\n<span style=\"color: #000000;\">Algunes obres de consulta<\/span><br \/>\n<span style=\"color: #000000;\">Diccionaris<\/span><br \/>\n<span style=\"color: #000000;\">Revistes actuals<\/span><\/p>\n<ul style=\"list-style-type: disc;\">\n<li><b><span style=\"color: #000000;\">Pr\u00e9stec d&#8217;estiu:\u00a0<\/span><\/b>Quan acabin les classes es pot demanar material en pr\u00e9stec, que s&#8217;haur\u00e0 de tornar a primers d&#8217;octubre, com a molt tard. Es pot agafar 5 documents (llibres , revistes, DVD, etc.)<\/li>\n<\/ul>\n<ul style=\"list-style-type: disc;\">\n<li><b>Reserves: <\/b>Es pot fer reserva de qualsevol material que es pugui agafar en pr\u00e9stec. La reserva es pot fer a la mateixa biblioteca o per correu electr\u00f2nic.<\/li>\n<\/ul>\n<ul style=\"list-style-type: disc;\">\n<li><b>Pr\u00f2rrogues: <\/b>Es pot demanar una pr\u00f2rroga del material prestat sempre i quan no estigui reservat.<\/li>\n<\/ul>\n<ul style=\"list-style-type: disc;\">\n<li><b>Retards:<\/b> Cal retornar el material en el dia establert. En cas contrari s&#8217;aplicar\u00e0 una penalitzaci\u00f3 que consistir\u00e0 en no poder endur-se material durant dos mesos. A principi de curs no es renovar\u00e0 el carnet als usuaris que encara no hagin retornat material prestat el curs anterior (excepte pr\u00e9stec d&#8217;estiu).<\/li>\n<\/ul>\n<ul style=\"list-style-type: disc;\">\n<li><b>P\u00e8rdua:<\/b> Recordeu que els materials no es poden guixar, ni subratllar ni marcar. En cas de p\u00e8rdua o deteriorament, l&#8217;usuari haur\u00e0 d&#8217;adquirir la mateixa edici\u00f3 o abonar el seu import de reposici\u00f3.<\/li>\n<\/ul>\n","protected":false},"excerpt":{"rendered":"<p>BIBLIOTECA\u00a0\u00a0 \u00a01. Horaris 2. Usuaris 3. Equipament 4. Normes d&#8217;\u00fas \u00a0 \u00a0 \u00a0 \u00a0 \u00a0 \u00a0 \u00a0 \u00a0 \u00a0 \u00a0 \u00a0 \u00a0 \u00a0 \u00a0 \u00a0 \u00a0 \u00a0 \u00a0 \u00a0 \u00a0 \u00a0 \u00a0 \u00a0 \u00a0 \u00a0 \u00a0 \u00a0 \u00a0 \u00a0 \u00a0 \u00a0 \u00a0 mail: biblioteca@eoiterrassa.cat \u00a0 \u00a0\u00a0 \u00a0 \u00a0\u00a0 La biblioteca i Centre d&#8217;Autoaprenentatge va ser [&hellip;]<\/p>\n","protected":false},"author":1,"featured_media":0,"parent":14215,"menu_order":40,"comment_status":"closed","ping_status":"closed","template":"","meta":{"site-sidebar-layout":"default","site-content-layout":"","ast-site-content-layout":"default","site-content-style":"default","site-sidebar-style":"default","ast-global-header-display":"","ast-banner-title-visibility":"","ast-main-header-display":"","ast-hfb-above-header-display":"","ast-hfb-below-header-display":"","ast-hfb-mobile-header-display":"","site-post-title":"","ast-breadcrumbs-content":"","ast-featured-img":"","footer-sml-layout":"","theme-transparent-header-meta":"","adv-header-id-meta":"","stick-header-meta":"","header-above-stick-meta":"","header-main-stick-meta":"","header-below-stick-meta":"","astra-migrate-meta-layouts":"set","ast-page-background-enabled":"default","ast-page-background-meta":{"desktop":{"background-color":"var(--ast-global-color-4)","background-image":"","background-repeat":"repeat","background-position":"center center","background-size":"auto","background-attachment":"scroll","background-type":"","background-media":"","overlay-type":"","overlay-color":"","overlay-opacity":"","overlay-gradient":""},"tablet":{"background-color":"","background-image":"","background-repeat":"repeat","background-position":"center center","background-size":"auto","background-attachment":"scroll","background-type":"","background-media":"","overlay-type":"","overlay-color":"","overlay-opacity":"","overlay-gradient":""},"mobile":{"background-color":"","background-image":"","background-repeat":"repeat","background-position":"center center","background-size":"auto","background-attachment":"scroll","background-type":"","background-media":"","overlay-type":"","overlay-color":"","overlay-opacity":"","overlay-gradient":""}},"ast-content-background-meta":{"desktop":{"background-color":"var(--ast-global-color-5)","background-image":"","background-repeat":"repeat","background-position":"center center","background-size":"auto","background-attachment":"scroll","background-type":"","background-media":"","overlay-type":"","overlay-color":"","overlay-opacity":"","overlay-gradient":""},"tablet":{"background-color":"var(--ast-global-color-5)","background-image":"","background-repeat":"repeat","background-position":"center center","background-size":"auto","background-attachment":"scroll","background-type":"","background-media":"","overlay-type":"","overlay-color":"","overlay-opacity":"","overlay-gradient":""},"mobile":{"background-color":"var(--ast-global-color-5)","background-image":"","background-repeat":"repeat","background-position":"center center","background-size":"auto","background-attachment":"scroll","background-type":"","background-media":"","overlay-type":"","overlay-color":"","overlay-opacity":"","overlay-gradient":""}},"footnotes":""},"class_list":["post-8414","page","type-page","status-publish","hentry"],"post_mailing_queue_ids":[],"_links":{"self":[{"href":"https:\/\/agora-eoi.xtec.cat\/eoiterrassa\/wp-json\/wp\/v2\/pages\/8414","targetHints":{"allow":["GET"]}}],"collection":[{"href":"https:\/\/agora-eoi.xtec.cat\/eoiterrassa\/wp-json\/wp\/v2\/pages"}],"about":[{"href":"https:\/\/agora-eoi.xtec.cat\/eoiterrassa\/wp-json\/wp\/v2\/types\/page"}],"author":[{"embeddable":true,"href":"https:\/\/agora-eoi.xtec.cat\/eoiterrassa\/wp-json\/wp\/v2\/users\/1"}],"replies":[{"embeddable":true,"href":"https:\/\/agora-eoi.xtec.cat\/eoiterrassa\/wp-json\/wp\/v2\/comments?post=8414"}],"version-history":[{"count":5,"href":"https:\/\/agora-eoi.xtec.cat\/eoiterrassa\/wp-json\/wp\/v2\/pages\/8414\/revisions"}],"predecessor-version":[{"id":20460,"href":"https:\/\/agora-eoi.xtec.cat\/eoiterrassa\/wp-json\/wp\/v2\/pages\/8414\/revisions\/20460"}],"up":[{"embeddable":true,"href":"https:\/\/agora-eoi.xtec.cat\/eoiterrassa\/wp-json\/wp\/v2\/pages\/14215"}],"wp:attachment":[{"href":"https:\/\/agora-eoi.xtec.cat\/eoiterrassa\/wp-json\/wp\/v2\/media?parent=8414"}],"curies":[{"name":"wp","href":"https:\/\/api.w.org\/{rel}","templated":true}]}}