{"id":8158,"date":"2016-06-08T16:47:01","date_gmt":"2016-06-08T15:47:01","guid":{"rendered":"http:\/\/agora-eoi.xtec.cat\/eoiterrassa\/?page_id=8158"},"modified":"2017-04-28T12:10:08","modified_gmt":"2017-04-28T10:10:08","slug":"credits-universitaris","status":"publish","type":"page","link":"https:\/\/agora-eoi.xtec.cat\/eoiterrassa\/credits-universitaris\/","title":{"rendered":"Cr\u00e8dits universitaris"},"content":{"rendered":"<p style=\"word-spacing: 0; line-height: 100%; text-indent: 0; margin: 5 0 5 0;\"><b><a><br \/>\n<\/a><\/b><\/p>\n<p style=\"text-align: justify;\">Els estudis presencials (oficials i cursos d&#8217;estiu) realitzats a la nostra escola s\u00f3n reconeguts per les universitats com a cr\u00e8dits de lliure elecci\u00f3.<\/p>\n<p style=\"text-align: justify;\">\u00c9s la secretaria de cada facultat qui us podr\u00e0 informar del nombre de cr\u00e8dits que convalidaran i de la documentaci\u00f3 que cal presentar. Per donar-vos aquesta informaci\u00f3 els haureu de facilitar el nombre d&#8217;hores lectives dels nostres cursos:<\/p>\n<p style=\"text-align: justify;\">Ensenyament oficial: 130 h\/ any.<br \/>\nCursos d&#8217;estiu: 80 h \/ curs.<\/p>\n<p style=\"text-align: justify;\">Tamb\u00e9 us haureu d&#8217;informar si per concedir-vos els cr\u00e8dits cal que hagueu superat el curs o \u00e9s suficient amb l&#8217;assist\u00e8ncia.<\/p>\n<p style=\"text-align: justify;\"><b><a><br \/>\n<\/a><\/b><\/p>\n<p>&nbsp;<\/p>\n","protected":false},"excerpt":{"rendered":"<p>Els estudis presencials (oficials i cursos d&#8217;estiu) realitzats a la nostra escola s\u00f3n reconeguts per les universitats com a cr\u00e8dits de lliure elecci\u00f3. \u00c9s la secretaria de cada facultat qui us podr\u00e0 informar del nombre de cr\u00e8dits que convalidaran i de la documentaci\u00f3 que cal presentar. Per donar-vos aquesta informaci\u00f3 els haureu de facilitar el [&hellip;]<\/p>\n","protected":false},"author":1,"featured_media":0,"parent":0,"menu_order":30,"comment_status":"closed","ping_status":"closed","template":"","meta":{"site-sidebar-layout":"default","site-content-layout":"","ast-site-content-layout":"","site-content-style":"default","site-sidebar-style":"default","ast-global-header-display":"","ast-banner-title-visibility":"","ast-main-header-display":"","ast-hfb-above-header-display":"","ast-hfb-below-header-display":"","ast-hfb-mobile-header-display":"","site-post-title":"","ast-breadcrumbs-content":"","ast-featured-img":"","footer-sml-layout":"","theme-transparent-header-meta":"","adv-header-id-meta":"","stick-header-meta":"","header-above-stick-meta":"","header-main-stick-meta":"","header-below-stick-meta":"","astra-migrate-meta-layouts":"default","ast-page-background-enabled":"default","ast-page-background-meta":{"desktop":{"background-color":"var(--ast-global-color-4)","background-image":"","background-repeat":"repeat","background-position":"center center","background-size":"auto","background-attachment":"scroll","background-type":"","background-media":"","overlay-type":"","overlay-color":"","overlay-opacity":"","overlay-gradient":""},"tablet":{"background-color":"","background-image":"","background-repeat":"repeat","background-position":"center center","background-size":"auto","background-attachment":"scroll","background-type":"","background-media":"","overlay-type":"","overlay-color":"","overlay-opacity":"","overlay-gradient":""},"mobile":{"background-color":"","background-image":"","background-repeat":"repeat","background-position":"center center","background-size":"auto","background-attachment":"scroll","background-type":"","background-media":"","overlay-type":"","overlay-color":"","overlay-opacity":"","overlay-gradient":""}},"ast-content-background-meta":{"desktop":{"background-color":"var(--ast-global-color-5)","background-image":"","background-repeat":"repeat","background-position":"center center","background-size":"auto","background-attachment":"scroll","background-type":"","background-media":"","overlay-type":"","overlay-color":"","overlay-opacity":"","overlay-gradient":""},"tablet":{"background-color":"var(--ast-global-color-5)","background-image":"","background-repeat":"repeat","background-position":"center center","background-size":"auto","background-attachment":"scroll","background-type":"","background-media":"","overlay-type":"","overlay-color":"","overlay-opacity":"","overlay-gradient":""},"mobile":{"background-color":"var(--ast-global-color-5)","background-image":"","background-repeat":"repeat","background-position":"center center","background-size":"auto","background-attachment":"scroll","background-type":"","background-media":"","overlay-type":"","overlay-color":"","overlay-opacity":"","overlay-gradient":""}},"footnotes":""},"class_list":["post-8158","page","type-page","status-publish","hentry"],"post_mailing_queue_ids":[],"_links":{"self":[{"href":"https:\/\/agora-eoi.xtec.cat\/eoiterrassa\/wp-json\/wp\/v2\/pages\/8158","targetHints":{"allow":["GET"]}}],"collection":[{"href":"https:\/\/agora-eoi.xtec.cat\/eoiterrassa\/wp-json\/wp\/v2\/pages"}],"about":[{"href":"https:\/\/agora-eoi.xtec.cat\/eoiterrassa\/wp-json\/wp\/v2\/types\/page"}],"author":[{"embeddable":true,"href":"https:\/\/agora-eoi.xtec.cat\/eoiterrassa\/wp-json\/wp\/v2\/users\/1"}],"replies":[{"embeddable":true,"href":"https:\/\/agora-eoi.xtec.cat\/eoiterrassa\/wp-json\/wp\/v2\/comments?post=8158"}],"version-history":[{"count":4,"href":"https:\/\/agora-eoi.xtec.cat\/eoiterrassa\/wp-json\/wp\/v2\/pages\/8158\/revisions"}],"predecessor-version":[{"id":9377,"href":"https:\/\/agora-eoi.xtec.cat\/eoiterrassa\/wp-json\/wp\/v2\/pages\/8158\/revisions\/9377"}],"wp:attachment":[{"href":"https:\/\/agora-eoi.xtec.cat\/eoiterrassa\/wp-json\/wp\/v2\/media?parent=8158"}],"curies":[{"name":"wp","href":"https:\/\/api.w.org\/{rel}","templated":true}]}}