{"id":20749,"date":"2026-04-23T20:42:03","date_gmt":"2026-04-23T18:42:03","guid":{"rendered":"https:\/\/agora-eoi.xtec.cat\/eoiterrassa\/?page_id=20749"},"modified":"2026-04-23T20:42:04","modified_gmt":"2026-04-23T18:42:04","slug":"renuncia-amb-devolucio-de-taxes-o-preus-publics","status":"publish","type":"page","link":"https:\/\/agora-eoi.xtec.cat\/eoiterrassa\/renuncia-amb-devolucio-de-taxes-o-preus-publics\/","title":{"rendered":"Ren\u00fancia amb devoluci\u00f3 de taxes o preus p\u00fablics"},"content":{"rendered":"\n<p>Les taxes de la matr\u00edcula a les EOI nom\u00e9s es poden retornar en els sup\u00f2sits que s\u2019indiquen a continuaci\u00f3 i dins dels terminis que, quan escau, s\u2019assenyalen:<\/p>\n\n\n\n<ul class=\"wp-block-list\">\n<li>Ren\u00fancia a la matr\u00edcula oficial, quan la ren\u00fancia i la sol\u00b7licitud de retorn de taxes o preus p\u00fablics es produeixin fins<strong>\u00a0el 10 d\u2019octubre de 2025.<\/strong><\/li>\n\n\n\n<li>Ren\u00fancia a la inscripci\u00f3 a les proves lliures per a l\u2019obtenci\u00f3 del certificat de nivell intermedi B1, del certificat de nivell intermedi B2 o del certificat de nivell avan\u00e7at C1, quan la ren\u00fancia i la sol\u00b7licitud de retorn de taxes es produeixin amb antelaci\u00f3 a la data de publicaci\u00f3 de les llistes definitives d\u2019admesos.<\/li>\n\n\n\n<li>Pagaments duplicats o per import superior, per l\u2019exc\u00e9s de pagament.<\/li>\n\n\n\n<li>No aplicaci\u00f3 de bonificacions o exempcions a les quals l\u2019alumne o alumna t\u00e9 dret en el moment de la matriculaci\u00f3, per l\u2019import corresponent.<\/li>\n\n\n\n<li>No prestaci\u00f3 del servei per causes no imputables a l\u2019alumne o alumna. No es consideren sup\u00f2sits de for\u00e7a major els canvis en l\u2019horari laboral, ni els canvis de domicili o similars.<\/li>\n\n\n\n<li>En cas de trasllat a una altra comunitat aut\u00f2noma, l\u2019alumne o alumna pot sol\u00b7licitar el retorn de taxes o preus p\u00fablics abans del darrer dia h\u00e0bil de novembre.<\/li>\n<\/ul>\n\n\n\n<p><strong>&nbsp;<\/strong><strong>Vies de sol\u00b7licitud<\/strong><\/p>\n\n\n\n<ol class=\"wp-block-list\">\n<li>Preferiblement de manera telem\u00e0tica\u00a0entrant\u00a0<strong><u><a href=\"https:\/\/web.gencat.cat\/ca\/tramits\/tramits-temes\/devolucio-ingressos-indeguts\">AQU\u00cd<\/a><\/u>.\u00a0<\/strong>Les persones que no disposen dels mitjans o dels coneixements necessaris per fer el tr\u00e0mit en l\u00ednia, poden fer-lo a trav\u00e9s de les Oficines de Registre dels serveis centrals d\u2019Educaci\u00f3 i dels serveis territorials, utilitzant el servei de \u201ctramitaci\u00f3 atesa\u201d. Aquest servei ofereix assist\u00e8ncia per poder dur a terme el tr\u00e0mit sense dificultats.<\/li>\n\n\n\n<li>En cas de no poder fer la gesti\u00f3 telem\u00e0ticament es podr\u00e0 realitzar de manera presencial a la secretaria de l\u2019escola en l\u2019horari d\u2019atenci\u00f3 a l\u2019alumnat. La sol\u00b7licitud corresponent a emplenar es facilitar\u00e0 a la secretaria del centre.<\/li>\n<\/ol>\n\n\n\n<p>Documentaci\u00f3 que s\u2019ha de presentar per sol\u00b7licitar la devoluci\u00f3 de taxes:<\/p>\n\n\n\n<p>\u2013 Full de matr\u00edcula<\/p>\n\n\n\n<p>\u2013 Resguard del pagament.<\/p>\n\n\n\n<p>Un cop acceptada la devoluci\u00f3 de taxes pel Servei de Pressupostos i Gesti\u00f3 Financera del Departament d\u2019Educaci\u00f3 i de Formaci\u00f3 Professional, es podr\u00e0 fer la sol\u00b7licitud a l\u2019escola de la devoluci\u00f3 de la quota complement\u00e0ria en concepte d\u2019acc\u00e9s a la plataforma virtual i materials did\u00e0ctics a la secretaria del centre.<\/p>\n","protected":false},"excerpt":{"rendered":"<p>Les taxes de la matr\u00edcula a les EOI nom\u00e9s es poden retornar en els sup\u00f2sits que s\u2019indiquen a continuaci\u00f3 i dins dels terminis que, quan escau, s\u2019assenyalen: &nbsp;Vies de sol\u00b7licitud Documentaci\u00f3 que s\u2019ha de presentar per sol\u00b7licitar la devoluci\u00f3 de taxes: \u2013 Full de matr\u00edcula \u2013 Resguard del pagament. Un cop acceptada la devoluci\u00f3 de [&hellip;]<\/p>\n","protected":false},"author":1,"featured_media":0,"parent":0,"menu_order":0,"comment_status":"closed","ping_status":"close","template":"","meta":{"site-sidebar-layout":"default","site-content-layout":"","ast-site-content-layout":"default","site-content-style":"default","site-sidebar-style":"default","ast-global-header-display":"","ast-banner-title-visibility":"","ast-main-header-display":"","ast-hfb-above-header-display":"","ast-hfb-below-header-display":"","ast-hfb-mobile-header-display":"","site-post-title":"","ast-breadcrumbs-content":"","ast-featured-img":"","footer-sml-layout":"","theme-transparent-header-meta":"","adv-header-id-meta":"","stick-header-meta":"","header-above-stick-meta":"","header-main-stick-meta":"","header-below-stick-meta":"","astra-migrate-meta-layouts":"set","ast-page-background-enabled":"default","ast-page-background-meta":{"desktop":{"background-color":"var(--ast-global-color-4)","background-image":"","background-repeat":"repeat","background-position":"center center","background-size":"auto","background-attachment":"scroll","background-type":"","background-media":"","overlay-type":"","overlay-color":"","overlay-opacity":"","overlay-gradient":""},"tablet":{"background-color":"","background-image":"","background-repeat":"repeat","background-position":"center center","background-size":"auto","background-attachment":"scroll","background-type":"","background-media":"","overlay-type":"","overlay-color":"","overlay-opacity":"","overlay-gradient":""},"mobile":{"background-color":"","background-image":"","background-repeat":"repeat","background-position":"center center","background-size":"auto","background-attachment":"scroll","background-type":"","background-media":"","overlay-type":"","overlay-color":"","overlay-opacity":"","overlay-gradient":""}},"ast-content-background-meta":{"desktop":{"background-color":"var(--ast-global-color-5)","background-image":"","background-repeat":"repeat","background-position":"center center","background-size":"auto","background-attachment":"scroll","background-type":"","background-media":"","overlay-type":"","overlay-color":"","overlay-opacity":"","overlay-gradient":""},"tablet":{"background-color":"var(--ast-global-color-5)","background-image":"","background-repeat":"repeat","background-position":"center center","background-size":"auto","background-attachment":"scroll","background-type":"","background-media":"","overlay-type":"","overlay-color":"","overlay-opacity":"","overlay-gradient":""},"mobile":{"background-color":"var(--ast-global-color-5)","background-image":"","background-repeat":"repeat","background-position":"center center","background-size":"auto","background-attachment":"scroll","background-type":"","background-media":"","overlay-type":"","overlay-color":"","overlay-opacity":"","overlay-gradient":""}},"footnotes":""},"class_list":["post-20749","page","type-page","status-publish","hentry"],"post_mailing_queue_ids":[],"_links":{"self":[{"href":"https:\/\/agora-eoi.xtec.cat\/eoiterrassa\/wp-json\/wp\/v2\/pages\/20749","targetHints":{"allow":["GET"]}}],"collection":[{"href":"https:\/\/agora-eoi.xtec.cat\/eoiterrassa\/wp-json\/wp\/v2\/pages"}],"about":[{"href":"https:\/\/agora-eoi.xtec.cat\/eoiterrassa\/wp-json\/wp\/v2\/types\/page"}],"author":[{"embeddable":true,"href":"https:\/\/agora-eoi.xtec.cat\/eoiterrassa\/wp-json\/wp\/v2\/users\/1"}],"replies":[{"embeddable":true,"href":"https:\/\/agora-eoi.xtec.cat\/eoiterrassa\/wp-json\/wp\/v2\/comments?post=20749"}],"version-history":[{"count":1,"href":"https:\/\/agora-eoi.xtec.cat\/eoiterrassa\/wp-json\/wp\/v2\/pages\/20749\/revisions"}],"predecessor-version":[{"id":20750,"href":"https:\/\/agora-eoi.xtec.cat\/eoiterrassa\/wp-json\/wp\/v2\/pages\/20749\/revisions\/20750"}],"wp:attachment":[{"href":"https:\/\/agora-eoi.xtec.cat\/eoiterrassa\/wp-json\/wp\/v2\/media?parent=20749"}],"curies":[{"name":"wp","href":"https:\/\/api.w.org\/{rel}","templated":true}]}}