{"id":20747,"date":"2026-04-23T20:41:27","date_gmt":"2026-04-23T18:41:27","guid":{"rendered":"https:\/\/agora-eoi.xtec.cat\/eoiterrassa\/?page_id=20747"},"modified":"2026-04-23T20:41:27","modified_gmt":"2026-04-23T18:41:27","slug":"renuncia","status":"publish","type":"page","link":"https:\/\/agora-eoi.xtec.cat\/eoiterrassa\/renuncia\/","title":{"rendered":"Ren\u00fancia"},"content":{"rendered":"\n<p><strong>1.&nbsp;<\/strong><strong>Ren\u00fancia al curs que s\u2019est\u00e0 cursant en l\u2019actualitat<\/strong><\/p>\n\n\n\n<p><strong>Termini:&nbsp;<\/strong>fins el darrer dia h\u00e0bil de novembre.<\/p>\n\n\n\n<p>Aquesta ren\u00fancia no suposa el c\u00f2mput del curs a efectes de repetici\u00f3, ni el dret al retorn de l\u2019import de la matr\u00edcula, per\u00f2 podr\u00e0 matricular-se al juliol per al curs immediatament posterior com antic alumne.<\/p>\n\n\n\n<p>Si l\u2019alumnat abandona amb posterioritat al termini de ren\u00fancia establert, el curs es computar\u00e0 a efectes de repetici\u00f3 i tindr\u00e0 la consideraci\u00f3 de \u201cNo presentat\/da\u201d en la qualificaci\u00f3 final.<\/p>\n\n\n\n<p>La sol\u00b7licitud de ren\u00fancia s\u2019ha d\u2019entregar&nbsp;<strong>presencialment<\/strong>&nbsp;a la Secretaria del centre en l\u2019horari d\u2019atenci\u00f3. La sol\u00b7licitud es pot demanar a Secretaria o es pot descarregar&nbsp;&nbsp;<strong><a href=\"https:\/\/agora-eoi.xtec.cat\/eoiterrassa\/wp-content\/uploads\/usu2242\/2025\/05\/Sollicitud_-Renuncia-1.pdf\">aqu\u00ed<\/a><\/strong><\/p>\n\n\n\n<p><strong>2. Ren\u00fancia a un curs aprovat anteriorment (A1, A2 i B2.1)<\/strong><\/p>\n\n\n\n<p>Qualsevol persona que tingui un expedient acad\u00e8mic obert en una escola oficial d\u2019idiomes pot sol\u00b7licitar la ren\u00fancia a un dels cursos acad\u00e8mics superats en aquell idioma, sempre que no siguin cursos que hagin comportat l\u2019obtenci\u00f3 d\u2019un certificat.&nbsp; L\u2019escola pot concedir la ren\u00fancia un cop obtinguts els informes oportuns del departament d\u2019aquell idioma.<\/p>\n\n\n\n<p>El curs a qu\u00e8 s\u2019ha renunciat computa a l\u2019efecte de repetici\u00f3.<\/p>\n\n\n\n<p><strong>Data l\u00edmit<\/strong>: s\u2019ha de fer abans de la data de matr\u00edcula.<\/p>\n\n\n\n<p>La sol\u00b7licitud es pot demanar a Secretaria o es pot descarregar&nbsp;<strong><a href=\"https:\/\/agora-eoi.xtec.cat\/eoiterrassa\/wp-content\/uploads\/usu2242\/2025\/05\/Renuncia-curs-aprovat.pdf\">aqu\u00ed<\/a><\/strong><\/p>\n","protected":false},"excerpt":{"rendered":"<p>1.&nbsp;Ren\u00fancia al curs que s\u2019est\u00e0 cursant en l\u2019actualitat Termini:&nbsp;fins el darrer dia h\u00e0bil de novembre. Aquesta ren\u00fancia no suposa el c\u00f2mput del curs a efectes de repetici\u00f3, ni el dret al retorn de l\u2019import de la matr\u00edcula, per\u00f2 podr\u00e0 matricular-se al juliol per al curs immediatament posterior com antic alumne. Si l\u2019alumnat abandona amb posterioritat [&hellip;]<\/p>\n","protected":false},"author":1,"featured_media":0,"parent":0,"menu_order":0,"comment_status":"closed","ping_status":"close","template":"","meta":{"site-sidebar-layout":"default","site-content-layout":"","ast-site-content-layout":"default","site-content-style":"default","site-sidebar-style":"default","ast-global-header-display":"","ast-banner-title-visibility":"","ast-main-header-display":"","ast-hfb-above-header-display":"","ast-hfb-below-header-display":"","ast-hfb-mobile-header-display":"","site-post-title":"","ast-breadcrumbs-content":"","ast-featured-img":"","footer-sml-layout":"","theme-transparent-header-meta":"","adv-header-id-meta":"","stick-header-meta":"","header-above-stick-meta":"","header-main-stick-meta":"","header-below-stick-meta":"","astra-migrate-meta-layouts":"set","ast-page-background-enabled":"default","ast-page-background-meta":{"desktop":{"background-color":"var(--ast-global-color-4)","background-image":"","background-repeat":"repeat","background-position":"center center","background-size":"auto","background-attachment":"scroll","background-type":"","background-media":"","overlay-type":"","overlay-color":"","overlay-opacity":"","overlay-gradient":""},"tablet":{"background-color":"","background-image":"","background-repeat":"repeat","background-position":"center center","background-size":"auto","background-attachment":"scroll","background-type":"","background-media":"","overlay-type":"","overlay-color":"","overlay-opacity":"","overlay-gradient":""},"mobile":{"background-color":"","background-image":"","background-repeat":"repeat","background-position":"center center","background-size":"auto","background-attachment":"scroll","background-type":"","background-media":"","overlay-type":"","overlay-color":"","overlay-opacity":"","overlay-gradient":""}},"ast-content-background-meta":{"desktop":{"background-color":"var(--ast-global-color-5)","background-image":"","background-repeat":"repeat","background-position":"center center","background-size":"auto","background-attachment":"scroll","background-type":"","background-media":"","overlay-type":"","overlay-color":"","overlay-opacity":"","overlay-gradient":""},"tablet":{"background-color":"var(--ast-global-color-5)","background-image":"","background-repeat":"repeat","background-position":"center center","background-size":"auto","background-attachment":"scroll","background-type":"","background-media":"","overlay-type":"","overlay-color":"","overlay-opacity":"","overlay-gradient":""},"mobile":{"background-color":"var(--ast-global-color-5)","background-image":"","background-repeat":"repeat","background-position":"center center","background-size":"auto","background-attachment":"scroll","background-type":"","background-media":"","overlay-type":"","overlay-color":"","overlay-opacity":"","overlay-gradient":""}},"footnotes":""},"class_list":["post-20747","page","type-page","status-publish","hentry"],"post_mailing_queue_ids":[],"_links":{"self":[{"href":"https:\/\/agora-eoi.xtec.cat\/eoiterrassa\/wp-json\/wp\/v2\/pages\/20747","targetHints":{"allow":["GET"]}}],"collection":[{"href":"https:\/\/agora-eoi.xtec.cat\/eoiterrassa\/wp-json\/wp\/v2\/pages"}],"about":[{"href":"https:\/\/agora-eoi.xtec.cat\/eoiterrassa\/wp-json\/wp\/v2\/types\/page"}],"author":[{"embeddable":true,"href":"https:\/\/agora-eoi.xtec.cat\/eoiterrassa\/wp-json\/wp\/v2\/users\/1"}],"replies":[{"embeddable":true,"href":"https:\/\/agora-eoi.xtec.cat\/eoiterrassa\/wp-json\/wp\/v2\/comments?post=20747"}],"version-history":[{"count":1,"href":"https:\/\/agora-eoi.xtec.cat\/eoiterrassa\/wp-json\/wp\/v2\/pages\/20747\/revisions"}],"predecessor-version":[{"id":20748,"href":"https:\/\/agora-eoi.xtec.cat\/eoiterrassa\/wp-json\/wp\/v2\/pages\/20747\/revisions\/20748"}],"wp:attachment":[{"href":"https:\/\/agora-eoi.xtec.cat\/eoiterrassa\/wp-json\/wp\/v2\/media?parent=20747"}],"curies":[{"name":"wp","href":"https:\/\/api.w.org\/{rel}","templated":true}]}}