{"id":20743,"date":"2026-04-23T20:40:00","date_gmt":"2026-04-23T18:40:00","guid":{"rendered":"https:\/\/agora-eoi.xtec.cat\/eoiterrassa\/?page_id=20743"},"modified":"2026-04-23T20:40:01","modified_gmt":"2026-04-23T18:40:01","slug":"canvi-dhorari","status":"publish","type":"page","link":"https:\/\/agora-eoi.xtec.cat\/eoiterrassa\/canvi-dhorari\/","title":{"rendered":"Canvi d\u2019horari"},"content":{"rendered":"\n<p>L\u2019alumnat es matricula a un grup determinat sota la seva responsabilitat. S\u2019ha de matricular a la franja hor\u00e0ria a la qual pot assistir de manera regular. L\u2019assist\u00e8ncia \u00e9s obligat\u00f2ria per al bon funcionament del curs i per tal de poder fer una avaluaci\u00f3 continuada.<\/p>\n\n\n\n<p><strong>Termini per fer canvis d\u2019horari:<\/strong>&nbsp;&nbsp;<strong>des de l\u20191 d\u2019octubre fins al 30 de novembre de 2025.*<\/strong><\/p>\n\n\n\n<p>Per sol\u00b7licitar un canvi de grup s\u2019ha d\u2019accedir a l\u2019\u00e0rea de l\u2019alumnat en el termini establert a trav\u00e9s de la p\u00e0gina web de l\u2019escola (icona del birret) o directament amb aquest&nbsp;<a href=\"https:\/\/www.informaticacentros.com\/centrosnet\/ultralogin.php?tcentro=EOI&amp;centro=b05\"><strong>enlla\u00e7.<\/strong><\/a><\/p>\n\n\n\n<p>Si el canvi d\u2019horari suposa tamb\u00e9 un canvi de modalitat (de presencial a semipresencial o a viceversa) llavors s\u2019ha de sol\u00b7licitar a Secretaria presencialment o enviant un correu a&nbsp;secretaria@eoiterrassa.cat<\/p>\n\n\n\n<p>El fet que es faci una sol\u00b7licitud de canvi d\u2019horari no vol dir que aquest canvi es concedeixi<strong>. El canvi d\u2019horari est\u00e0 supeditat a qu\u00e8 hi hagi una vacant en el grup sol\u00b7licitat. L\u2019aplicatiu gestiona les sol\u00b7licituds per ordre de petici\u00f3.<\/strong><\/p>\n\n\n\n<p>En el cas que li sigui concedit el canvi sol\u00b7licitat, l\u2019alumne\/a rebr\u00e0 un correu electr\u00f2nic de confirmaci\u00f3. Si no se li concedeix el canvi sol\u00b7licitat, s\u2019ha de quedar al seu grup original i restar\u00e0 \u201c en espera\u201d de possibles vacants.<\/p>\n\n\n\n<p>Tingueu en compte que&nbsp;un canvi de grup pot comportar tamb\u00e9&nbsp;<strong>un canvi de llibre<\/strong>. Consulteu la p\u00e0gina de l\u2019idioma corresponent.<\/p>\n\n\n\n<p><strong>Procediment a seguir per fer el canvi d\u2019horari online:<\/strong><\/p>\n\n\n\n<ul class=\"wp-block-list\">\n<li>Cal clicar damunt la icona del birret a dalt a la dreta del web de l\u2019escola o en aquest\u00a0<a href=\"https:\/\/www.informaticacentros.com\/centrosnet\/ultralogin.php?tcentro=EOI&amp;centro=b05\"><strong>enlla\u00e7<\/strong><\/a><strong>.<\/strong><\/li>\n\n\n\n<li>Heu d\u2019accedir a l\u2019\u00e0rea l\u2019alumnat seguint les instruccions que trobareu. Si no hi heu accedit mai, all\u00ed tindreu instruccions per fer-ho.<\/li>\n\n\n\n<li>Un cop dins de l\u2019\u00e0rea de l\u2019alumnat, aneu a Men\u00fa i seleccioneu Canvi de grup.<\/li>\n<\/ul>\n\n\n\n<p>Podeu veure el tutorial d\u2019ajuda a:<\/p>\n\n\n\n<figure class=\"wp-block-embed is-type-rich is-provider-gestor-del-servei wp-block-embed-gestor-del-servei\"><div class=\"wp-block-embed__wrapper\">\n<div style=\"width: 640px;\" class=\"wp-video\"><!--[if lt IE 9]><script>document.createElement('video');<\/script><![endif]-->\n<video class=\"wp-video-shortcode\" id=\"video-20743-1\" width=\"640\" height=\"360\" preload=\"metadata\" controls=\"controls\"><source type=\"video\/mp4\" src=\"https:\/\/agora-eoi.xtec.cat\/eoiterrassa\/wp-content\/uploads\/usu2242\/2024\/10\/canvi-dhorari-1_F6AGCp5P.mp4?_=1\" \/><a href=\"https:\/\/agora-eoi.xtec.cat\/eoiterrassa\/wp-content\/uploads\/usu2242\/2024\/10\/canvi-dhorari-1_F6AGCp5P.mp4\">https:\/\/agora-eoi.xtec.cat\/eoiterrassa\/wp-content\/uploads\/usu2242\/2024\/10\/canvi-dhorari-1_F6AGCp5P.mp4<\/a><\/video><\/div>\n<\/div><\/figure>\n\n\n\n<p><strong>*<\/strong>Si un cop finalitzat el termini et sorgeix un&nbsp;problema d\u2019incompatibilitat hor\u00e0ria&nbsp;per assistir al teu grup, podr\u00e0s presentar una sol\u00b7licitud a Secretaria al\u00b7legant els motius d\u2019incompatibilitat hor\u00e0ria i adjuntant la documentaci\u00f3 pertinent. L\u2019escola resoldr\u00e0 la petici\u00f3 en un m\u00e0xim de deu dies h\u00e0bils.<\/p>\n","protected":false},"excerpt":{"rendered":"<p>L\u2019alumnat es matricula a un grup determinat sota la seva responsabilitat. S\u2019ha de matricular a la franja hor\u00e0ria a la qual pot assistir de manera regular. L\u2019assist\u00e8ncia \u00e9s obligat\u00f2ria per al bon funcionament del curs i per tal de poder fer una avaluaci\u00f3 continuada. Termini per fer canvis d\u2019horari:&nbsp;&nbsp;des de l\u20191 d\u2019octubre fins al 30 [&hellip;]<\/p>\n","protected":false},"author":1,"featured_media":0,"parent":0,"menu_order":0,"comment_status":"closed","ping_status":"close","template":"","meta":{"site-sidebar-layout":"default","site-content-layout":"","ast-site-content-layout":"default","site-content-style":"default","site-sidebar-style":"default","ast-global-header-display":"","ast-banner-title-visibility":"","ast-main-header-display":"","ast-hfb-above-header-display":"","ast-hfb-below-header-display":"","ast-hfb-mobile-header-display":"","site-post-title":"","ast-breadcrumbs-content":"","ast-featured-img":"","footer-sml-layout":"","theme-transparent-header-meta":"","adv-header-id-meta":"","stick-header-meta":"","header-above-stick-meta":"","header-main-stick-meta":"","header-below-stick-meta":"","astra-migrate-meta-layouts":"set","ast-page-background-enabled":"default","ast-page-background-meta":{"desktop":{"background-color":"var(--ast-global-color-4)","background-image":"","background-repeat":"repeat","background-position":"center center","background-size":"auto","background-attachment":"scroll","background-type":"","background-media":"","overlay-type":"","overlay-color":"","overlay-opacity":"","overlay-gradient":""},"tablet":{"background-color":"","background-image":"","background-repeat":"repeat","background-position":"center center","background-size":"auto","background-attachment":"scroll","background-type":"","background-media":"","overlay-type":"","overlay-color":"","overlay-opacity":"","overlay-gradient":""},"mobile":{"background-color":"","background-image":"","background-repeat":"repeat","background-position":"center center","background-size":"auto","background-attachment":"scroll","background-type":"","background-media":"","overlay-type":"","overlay-color":"","overlay-opacity":"","overlay-gradient":""}},"ast-content-background-meta":{"desktop":{"background-color":"var(--ast-global-color-5)","background-image":"","background-repeat":"repeat","background-position":"center center","background-size":"auto","background-attachment":"scroll","background-type":"","background-media":"","overlay-type":"","overlay-color":"","overlay-opacity":"","overlay-gradient":""},"tablet":{"background-color":"var(--ast-global-color-5)","background-image":"","background-repeat":"repeat","background-position":"center center","background-size":"auto","background-attachment":"scroll","background-type":"","background-media":"","overlay-type":"","overlay-color":"","overlay-opacity":"","overlay-gradient":""},"mobile":{"background-color":"var(--ast-global-color-5)","background-image":"","background-repeat":"repeat","background-position":"center center","background-size":"auto","background-attachment":"scroll","background-type":"","background-media":"","overlay-type":"","overlay-color":"","overlay-opacity":"","overlay-gradient":""}},"footnotes":""},"class_list":["post-20743","page","type-page","status-publish","hentry"],"post_mailing_queue_ids":[],"_links":{"self":[{"href":"https:\/\/agora-eoi.xtec.cat\/eoiterrassa\/wp-json\/wp\/v2\/pages\/20743","targetHints":{"allow":["GET"]}}],"collection":[{"href":"https:\/\/agora-eoi.xtec.cat\/eoiterrassa\/wp-json\/wp\/v2\/pages"}],"about":[{"href":"https:\/\/agora-eoi.xtec.cat\/eoiterrassa\/wp-json\/wp\/v2\/types\/page"}],"author":[{"embeddable":true,"href":"https:\/\/agora-eoi.xtec.cat\/eoiterrassa\/wp-json\/wp\/v2\/users\/1"}],"replies":[{"embeddable":true,"href":"https:\/\/agora-eoi.xtec.cat\/eoiterrassa\/wp-json\/wp\/v2\/comments?post=20743"}],"version-history":[{"count":1,"href":"https:\/\/agora-eoi.xtec.cat\/eoiterrassa\/wp-json\/wp\/v2\/pages\/20743\/revisions"}],"predecessor-version":[{"id":20744,"href":"https:\/\/agora-eoi.xtec.cat\/eoiterrassa\/wp-json\/wp\/v2\/pages\/20743\/revisions\/20744"}],"wp:attachment":[{"href":"https:\/\/agora-eoi.xtec.cat\/eoiterrassa\/wp-json\/wp\/v2\/media?parent=20743"}],"curies":[{"name":"wp","href":"https:\/\/api.w.org\/{rel}","templated":true}]}}