{"id":20731,"date":"2026-04-23T20:33:53","date_gmt":"2026-04-23T18:33:53","guid":{"rendered":"https:\/\/agora-eoi.xtec.cat\/eoiterrassa\/?page_id=20731"},"modified":"2026-04-23T20:33:53","modified_gmt":"2026-04-23T18:33:53","slug":"sollicitud-de-certificats-da2-i-b1","status":"publish","type":"page","link":"https:\/\/agora-eoi.xtec.cat\/eoiterrassa\/sollicitud-de-certificats-da2-i-b1\/","title":{"rendered":"Sol\u00b7licitud de certificats d\u2019A2 i B1"},"content":{"rendered":"\n<p>L\u2019alumnat que hagi superat el nivell A2 o B1 pot sol\u00b7licitar l\u2019expedici\u00f3 del Certificat corresponent. Es pot &nbsp;sol\u00b7licitar per correu electr\u00f2nic a&nbsp;<a href=\"mailto:secretaria@eoiterrassa.cat\">secretaria@eoiterrassa.cat<\/a>&nbsp;, presencialment a la secretaria de l\u2019escola o per tel\u00e8fon. Aquest certificat \u00e9s gratu\u00eft.<\/p>\n\n\n\n<p>Els certificats de cursos anteriors es poden sol\u00b7licitar en qualsevol moment.<\/p>\n\n\n\n<p>Els certificats del curs actual es poden sol\u00b7licitar un cop hagi sortit l\u2019av\u00eds al nostre web (acostuma a ser cap a l\u2019octubre\/novembre). Si mentrestant necessiteu acreditar el vostre nivell amb urg\u00e8ncia, podeu sol\u00b7licitar un certificat de d\u2019expedient enviant un correu electr\u00f2nic a&nbsp;<a href=\"mailto:secretaria@eoiterrassa.cat\">secretaria@eoiterrassa.cat<\/a>, per tel\u00e8fon o presencialment a la secretaria.<\/p>\n\n\n\n<p><\/p>\n","protected":false},"excerpt":{"rendered":"<p>L\u2019alumnat que hagi superat el nivell A2 o B1 pot sol\u00b7licitar l\u2019expedici\u00f3 del Certificat corresponent. Es pot &nbsp;sol\u00b7licitar per correu electr\u00f2nic a&nbsp;secretaria@eoiterrassa.cat&nbsp;, presencialment a la secretaria de l\u2019escola o per tel\u00e8fon. Aquest certificat \u00e9s gratu\u00eft. Els certificats de cursos anteriors es poden sol\u00b7licitar en qualsevol moment. Els certificats del curs actual es poden sol\u00b7licitar un [&hellip;]<\/p>\n","protected":false},"author":1,"featured_media":0,"parent":0,"menu_order":0,"comment_status":"closed","ping_status":"close","template":"","meta":{"site-sidebar-layout":"default","site-content-layout":"","ast-site-content-layout":"default","site-content-style":"default","site-sidebar-style":"default","ast-global-header-display":"","ast-banner-title-visibility":"","ast-main-header-display":"","ast-hfb-above-header-display":"","ast-hfb-below-header-display":"","ast-hfb-mobile-header-display":"","site-post-title":"","ast-breadcrumbs-content":"","ast-featured-img":"","footer-sml-layout":"","theme-transparent-header-meta":"","adv-header-id-meta":"","stick-header-meta":"","header-above-stick-meta":"","header-main-stick-meta":"","header-below-stick-meta":"","astra-migrate-meta-layouts":"set","ast-page-background-enabled":"default","ast-page-background-meta":{"desktop":{"background-color":"var(--ast-global-color-4)","background-image":"","background-repeat":"repeat","background-position":"center center","background-size":"auto","background-attachment":"scroll","background-type":"","background-media":"","overlay-type":"","overlay-color":"","overlay-opacity":"","overlay-gradient":""},"tablet":{"background-color":"","background-image":"","background-repeat":"repeat","background-position":"center center","background-size":"auto","background-attachment":"scroll","background-type":"","background-media":"","overlay-type":"","overlay-color":"","overlay-opacity":"","overlay-gradient":""},"mobile":{"background-color":"","background-image":"","background-repeat":"repeat","background-position":"center center","background-size":"auto","background-attachment":"scroll","background-type":"","background-media":"","overlay-type":"","overlay-color":"","overlay-opacity":"","overlay-gradient":""}},"ast-content-background-meta":{"desktop":{"background-color":"var(--ast-global-color-5)","background-image":"","background-repeat":"repeat","background-position":"center center","background-size":"auto","background-attachment":"scroll","background-type":"","background-media":"","overlay-type":"","overlay-color":"","overlay-opacity":"","overlay-gradient":""},"tablet":{"background-color":"var(--ast-global-color-5)","background-image":"","background-repeat":"repeat","background-position":"center center","background-size":"auto","background-attachment":"scroll","background-type":"","background-media":"","overlay-type":"","overlay-color":"","overlay-opacity":"","overlay-gradient":""},"mobile":{"background-color":"var(--ast-global-color-5)","background-image":"","background-repeat":"repeat","background-position":"center center","background-size":"auto","background-attachment":"scroll","background-type":"","background-media":"","overlay-type":"","overlay-color":"","overlay-opacity":"","overlay-gradient":""}},"footnotes":""},"class_list":["post-20731","page","type-page","status-publish","hentry"],"post_mailing_queue_ids":[],"_links":{"self":[{"href":"https:\/\/agora-eoi.xtec.cat\/eoiterrassa\/wp-json\/wp\/v2\/pages\/20731","targetHints":{"allow":["GET"]}}],"collection":[{"href":"https:\/\/agora-eoi.xtec.cat\/eoiterrassa\/wp-json\/wp\/v2\/pages"}],"about":[{"href":"https:\/\/agora-eoi.xtec.cat\/eoiterrassa\/wp-json\/wp\/v2\/types\/page"}],"author":[{"embeddable":true,"href":"https:\/\/agora-eoi.xtec.cat\/eoiterrassa\/wp-json\/wp\/v2\/users\/1"}],"replies":[{"embeddable":true,"href":"https:\/\/agora-eoi.xtec.cat\/eoiterrassa\/wp-json\/wp\/v2\/comments?post=20731"}],"version-history":[{"count":1,"href":"https:\/\/agora-eoi.xtec.cat\/eoiterrassa\/wp-json\/wp\/v2\/pages\/20731\/revisions"}],"predecessor-version":[{"id":20732,"href":"https:\/\/agora-eoi.xtec.cat\/eoiterrassa\/wp-json\/wp\/v2\/pages\/20731\/revisions\/20732"}],"wp:attachment":[{"href":"https:\/\/agora-eoi.xtec.cat\/eoiterrassa\/wp-json\/wp\/v2\/media?parent=20731"}],"curies":[{"name":"wp","href":"https:\/\/api.w.org\/{rel}","templated":true}]}}