{"id":19390,"date":"2025-10-08T18:24:13","date_gmt":"2025-10-08T16:24:13","guid":{"rendered":"https:\/\/agora-eoi.xtec.cat\/eoiterrassa\/?page_id=19390"},"modified":"2025-10-10T13:14:49","modified_gmt":"2025-10-10T11:14:49","slug":"oferta-de-grups","status":"publish","type":"page","link":"https:\/\/agora-eoi.xtec.cat\/eoiterrassa\/oferta-de-grups\/","title":{"rendered":"Oferta de grups 2025-26"},"content":{"rendered":"\n<p class=\"has-white-color has-text-color has-background has-link-color has-medium-font-size wp-elements-e9363f15bb2600df88b44bf352ddb25d\" style=\"background-color:#aed855\"><strong>Alemany<\/strong><\/p>\n\n\n\n<p><strong>CURSOS PRESENCIALS<\/strong><\/p>\n\n\n\n<p>A1, A2, B1, B2.1, B2.2<\/p>\n\n\n\n<p><strong>CURSOS SEMIPRESENCIALS<\/strong><\/p>\n\n\n\n<p>A1, C1<\/p>\n\n\n\n<p class=\"has-white-color has-text-color has-background has-link-color has-medium-font-size wp-elements-92160e78f6cad952949491d1d4a2ab46\" style=\"background-color:#5ad496\"><strong>Angl\u00e8s<\/strong><\/p>\n\n\n\n<p><strong>CURSOS PRESENCIALS<\/strong><\/p>\n\n\n\n<p>A1, A2, B1, B2.1, B2.2, C1<\/p>\n\n\n\n<p><strong>CURSOS SEMIPRESENCIALS<\/strong><\/p>\n\n\n\n<p>B1, B2.1, B2.2, C1<\/p>\n\n\n\n<p class=\"has-white-color has-text-color has-background has-link-color has-medium-font-size wp-elements-6511b001b0716720508085f517e414cc\" style=\"background-color:#5bceed\"><strong>\u00c0rab<\/strong><\/p>\n\n\n\n<p><strong>CURSOS PRESENCIALS<\/strong><\/p>\n\n\n\n<p>A1, A2, B1.1, B1.2<\/p>\n\n\n\n<p class=\"has-white-color has-text-color has-background has-link-color has-medium-font-size wp-elements-4860fca7756b91f3bde0ab11b6b4ce75\" style=\"background-color:#595fff\"><strong>Catal\u00e0<\/strong><\/p>\n\n\n\n<p><strong>CURSOS PRESENCIALS<\/strong><\/p>\n\n\n\n<p>A1, A2<\/p>\n\n\n\n<p><strong>CURSOS SEMIPRESENCIALS<\/strong><\/p>\n\n\n\n<p> C2<\/p>\n\n\n\n<p class=\"has-white-color has-text-color has-background has-link-color has-medium-font-size wp-elements-8248f3abf4ed3e4d90dcafa657735dad\" style=\"background-color:#9b5de5\"><strong>Franc\u00e8s<\/strong><\/p>\n\n\n\n<p><strong>CURSOS PRESENCIALS<\/strong><\/p>\n\n\n\n<p>A1, A2, B1, B2.1, B2.2, C1<\/p>\n\n\n\n<p class=\"has-white-color has-text-color has-background has-link-color has-medium-font-size wp-elements-1f1496c2d3246d7125e1c7503a633fef\" style=\"background-color:#f15bb5\"><strong>Itali\u00e0<\/strong><\/p>\n\n\n\n<p><strong>CURSOS PRESENCIALS<\/strong><\/p>\n\n\n\n<p>A1, A2, B1, B2.1, B2.2<\/p>\n\n\n\n<p><strong>CURSOS SEMIPRESENCIALS<\/strong><\/p>\n\n\n\n<p>C1<\/p>\n\n\n\n<p><strong>CURSOS SEMIPRESENCIALS INTENSIUS<\/strong><\/p>\n\n\n\n<p>A1, A2<\/p>\n\n\n\n<div class=\"wp-block-buttons is-content-justification-center is-layout-flex wp-container-core-buttons-is-layout-1 wp-block-buttons-is-layout-flex\">\n<div class=\"wp-block-button\"><a class=\"wp-block-button__link wp-element-button\" href=\"https:\/\/agora-eoi.xtec.cat\/eoiterrassa\/\">P\u00e0gina Principal<\/a><\/div>\n\n\n\n<div class=\"wp-block-button\"><a class=\"wp-block-button__link wp-element-button\" href=\"https:\/\/agora-eoi.xtec.cat\/eoiterrassa\/idiomes\/\">Enrere<\/a><\/div>\n\n\n\n<div class=\"wp-block-button\"><a class=\"wp-block-button__link wp-element-button\" href=\"https:\/\/agora-eoi.xtec.cat\/eoiterrassa\/modalitats-de-cursos\/\">Modalitats<\/a><\/div>\n<\/div>\n","protected":false},"excerpt":{"rendered":"<p>Alemany CURSOS PRESENCIALS A1, A2, B1, B2.1, B2.2 CURSOS SEMIPRESENCIALS A1, C1 Angl\u00e8s CURSOS PRESENCIALS A1, A2, B1, B2.1, B2.2, C1 CURSOS SEMIPRESENCIALS B1, B2.1, B2.2, C1 \u00c0rab CURSOS PRESENCIALS A1, A2, B1.1, B1.2 Catal\u00e0 CURSOS PRESENCIALS A1, A2 CURSOS SEMIPRESENCIALS C2 Franc\u00e8s CURSOS PRESENCIALS A1, A2, B1, B2.1, B2.2, C1 Itali\u00e0 CURSOS PRESENCIALS A1, [&hellip;]<\/p>\n","protected":false},"author":1,"featured_media":0,"parent":0,"menu_order":0,"comment_status":"closed","ping_status":"close","template":"","meta":{"site-sidebar-layout":"default","site-content-layout":"","ast-site-content-layout":"default","site-content-style":"default","site-sidebar-style":"default","ast-global-header-display":"","ast-banner-title-visibility":"","ast-main-header-display":"","ast-hfb-above-header-display":"","ast-hfb-below-header-display":"","ast-hfb-mobile-header-display":"","site-post-title":"","ast-breadcrumbs-content":"","ast-featured-img":"","footer-sml-layout":"","theme-transparent-header-meta":"","adv-header-id-meta":"","stick-header-meta":"","header-above-stick-meta":"","header-main-stick-meta":"","header-below-stick-meta":"","astra-migrate-meta-layouts":"set","ast-page-background-enabled":"default","ast-page-background-meta":{"desktop":{"background-color":"var(--ast-global-color-4)","background-image":"","background-repeat":"repeat","background-position":"center center","background-size":"auto","background-attachment":"scroll","background-type":"","background-media":"","overlay-type":"","overlay-color":"","overlay-opacity":"","overlay-gradient":""},"tablet":{"background-color":"","background-image":"","background-repeat":"repeat","background-position":"center center","background-size":"auto","background-attachment":"scroll","background-type":"","background-media":"","overlay-type":"","overlay-color":"","overlay-opacity":"","overlay-gradient":""},"mobile":{"background-color":"","background-image":"","background-repeat":"repeat","background-position":"center center","background-size":"auto","background-attachment":"scroll","background-type":"","background-media":"","overlay-type":"","overlay-color":"","overlay-opacity":"","overlay-gradient":""}},"ast-content-background-meta":{"desktop":{"background-color":"var(--ast-global-color-5)","background-image":"","background-repeat":"repeat","background-position":"center center","background-size":"auto","background-attachment":"scroll","background-type":"","background-media":"","overlay-type":"","overlay-color":"","overlay-opacity":"","overlay-gradient":""},"tablet":{"background-color":"var(--ast-global-color-5)","background-image":"","background-repeat":"repeat","background-position":"center center","background-size":"auto","background-attachment":"scroll","background-type":"","background-media":"","overlay-type":"","overlay-color":"","overlay-opacity":"","overlay-gradient":""},"mobile":{"background-color":"var(--ast-global-color-5)","background-image":"","background-repeat":"repeat","background-position":"center center","background-size":"auto","background-attachment":"scroll","background-type":"","background-media":"","overlay-type":"","overlay-color":"","overlay-opacity":"","overlay-gradient":""}},"footnotes":""},"class_list":["post-19390","page","type-page","status-publish","hentry"],"post_mailing_queue_ids":[],"_links":{"self":[{"href":"https:\/\/agora-eoi.xtec.cat\/eoiterrassa\/wp-json\/wp\/v2\/pages\/19390","targetHints":{"allow":["GET"]}}],"collection":[{"href":"https:\/\/agora-eoi.xtec.cat\/eoiterrassa\/wp-json\/wp\/v2\/pages"}],"about":[{"href":"https:\/\/agora-eoi.xtec.cat\/eoiterrassa\/wp-json\/wp\/v2\/types\/page"}],"author":[{"embeddable":true,"href":"https:\/\/agora-eoi.xtec.cat\/eoiterrassa\/wp-json\/wp\/v2\/users\/1"}],"replies":[{"embeddable":true,"href":"https:\/\/agora-eoi.xtec.cat\/eoiterrassa\/wp-json\/wp\/v2\/comments?post=19390"}],"version-history":[{"count":6,"href":"https:\/\/agora-eoi.xtec.cat\/eoiterrassa\/wp-json\/wp\/v2\/pages\/19390\/revisions"}],"predecessor-version":[{"id":19453,"href":"https:\/\/agora-eoi.xtec.cat\/eoiterrassa\/wp-json\/wp\/v2\/pages\/19390\/revisions\/19453"}],"wp:attachment":[{"href":"https:\/\/agora-eoi.xtec.cat\/eoiterrassa\/wp-json\/wp\/v2\/media?parent=19390"}],"curies":[{"name":"wp","href":"https:\/\/api.w.org\/{rel}","templated":true}]}}