{"id":18724,"date":"2025-06-19T15:54:24","date_gmt":"2025-06-19T13:54:24","guid":{"rendered":"https:\/\/agora-eoi.xtec.cat\/eoiterrassa\/?page_id=18724"},"modified":"2025-06-19T15:54:25","modified_gmt":"2025-06-19T13:54:25","slug":"catala-equivalencies-amb-altres-certificats","status":"publish","type":"page","link":"https:\/\/agora-eoi.xtec.cat\/eoiterrassa\/catala-equivalencies-amb-altres-certificats\/","title":{"rendered":"CATAL\u00c0- Equival\u00e8ncies amb altres certificats"},"content":{"rendered":"\n<figure class=\"wp-block-table\"><table><tbody><tr><td><\/td><td class=\"has-text-align-center\" data-align=\"center\"><strong>Certificat EOI<\/strong><\/td><td class=\"has-text-align-center\" data-align=\"center\"><strong>Nivells MERC<\/strong><\/td><td class=\"has-text-align-center\" data-align=\"center\"><strong>Equival\u00e8ncies Pol\u00edtica Ling\u00fc\u00edstica<\/strong><\/td><\/tr><tr><td><strong>Primer<\/strong><\/td><td class=\"has-text-align-center\" data-align=\"center\"><\/td><td class=\"has-text-align-center\" data-align=\"center\">A1<\/td><td class=\"has-text-align-center\" data-align=\"center\"><\/td><\/tr><tr><td><strong>Segon <\/strong><\/td><td class=\"has-text-align-center\" data-align=\"center\">Nivell B\u00e0sic<\/td><td class=\"has-text-align-center\" data-align=\"center\">A2<\/td><td class=\"has-text-align-center\" data-align=\"center\">Certificat de nivell b\u00e0sic de catal\u00e0<br>(A b\u00e0sic)<\/td><\/tr><tr><td><strong>Tercer<\/strong><\/td><td class=\"has-text-align-center\" data-align=\"center\">Nivell Intermedi<\/td><td class=\"has-text-align-center\" data-align=\"center\">B1<\/td><td class=\"has-text-align-center\" data-align=\"center\">Certificat de nivell elemental de catal\u00e0<br>(A elemental)<\/td><\/tr><tr><td><strong>Quart<\/strong><\/td><td class=\"has-text-align-center\" data-align=\"center\">Nivell Avan\u00e7at<\/td><td class=\"has-text-align-center\" data-align=\"center\">B2<\/td><td class=\"has-text-align-center\" data-align=\"center\">Certificat de nivell intermedi de catal\u00e0<br>(B) <\/td><\/tr><tr><td><strong>Cinqu\u00e8<\/strong><\/td><td class=\"has-text-align-center\" data-align=\"center\">Certificat de Nivell C1<\/td><td class=\"has-text-align-center\" data-align=\"center\">C1<\/td><td class=\"has-text-align-center\" data-align=\"center\">Nivell de sufici\u00e8ncia<br>(C)<\/td><\/tr><tr><td><strong>Sis\u00e9<\/strong><\/td><td class=\"has-text-align-center\" data-align=\"center\">Certificat de Nivell C2<\/td><td class=\"has-text-align-center\" data-align=\"center\">C2<\/td><td class=\"has-text-align-center\" data-align=\"center\">Nivell superior<br>(D)<\/td><\/tr><\/tbody><\/table><\/figure>\n\n\n\n<p><\/p>\n","protected":false},"excerpt":{"rendered":"<p>Certificat EOI Nivells MERC Equival\u00e8ncies Pol\u00edtica Ling\u00fc\u00edstica Primer A1 Segon Nivell B\u00e0sic A2 Certificat de nivell b\u00e0sic de catal\u00e0(A b\u00e0sic) Tercer Nivell Intermedi B1 Certificat de nivell elemental de catal\u00e0(A elemental) Quart Nivell Avan\u00e7at B2 Certificat de nivell intermedi de catal\u00e0(B) Cinqu\u00e8 Certificat de Nivell C1 C1 Nivell de sufici\u00e8ncia(C) Sis\u00e9 Certificat de Nivell C2 [&hellip;]<\/p>\n","protected":false},"author":1,"featured_media":0,"parent":0,"menu_order":0,"comment_status":"closed","ping_status":"close","template":"","meta":{"site-sidebar-layout":"default","site-content-layout":"","ast-site-content-layout":"default","site-content-style":"default","site-sidebar-style":"default","ast-global-header-display":"","ast-banner-title-visibility":"","ast-main-header-display":"","ast-hfb-above-header-display":"","ast-hfb-below-header-display":"","ast-hfb-mobile-header-display":"","site-post-title":"","ast-breadcrumbs-content":"","ast-featured-img":"","footer-sml-layout":"","theme-transparent-header-meta":"","adv-header-id-meta":"","stick-header-meta":"","header-above-stick-meta":"","header-main-stick-meta":"","header-below-stick-meta":"","astra-migrate-meta-layouts":"set","ast-page-background-enabled":"default","ast-page-background-meta":{"desktop":{"background-color":"var(--ast-global-color-4)","background-image":"","background-repeat":"repeat","background-position":"center center","background-size":"auto","background-attachment":"scroll","background-type":"","background-media":"","overlay-type":"","overlay-color":"","overlay-opacity":"","overlay-gradient":""},"tablet":{"background-color":"","background-image":"","background-repeat":"repeat","background-position":"center center","background-size":"auto","background-attachment":"scroll","background-type":"","background-media":"","overlay-type":"","overlay-color":"","overlay-opacity":"","overlay-gradient":""},"mobile":{"background-color":"","background-image":"","background-repeat":"repeat","background-position":"center center","background-size":"auto","background-attachment":"scroll","background-type":"","background-media":"","overlay-type":"","overlay-color":"","overlay-opacity":"","overlay-gradient":""}},"ast-content-background-meta":{"desktop":{"background-color":"var(--ast-global-color-5)","background-image":"","background-repeat":"repeat","background-position":"center center","background-size":"auto","background-attachment":"scroll","background-type":"","background-media":"","overlay-type":"","overlay-color":"","overlay-opacity":"","overlay-gradient":""},"tablet":{"background-color":"var(--ast-global-color-5)","background-image":"","background-repeat":"repeat","background-position":"center center","background-size":"auto","background-attachment":"scroll","background-type":"","background-media":"","overlay-type":"","overlay-color":"","overlay-opacity":"","overlay-gradient":""},"mobile":{"background-color":"var(--ast-global-color-5)","background-image":"","background-repeat":"repeat","background-position":"center center","background-size":"auto","background-attachment":"scroll","background-type":"","background-media":"","overlay-type":"","overlay-color":"","overlay-opacity":"","overlay-gradient":""}},"footnotes":""},"class_list":["post-18724","page","type-page","status-publish","hentry"],"post_mailing_queue_ids":[],"_links":{"self":[{"href":"https:\/\/agora-eoi.xtec.cat\/eoiterrassa\/wp-json\/wp\/v2\/pages\/18724","targetHints":{"allow":["GET"]}}],"collection":[{"href":"https:\/\/agora-eoi.xtec.cat\/eoiterrassa\/wp-json\/wp\/v2\/pages"}],"about":[{"href":"https:\/\/agora-eoi.xtec.cat\/eoiterrassa\/wp-json\/wp\/v2\/types\/page"}],"author":[{"embeddable":true,"href":"https:\/\/agora-eoi.xtec.cat\/eoiterrassa\/wp-json\/wp\/v2\/users\/1"}],"replies":[{"embeddable":true,"href":"https:\/\/agora-eoi.xtec.cat\/eoiterrassa\/wp-json\/wp\/v2\/comments?post=18724"}],"version-history":[{"count":1,"href":"https:\/\/agora-eoi.xtec.cat\/eoiterrassa\/wp-json\/wp\/v2\/pages\/18724\/revisions"}],"predecessor-version":[{"id":18726,"href":"https:\/\/agora-eoi.xtec.cat\/eoiterrassa\/wp-json\/wp\/v2\/pages\/18724\/revisions\/18726"}],"wp:attachment":[{"href":"https:\/\/agora-eoi.xtec.cat\/eoiterrassa\/wp-json\/wp\/v2\/media?parent=18724"}],"curies":[{"name":"wp","href":"https:\/\/api.w.org\/{rel}","templated":true}]}}