{"id":15707,"date":"2023-05-22T12:31:54","date_gmt":"2023-05-22T10:31:54","guid":{"rendered":"https:\/\/agora-eoi.xtec.cat\/eoiterrassa\/?page_id=15707"},"modified":"2023-06-05T09:53:03","modified_gmt":"2023-06-05T07:53:03","slug":"convalidacions-eso-i-batxillerat","status":"publish","type":"page","link":"https:\/\/agora-eoi.xtec.cat\/eoiterrassa\/serveis\/avantatges-destudiar-a-leoi-de-terrassa\/convalidacions-eso-i-batxillerat\/","title":{"rendered":"Convalidacions ESO i Batxillerat"},"content":{"rendered":"<header class=\"entry-header\">\n<p class=\"entry-title\"><strong style=\"font-family: inherit; font-size: 1em;\">Convalidacions ESO<\/strong><\/p>\n<\/header>\n<div class=\"entry-content\">\n<div class=\"entry-content\">\n<p>L\u2019alumnat que cursa una segona llengua estrangera, que no s\u2019ofereixi en el centre educatiu, i que ho faci en una escola oficial d\u2019idiomes o en institucions oficials o governamentals pot sol\u00b7licitar-ne el reconeixement. En aquests casos, l\u2019alumne o alumna ha d\u2019acreditar que est\u00e0 matriculat en un d\u2019aquests centres i ha de comunicar, si fos el cas, l\u2019abandonament d\u2019aquests estudis.<\/p>\n<p>El tr\u00e0mit que han de fer les fam\u00edlies dels alumnes \u00e9s el seg\u00fcent:<\/p>\n<p><strong>a. Sol\u00b7licitar al centre el reconeixement dels estudis com a mat\u00e8ria optativa de Segona Llengua Estrangera, amb el formulari corresponent. En la sol\u00b7licitud cal adjuntar el comprovant de matr\u00edcula.<\/strong><\/p>\n<p><strong>b. Presentar al centre, a final de curs, el certificat o diploma de superaci\u00f3 dels estudis expedit per l\u2019organitzaci\u00f3 responsable dels estudis.<\/strong><\/p>\n<p>El reconeixement de la formaci\u00f3 com a Segona Llengua Estrangera es fa efectiu en finalitzar el curs acad\u00e8mic.<\/p>\n<p><strong><em>Concreci\u00f3 i desenvolupament del curr\u00edculum competencial i l\u2019orientaci\u00f3 educativa a l\u2019ESO<br \/>\n<\/em><\/strong><\/p>\n<\/div>\n<p>&nbsp;<\/p>\n<p><strong><u>Convalidacions\u00a0<\/u>Batxillerat<\/strong><\/p>\n<p>Convalidacions de mat\u00e8ries del batxillerat per a alumnes que cursen lleng\u00fces estrangeres simult\u00e0niament en una EOI<strong>\u00a0<\/strong><\/p>\n<p>Els i les alumnes que cursen el batxillerat i, al mateix temps, una segona llengua estrangera en una escola oficial d\u2019idiomes (EOI) poden sol\u00b7licitar, a cada curs, la convalidaci\u00f3 de la darrera franja de quatre hores de cada curs que es completa amb una mat\u00e8ria de modalitat, pr\u00f2pia o aliena, o b\u00e9 amb dues mat\u00e8ries espec\u00edfiques, si es dona alguna de les condicions seg\u00fcents:<\/p>\n<ul>\n<li>Es cursa a l\u2019EOI amb el nivell B2 o superior una segona llengua estrangera que ofereix el centre.<\/li>\n<li>Es cursa a l\u2019EOI una llengua estrangera que no ofereix el centre.<\/li>\n<\/ul>\n<p>La sol\u00b7licitud de convalidaci\u00f3 la presenta l\u2019alumne o alumna el primer mes de classe, juntament amb una c\u00f2pia de la matr\u00edcula a l\u2019EOI. El centre ho comunica a la Direcci\u00f3 General de Curr\u00edculum i Personalitzaci\u00f3 abans del 31 d\u2019octubre del curs escolar corresponent.<\/p>\n<p>La convalidaci\u00f3 est\u00e0 condicionada a la superaci\u00f3 del curs a l\u2019EOI, que cal documentar amb un certificat del nivell assolit expedit per la secretaria de l\u2019EOI.<\/p>\n<p><strong><em>Concreci\u00f3 i desenvolupament del curr\u00edculum del batxillerat<\/em><\/strong><\/p>\n<p>Consulteu <span style=\"text-decoration: underline;\"><strong><a href=\"https:\/\/agora-eoi.xtec.cat\/eoiterrassa\/wp-content\/uploads\/usu2242\/2023\/06\/CONVALIDACIONS-Poster-2.pdf\">la infografia<\/a><\/strong><\/span><\/p>\n<div class=\"addtoany_share_save_container addtoany_content addtoany_content_bottom\">\n<div class=\"a2a_kit a2a_kit_size_25 addtoany_list\" data-a2a-url=\"https:\/\/agora-eoi.xtec.cat\/eoiterrassa\/matricula-2\/convalidacions-eso-i-batxillerat\/\" data-a2a-title=\"Convalidacions ESO i Batxillerat\"><\/div>\n<\/div>\n<\/div>\n","protected":false},"excerpt":{"rendered":"<p>Convalidacions ESO L\u2019alumnat que cursa una segona llengua estrangera, que no s\u2019ofereixi en el centre educatiu, i que ho faci en una escola oficial d\u2019idiomes o en institucions oficials o governamentals pot sol\u00b7licitar-ne el reconeixement. En aquests casos, l\u2019alumne o alumna ha d\u2019acreditar que est\u00e0 matriculat en un d\u2019aquests centres i ha de comunicar, si [&hellip;]<\/p>\n","protected":false},"author":1,"featured_media":0,"parent":15694,"menu_order":70,"comment_status":"closed","ping_status":"closed","template":"page-templates\/side-menu.php","meta":{"site-sidebar-layout":"default","site-content-layout":"","ast-site-content-layout":"","site-content-style":"default","site-sidebar-style":"default","ast-global-header-display":"","ast-banner-title-visibility":"","ast-main-header-display":"","ast-hfb-above-header-display":"","ast-hfb-below-header-display":"","ast-hfb-mobile-header-display":"","site-post-title":"","ast-breadcrumbs-content":"","ast-featured-img":"","footer-sml-layout":"","theme-transparent-header-meta":"","adv-header-id-meta":"","stick-header-meta":"","header-above-stick-meta":"","header-main-stick-meta":"","header-below-stick-meta":"","astra-migrate-meta-layouts":"default","ast-page-background-enabled":"default","ast-page-background-meta":{"desktop":{"background-color":"var(--ast-global-color-4)","background-image":"","background-repeat":"repeat","background-position":"center center","background-size":"auto","background-attachment":"scroll","background-type":"","background-media":"","overlay-type":"","overlay-color":"","overlay-opacity":"","overlay-gradient":""},"tablet":{"background-color":"","background-image":"","background-repeat":"repeat","background-position":"center center","background-size":"auto","background-attachment":"scroll","background-type":"","background-media":"","overlay-type":"","overlay-color":"","overlay-opacity":"","overlay-gradient":""},"mobile":{"background-color":"","background-image":"","background-repeat":"repeat","background-position":"center center","background-size":"auto","background-attachment":"scroll","background-type":"","background-media":"","overlay-type":"","overlay-color":"","overlay-opacity":"","overlay-gradient":""}},"ast-content-background-meta":{"desktop":{"background-color":"var(--ast-global-color-5)","background-image":"","background-repeat":"repeat","background-position":"center center","background-size":"auto","background-attachment":"scroll","background-type":"","background-media":"","overlay-type":"","overlay-color":"","overlay-opacity":"","overlay-gradient":""},"tablet":{"background-color":"var(--ast-global-color-5)","background-image":"","background-repeat":"repeat","background-position":"center center","background-size":"auto","background-attachment":"scroll","background-type":"","background-media":"","overlay-type":"","overlay-color":"","overlay-opacity":"","overlay-gradient":""},"mobile":{"background-color":"var(--ast-global-color-5)","background-image":"","background-repeat":"repeat","background-position":"center center","background-size":"auto","background-attachment":"scroll","background-type":"","background-media":"","overlay-type":"","overlay-color":"","overlay-opacity":"","overlay-gradient":""}},"footnotes":""},"class_list":["post-15707","page","type-page","status-publish","hentry"],"post_mailing_queue_ids":[],"_links":{"self":[{"href":"https:\/\/agora-eoi.xtec.cat\/eoiterrassa\/wp-json\/wp\/v2\/pages\/15707","targetHints":{"allow":["GET"]}}],"collection":[{"href":"https:\/\/agora-eoi.xtec.cat\/eoiterrassa\/wp-json\/wp\/v2\/pages"}],"about":[{"href":"https:\/\/agora-eoi.xtec.cat\/eoiterrassa\/wp-json\/wp\/v2\/types\/page"}],"author":[{"embeddable":true,"href":"https:\/\/agora-eoi.xtec.cat\/eoiterrassa\/wp-json\/wp\/v2\/users\/1"}],"replies":[{"embeddable":true,"href":"https:\/\/agora-eoi.xtec.cat\/eoiterrassa\/wp-json\/wp\/v2\/comments?post=15707"}],"version-history":[{"count":4,"href":"https:\/\/agora-eoi.xtec.cat\/eoiterrassa\/wp-json\/wp\/v2\/pages\/15707\/revisions"}],"predecessor-version":[{"id":15754,"href":"https:\/\/agora-eoi.xtec.cat\/eoiterrassa\/wp-json\/wp\/v2\/pages\/15707\/revisions\/15754"}],"up":[{"embeddable":true,"href":"https:\/\/agora-eoi.xtec.cat\/eoiterrassa\/wp-json\/wp\/v2\/pages\/15694"}],"wp:attachment":[{"href":"https:\/\/agora-eoi.xtec.cat\/eoiterrassa\/wp-json\/wp\/v2\/media?parent=15707"}],"curies":[{"name":"wp","href":"https:\/\/api.w.org\/{rel}","templated":true}]}}