{"id":15490,"date":"2023-03-27T11:20:49","date_gmt":"2023-03-27T09:20:49","guid":{"rendered":"https:\/\/agora-eoi.xtec.cat\/eoiterrassa\/?page_id=15490"},"modified":"2023-11-23T15:38:30","modified_gmt":"2023-11-23T14:38:30","slug":"centres-de-formacio-dadults","status":"publish","type":"page","link":"https:\/\/agora-eoi.xtec.cat\/eoiterrassa\/serveis\/altres-serveis-a-la-ciutat\/centres-de-formacio-dadults\/","title":{"rendered":"Centres de Formaci\u00f3 d\u2019Adults"},"content":{"rendered":"<p>Si voleu aprendre angl\u00e8s o franc\u00e8s a un ritme diferent que a la EOI o no vau aconseguir una\u00a0 pla\u00e7a a la mateixa EOI, encara hi sou a temps. <span style=\"font-family: inherit; font-size: 1em;\">Podeu dirigir-vos als Centres de Formaci\u00f3 d&#8217;Adults (CFA) de la ciutat. La matr\u00edcula \u00e9s oberta durant tot el curs. Podeu consultar al web les vacants del <\/span><a style=\"font-family: inherit; font-size: 1em;\" href=\"https:\/\/agora.xtec.cat\/cfaegara\/\" target=\"_blank\" rel=\"noopener\" data-saferedirecturl=\"https:\/\/www.google.com\/url?q=https:\/\/agora.xtec.cat\/cfaegara\/&amp;source=gmail&amp;ust=1679989964510000&amp;usg=AOvVaw3SOfzZ0P_v6ZgU4YBb5MEA\">CFA\u00a0Egara<\/a><span style=\"font-family: inherit; font-size: 1em;\">,\u00a0<\/span><a style=\"font-family: inherit; font-size: 1em;\" href=\"http:\/\/www.xtec.cat\/cfa-ramonllull\/\" target=\"_blank\" rel=\"noopener\" data-saferedirecturl=\"https:\/\/www.google.com\/url?q=http:\/\/www.xtec.cat\/cfa-ramonllull\/&amp;source=gmail&amp;ust=1679989964510000&amp;usg=AOvVaw3GSBSLl9l_ZGWjAA7kGeJf\">CFA Ramon Llull<\/a><span style=\"font-family: inherit; font-size: 1em;\">,\u00a0\u00a0<\/span><a style=\"font-family: inherit; font-size: 1em;\" href=\"http:\/\/cfaannamuria.cat\/\" target=\"_blank\" rel=\"noopener\" data-saferedirecturl=\"https:\/\/www.google.com\/url?q=http:\/\/cfaannamuria.cat\/&amp;source=gmail&amp;ust=1679989964510000&amp;usg=AOvVaw2KkScAT-u5MwDoWqGzgzy4\">CFA Anna Muri\u00e0<\/a><span style=\"font-family: inherit; font-size: 1em;\">, i del\u00a0 <\/span><a style=\"font-family: inherit; font-size: 1em;\" href=\"https:\/\/agora.xtec.cat\/cfasalvadorespriu\/\" target=\"_blank\" rel=\"noopener\" data-saferedirecturl=\"https:\/\/www.google.com\/url?q=https:\/\/agora.xtec.cat\/cfasalvadorespriu\/&amp;source=gmail&amp;ust=1679989964510000&amp;usg=AOvVaw1aKgkX50pPdKtZMXLOxYuq\">CFA\u00a0Salvador\u00a0Espriu.<\/a><\/p>\n","protected":false},"excerpt":{"rendered":"<p>Si voleu aprendre angl\u00e8s o franc\u00e8s a un ritme diferent que a la EOI o no vau aconseguir una\u00a0 pla\u00e7a a la mateixa EOI, encara hi sou a temps. Podeu dirigir-vos als Centres de Formaci\u00f3 d&#8217;Adults (CFA) de la ciutat. La matr\u00edcula \u00e9s oberta durant tot el curs. Podeu consultar al web les vacants del [&hellip;]<\/p>\n","protected":false},"author":1,"featured_media":0,"parent":15698,"menu_order":10,"comment_status":"closed","ping_status":"closed","template":"page-templates\/side-menu.php","meta":{"site-sidebar-layout":"default","site-content-layout":"","ast-site-content-layout":"","site-content-style":"default","site-sidebar-style":"default","ast-global-header-display":"","ast-banner-title-visibility":"","ast-main-header-display":"","ast-hfb-above-header-display":"","ast-hfb-below-header-display":"","ast-hfb-mobile-header-display":"","site-post-title":"","ast-breadcrumbs-content":"","ast-featured-img":"","footer-sml-layout":"","theme-transparent-header-meta":"","adv-header-id-meta":"","stick-header-meta":"","header-above-stick-meta":"","header-main-stick-meta":"","header-below-stick-meta":"","astra-migrate-meta-layouts":"default","ast-page-background-enabled":"default","ast-page-background-meta":{"desktop":{"background-color":"var(--ast-global-color-4)","background-image":"","background-repeat":"repeat","background-position":"center center","background-size":"auto","background-attachment":"scroll","background-type":"","background-media":"","overlay-type":"","overlay-color":"","overlay-opacity":"","overlay-gradient":""},"tablet":{"background-color":"","background-image":"","background-repeat":"repeat","background-position":"center center","background-size":"auto","background-attachment":"scroll","background-type":"","background-media":"","overlay-type":"","overlay-color":"","overlay-opacity":"","overlay-gradient":""},"mobile":{"background-color":"","background-image":"","background-repeat":"repeat","background-position":"center center","background-size":"auto","background-attachment":"scroll","background-type":"","background-media":"","overlay-type":"","overlay-color":"","overlay-opacity":"","overlay-gradient":""}},"ast-content-background-meta":{"desktop":{"background-color":"var(--ast-global-color-5)","background-image":"","background-repeat":"repeat","background-position":"center center","background-size":"auto","background-attachment":"scroll","background-type":"","background-media":"","overlay-type":"","overlay-color":"","overlay-opacity":"","overlay-gradient":""},"tablet":{"background-color":"var(--ast-global-color-5)","background-image":"","background-repeat":"repeat","background-position":"center center","background-size":"auto","background-attachment":"scroll","background-type":"","background-media":"","overlay-type":"","overlay-color":"","overlay-opacity":"","overlay-gradient":""},"mobile":{"background-color":"var(--ast-global-color-5)","background-image":"","background-repeat":"repeat","background-position":"center center","background-size":"auto","background-attachment":"scroll","background-type":"","background-media":"","overlay-type":"","overlay-color":"","overlay-opacity":"","overlay-gradient":""}},"footnotes":""},"class_list":["post-15490","page","type-page","status-publish","hentry"],"post_mailing_queue_ids":[],"_links":{"self":[{"href":"https:\/\/agora-eoi.xtec.cat\/eoiterrassa\/wp-json\/wp\/v2\/pages\/15490","targetHints":{"allow":["GET"]}}],"collection":[{"href":"https:\/\/agora-eoi.xtec.cat\/eoiterrassa\/wp-json\/wp\/v2\/pages"}],"about":[{"href":"https:\/\/agora-eoi.xtec.cat\/eoiterrassa\/wp-json\/wp\/v2\/types\/page"}],"author":[{"embeddable":true,"href":"https:\/\/agora-eoi.xtec.cat\/eoiterrassa\/wp-json\/wp\/v2\/users\/1"}],"replies":[{"embeddable":true,"href":"https:\/\/agora-eoi.xtec.cat\/eoiterrassa\/wp-json\/wp\/v2\/comments?post=15490"}],"version-history":[{"count":3,"href":"https:\/\/agora-eoi.xtec.cat\/eoiterrassa\/wp-json\/wp\/v2\/pages\/15490\/revisions"}],"predecessor-version":[{"id":16406,"href":"https:\/\/agora-eoi.xtec.cat\/eoiterrassa\/wp-json\/wp\/v2\/pages\/15490\/revisions\/16406"}],"up":[{"embeddable":true,"href":"https:\/\/agora-eoi.xtec.cat\/eoiterrassa\/wp-json\/wp\/v2\/pages\/15698"}],"wp:attachment":[{"href":"https:\/\/agora-eoi.xtec.cat\/eoiterrassa\/wp-json\/wp\/v2\/media?parent=15490"}],"curies":[{"name":"wp","href":"https:\/\/api.w.org\/{rel}","templated":true}]}}