{"id":14641,"date":"2022-07-13T09:26:34","date_gmt":"2022-07-13T07:26:34","guid":{"rendered":"https:\/\/agora-eoi.xtec.cat\/eoiterrassa\/?page_id=14641"},"modified":"2025-09-01T14:37:54","modified_gmt":"2025-09-01T12:37:54","slug":"test-de-nivell","status":"publish","type":"page","link":"https:\/\/agora-eoi.xtec.cat\/eoiterrassa\/matricula-2\/matricula\/test-de-nivell\/","title":{"rendered":"Test de nivell 2025-26"},"content":{"rendered":"<h4><b>Test de nivell <\/b><\/h4>\n<h4><b>&gt; Alemany, angl\u00e8s i franc\u00e8s: <\/b><span style=\"background-color: #ffcc00;\"><b>en l\u00ednia<\/b><\/span><\/h4>\n<ul>\n<li><span style=\"font-weight: 400;\">El test de nivell per a la preinscripci\u00f3 <\/span><b>d\u2019alemany, angl\u00e8s i franc\u00e8s<\/b><span style=\"font-weight: 400;\"> pel curs 24-25 \u00e9s en l\u00ednia. <\/span><\/li>\n<\/ul>\n<p><span style=\"font-weight: 400;\">La <\/span><b>preinscripci\u00f3 \u00e9s de l&#8217;1 de setembre al 8 de setembre <\/b><span style=\"font-weight: 400;\">(fins a les 15:00h). Podreu indicar a l\u2019aplicatiu de preinscripci\u00f3 que desitgeu fer el test de nivell d\u2019alemany, angl\u00e8s o franc\u00e8s i tindreu <\/span>fins les 17.00h del 10 de setembre<span style=\"font-weight: 400;\"> per realitzar-lo.<\/span><\/p>\n<p><span style=\"font-weight: 400;\">La prova de nivell t\u00e9 l\u2019objectiu de determinar a quin curs s\u2019ha de matricular una persona que vol estudiar alemany, angl\u00e8s o franc\u00e8s en una Escola oficial d\u2019idiomes i que ja t\u00e9 coneixements de l\u2019idioma.<\/span><\/p>\n<p><span style=\"font-weight: 400;\">La prova consisteix en un test de preguntes d\u2019opci\u00f3 m\u00faltiple repartides en tres blocs de preguntes i una redacci\u00f3. El primer bloc avalua l\u2019\u00fas de la llengua, el segon i el tercer bloc avaluen l\u2019\u00fas de la llengua, la comprensi\u00f3 oral i la expressi\u00f3 escrita. La dificultat de les preguntes augmenta progressivament. Al final del bloc 1 i del bloc 2,\u00a0 l\u2019alumnat obt\u00e9 una assignaci\u00f3 de nivell i, segons el resultat obtingut, se li permetr\u00e0 continuar al bloc seg\u00fcent, si \u00e9s el cas. Pel que fa al tercer bloc, caldr\u00e0 esperar que la redacci\u00f3 hagi estat corregida, per saber l\u2019assignaci\u00f3 del nivell. L\u2019alumnat al qual se li ofereixi la possibilitat de continuar al bloc seg\u00fcent, podr\u00e0 rebutjar-ho i quedar-se amb l\u2019assignaci\u00f3 obtinguda al bloc anterior, si aix\u00ed ho desitja.<\/span><\/p>\n<p><span style=\"font-weight: 400;\">La durada del primer bloc \u00e9s de 45 minuts, la del segon bloc \u00e9s de 30 minuts i la del tercer \u00e9s de 80 minuts.<\/span><\/p>\n<p><span style=\"font-weight: 400;\">M\u00e9s informaci\u00f3 sobre el test de nivell i les taules d\u2019exempci\u00f3:<\/span><span style=\"text-decoration: underline;\"><strong><a href=\"https:\/\/preinscripcio.gencat.cat\/ca\/estudis\/idiomes-eoi\/informat\/test-nivell-a2-c1\/\"> aqu\u00ed<\/a>.<\/strong><\/span><\/p>\n<h4><b>&gt; \u00c0rab, catal\u00e0 i d\u2019itali\u00e0: <\/b><span style=\"background-color: #ff9900;\"><b>presencial<\/b><\/span><\/h4>\n<p><span style=\"font-weight: 400;\">\u00c9s presencial al centre i no cal que us apunteu enlloc, podeu venir directament. El test de nivell consta d\u2019una bateria de preguntes d\u2019opci\u00f3 m\u00faltiple, una redacci\u00f3 i la possibilitat d&#8217;una entrevista. T\u00e9 una durada d\u2019entre una i dues hores, depenent del nivell al que vulgueu accedir.<\/span><\/p>\n<p>Trieu el dia que us vagi millor fer el test entre les franges seg\u00fcents:<\/p>\n<p><strong>\u00c0rab i itali\u00e0: <\/strong><b>\u00a0dies 8\/09 i 9\/09, entre 16:30h i les 19:30 hores.<\/b><\/p>\n<p><strong>Catal\u00e0:<\/strong><b> el 9\/09, entre 16:30h i les 19:30 hores. E<\/b><b>l 10\/09 entre les 10.00 i les 13.00.<\/b><\/p>\n<p><span style=\"font-weight: 400;\">Consulta de resultats del test i tria de grup i horari: <\/span><b>el 12\/09\u00a0 a partir de les 18:00h\u00a0<\/b>fins a <span style=\"font-weight: 400;\">al <\/span><b>15\/09 a les 10:00 <\/b><span style=\"font-weight: 400;\">al mateix aplicatiu de preinscripci\u00f3. <\/span><\/p>\n<p><span style=\"font-weight: 400;\">Sorteig assignaci\u00f3 de places: <\/span><b>15\/09 a les 12:00h.\u00a0 <\/b><\/p>\n<p>Consulta de resultats:<b> 15\/09 a les <\/b><b>18:00h<\/b><span style=\"font-weight: 400;\">. <\/span><\/p>\n<p><span style=\"font-weight: 400;\">Matr\u00edcula online: <strong>del 15\/09 a les 18:00h<\/strong><\/span><b>\u00a0fins el dia 17 de setembre a les 23:59h.<\/b><\/p>\n<p><b>Per a la majoria de grups d\u2019alemany, \u00e0rab, franc\u00e8s i itali\u00e0 l\u2019oferta \u00e9s m\u00e9s gran que la demanda i, tot i fer-se un sorteig, \u00e9s f\u00e0cil obtenir una pla\u00e7a.<\/b><\/p>\n","protected":false},"excerpt":{"rendered":"<p>Test de nivell &gt; Alemany, angl\u00e8s i franc\u00e8s: en l\u00ednia El test de nivell per a la preinscripci\u00f3 d\u2019alemany, angl\u00e8s i franc\u00e8s pel curs 24-25 \u00e9s en l\u00ednia. La preinscripci\u00f3 \u00e9s de l&#8217;1 de setembre al 8 de setembre (fins a les 15:00h). Podreu indicar a l\u2019aplicatiu de preinscripci\u00f3 que desitgeu fer el test de [&hellip;]<\/p>\n","protected":false},"author":1,"featured_media":0,"parent":11864,"menu_order":50,"comment_status":"closed","ping_status":"closed","template":"","meta":{"site-sidebar-layout":"default","site-content-layout":"","ast-site-content-layout":"default","site-content-style":"default","site-sidebar-style":"default","ast-global-header-display":"","ast-banner-title-visibility":"","ast-main-header-display":"","ast-hfb-above-header-display":"","ast-hfb-below-header-display":"","ast-hfb-mobile-header-display":"","site-post-title":"","ast-breadcrumbs-content":"","ast-featured-img":"","footer-sml-layout":"","theme-transparent-header-meta":"","adv-header-id-meta":"","stick-header-meta":"","header-above-stick-meta":"","header-main-stick-meta":"","header-below-stick-meta":"","astra-migrate-meta-layouts":"set","ast-page-background-enabled":"default","ast-page-background-meta":{"desktop":{"background-color":"var(--ast-global-color-4)","background-image":"","background-repeat":"repeat","background-position":"center center","background-size":"auto","background-attachment":"scroll","background-type":"","background-media":"","overlay-type":"","overlay-color":"","overlay-opacity":"","overlay-gradient":""},"tablet":{"background-color":"","background-image":"","background-repeat":"repeat","background-position":"center center","background-size":"auto","background-attachment":"scroll","background-type":"","background-media":"","overlay-type":"","overlay-color":"","overlay-opacity":"","overlay-gradient":""},"mobile":{"background-color":"","background-image":"","background-repeat":"repeat","background-position":"center center","background-size":"auto","background-attachment":"scroll","background-type":"","background-media":"","overlay-type":"","overlay-color":"","overlay-opacity":"","overlay-gradient":""}},"ast-content-background-meta":{"desktop":{"background-color":"var(--ast-global-color-5)","background-image":"","background-repeat":"repeat","background-position":"center center","background-size":"auto","background-attachment":"scroll","background-type":"","background-media":"","overlay-type":"","overlay-color":"","overlay-opacity":"","overlay-gradient":""},"tablet":{"background-color":"var(--ast-global-color-5)","background-image":"","background-repeat":"repeat","background-position":"center center","background-size":"auto","background-attachment":"scroll","background-type":"","background-media":"","overlay-type":"","overlay-color":"","overlay-opacity":"","overlay-gradient":""},"mobile":{"background-color":"var(--ast-global-color-5)","background-image":"","background-repeat":"repeat","background-position":"center center","background-size":"auto","background-attachment":"scroll","background-type":"","background-media":"","overlay-type":"","overlay-color":"","overlay-opacity":"","overlay-gradient":""}},"footnotes":""},"class_list":["post-14641","page","type-page","status-publish","hentry"],"post_mailing_queue_ids":[],"_links":{"self":[{"href":"https:\/\/agora-eoi.xtec.cat\/eoiterrassa\/wp-json\/wp\/v2\/pages\/14641","targetHints":{"allow":["GET"]}}],"collection":[{"href":"https:\/\/agora-eoi.xtec.cat\/eoiterrassa\/wp-json\/wp\/v2\/pages"}],"about":[{"href":"https:\/\/agora-eoi.xtec.cat\/eoiterrassa\/wp-json\/wp\/v2\/types\/page"}],"author":[{"embeddable":true,"href":"https:\/\/agora-eoi.xtec.cat\/eoiterrassa\/wp-json\/wp\/v2\/users\/1"}],"replies":[{"embeddable":true,"href":"https:\/\/agora-eoi.xtec.cat\/eoiterrassa\/wp-json\/wp\/v2\/comments?post=14641"}],"version-history":[{"count":6,"href":"https:\/\/agora-eoi.xtec.cat\/eoiterrassa\/wp-json\/wp\/v2\/pages\/14641\/revisions"}],"predecessor-version":[{"id":19016,"href":"https:\/\/agora-eoi.xtec.cat\/eoiterrassa\/wp-json\/wp\/v2\/pages\/14641\/revisions\/19016"}],"up":[{"embeddable":true,"href":"https:\/\/agora-eoi.xtec.cat\/eoiterrassa\/wp-json\/wp\/v2\/pages\/11864"}],"wp:attachment":[{"href":"https:\/\/agora-eoi.xtec.cat\/eoiterrassa\/wp-json\/wp\/v2\/media?parent=14641"}],"curies":[{"name":"wp","href":"https:\/\/api.w.org\/{rel}","templated":true}]}}