{"id":14254,"date":"2022-04-21T09:35:33","date_gmt":"2022-04-21T07:35:33","guid":{"rendered":"https:\/\/agora-eoi.xtec.cat\/eoiterrassa\/?page_id=14254"},"modified":"2025-07-15T12:59:10","modified_gmt":"2025-07-15T10:59:10","slug":"preinscripcio-del-nou-alumnat-curs-2022-2023","status":"publish","type":"page","link":"https:\/\/agora-eoi.xtec.cat\/eoiterrassa\/matricula-2\/matricula\/preinscripcio-del-nou-alumnat-curs-2022-2023\/","title":{"rendered":"Calendari de preinscripci\u00f3 i matr\u00edcula 2025-2026"},"content":{"rendered":"<p>\u2013 Publicaci\u00f3 de l\u2019oferta d\u2019idiomes i horaris, consultable al web del centre: <a href=\"https:\/\/agora-eoi.xtec.cat\/eoiterrassa\/departaments\/horaris-classe\/#ALE\"><span style=\"color: #ff0000;\"><b><u>AQU\u00cd<\/u><\/b><\/span><\/a><\/p>\n<p>\u2013 Publicaci\u00f3 de l\u2019<span style=\"text-decoration: underline;\"><strong><a href=\"https:\/\/preinscripcio.gencat.cat\/ca\/estudis\/idiomes-eoi\/informat\/busca-centre\/index.html\">oferta de places<\/a><\/strong><\/span> a les EOI de Catalunya: <strong>18 de juliol de 2025.<\/strong><\/p>\n<p>\u2013 Presentaci\u00f3 telem\u00e0tica de sol\u00b7licituds:\u00a0 <strong>de l&#8217;1 de setembre ( a partir de les 12.00 h)\u00a0 al 8 de setembre de 2025, fins a les 15 hores. <a href=\"https:\/\/www.eoidigital.com\/eoicat\/alumnes\/\"><span style=\"text-decoration: underline;\"><span style=\"color: #993300;\">AQU\u00cd<\/span><\/span><\/a><\/strong><\/p>\n<p>\u2013 Publicaci\u00f3 del calendari i horari per a la realitzaci\u00f3 del test de nivell en els idiomes en qu\u00e8 el test \u00e9s presencial: <strong>1 de setembre de 2025.<\/strong><\/p>\n<p>\u2013 Preinscripci\u00f3 online al centre (t\u2019ajudem a emplenar la teva preinscripci\u00f3): <strong>3 de setembre de 2025, fins a les 14 hores.<\/strong><\/p>\n<p>\u2013 Lliurament presencial o en l\u00ednia de certificats que permeten l\u2019exempci\u00f3 del test, nom\u00e9s per a alumnes que accedeixen directament a un nivell superior a primer: <strong>del 1 al 8 de setembre de 2025, fins a les 17 hores.<\/strong><\/p>\n<p>-Test de nivell \u00e0rab, catal\u00e0 i itali\u00e0 presencial: Podeu escollir si venir a fer el test de nivell <b>els dies 9 o 10 de setembre, de les 16:30h a les 19:30 hores. <\/b>\u00c9s presencial al centre i no cal que us apunteu enlloc, podeu venir directament <strong><span style=\"text-decoration: underline;\"><span style=\"color: #ff0000; text-decoration: underline;\">PENDENT<\/span><\/span><\/strong><\/p>\n<p><strong>Per als idiomes per als quals estigui disponible un test de nivell telem\u00e0tic<\/strong> (alemany, angl\u00e8s i franc\u00e8s)<strong>, el per\u00edode per a fer-lo s\u2019inicia en el moment de fer la preinscripci\u00f3 fins al 10 de setembre de 2025,\u00a0 a les 17.00 hores.<\/strong><\/p>\n<p>Per accedir als nostres cursos de <strong>Catal\u00e0 C2<\/strong> s\u2019ha d\u2019<span style=\"text-decoration: underline;\"><a href=\"https:\/\/llengua.gencat.cat\/ca\/serveis\/acreditacio_coneixements\/certificats_de_catala\/equivalencies-acreditacions\/\">acreditar el nivell C1<\/a><\/span>\u00a0o b\u00e9 sol\u00b7licitar aquest reconeixement a <strong>qualsevol institut d&#8217;educaci\u00f3 secund\u00e0ria p\u00fablic<a href=\"https:\/\/agora-eoi.xtec.cat\/eoiterrassa\/wp-content\/uploads\/usu2242\/2024\/09\/Exemple-certificat-C1-catala-emes-per-institut-public.pdf\"> <span style=\"text-decoration: underline;\"><span style=\"color: #ff0000; text-decoration: underline;\">EXEMPLE <\/span><\/span><\/a><\/strong>(no ha de ser el centre on s\u2019han cursat els estudis secundaris).\u00a0Per a m\u00e9s informaci\u00f3 <span style=\"color: #ff0000;\"><strong><u><a style=\"color: #ff0000;\" href=\"https:\/\/agora-eoi.xtec.cat\/eoiterrassa\/wp-content\/uploads\/usu2242\/2024\/04\/Equivalencies-catala.pdf\">AQU\u00cd<\/a><\/u><\/strong><\/span><\/p>\n<p>\u2013 Tria d\u2019horari a l\u2019aplicaci\u00f3 de preinscripci\u00f3:<\/p>\n<ul>\n<li>Alumnes que han fet el test de nivell telem\u00e0tic: <strong>des del moment en qu\u00e8 s&#8217;obt\u00e9 el resultat del test al 15 de setembre de 2025, fins a les 10 hores.<\/strong><\/li>\n<li>Alumnes que han fet el test de nivell de forma presencial:<strong> del 12 de setembre de 2025 ( a<\/strong><strong>\u00a0partir de les 18 hores) <\/strong><strong>al 15 de setembre de 2025,\u00a0<\/strong><strong>fins a les 10 hores.<\/strong><\/li>\n<\/ul>\n<p>\u2013\u00a0Sorteig per a l\u2019assignaci\u00f3 de places<strong>: el 15 de setembre de 2025, a les 12 hores,<\/strong> als serveis centrals del Departament d\u2019Educaci\u00f3\u00a0 i Formaci\u00f3 Professional(Via Augusta, 202-220, Barcelona). Consulta p\u00fablica de resultats a partir de les 18 hores, a l\u2019aplicaci\u00f3 de la preinscripci\u00f3.<\/p>\n<p>\u2013\u00a0Per\u00edode de matriculaci\u00f3 en l\u00ednia (alumnes admesos):<strong> del 15 de setembre (a partir de les 18.00 hores) al 17de setembre de 2025, fins a les 23.59 hores.<\/strong><\/p>\n<p>\u2013 Per\u00edode de matriculaci\u00f3 en l\u00ednia de les places vacants: <strong>\u00a019 de setembre de 2025 des de les 12 hores (angl\u00e8s); 20 de setembre de 2025 des de les 9 hores fins 21 de setembre a les 23.59 hores (tots els idiomes, angl\u00e8s incl\u00f2s).<\/strong><\/p>\n<p>TOTS ELS TR\u00c0MITS ES FAN A<a href=\"https:\/\/www.eoidigital.com\/eoicat\/alumnes\/\"> L\u2019APLICACI\u00d3 DE PREINSCRIPCI\u00d3<\/a>: la preinscripci\u00f3, el test de nivell en l\u00ednia, la consulta del resultat del test, la tria de grup\/horari i la matr\u00edcula.<\/p>\n<p>Per m\u00e9s informaci\u00f3, consulteu:<\/p>\n<ul>\n<li><strong><a href=\"https:\/\/youtu.be\/bUiD0KP5OkU\">Qu\u00e8 s\u00f3n les escoles oficials d&#8217;idiomes?<\/a><\/strong><\/li>\n<li><a href=\"https:\/\/educacio.gencat.cat\/web\/.content\/home\/departament\/publicacions\/infografies\/eoi-10-eoi.pdf\"><strong>Infografia<\/strong><\/a><\/li>\n<li><a href=\"https:\/\/dogc.gencat.cat\/ca\/document-del-dogc\/?documentId=1010084\"><strong>Resoluci\u00f3<\/strong> <strong>EDF\/986\/2025, de 20 de mar\u00e7<\/strong><\/a><\/li>\n<li><strong><a href=\"https:\/\/preinscripcio.gencat.cat\/ca\/estudis\/idiomes-eoi\/informat\/test-nivell-a2-c1\/\">Taula d&#8217;exempcions al test de nivell (angl\u00e8s, franc\u00e8s i alemany)<\/a><\/strong><\/li>\n<li><strong><a href=\"https:\/\/llengua.gencat.cat\/web\/.content\/documents\/legislacio\/recull_de_normativa\/ensenyament\/arxius\/ens_equiv.pdf\">T\u00edtols, diplomes i certificats equivalents als certificats de coneixements de catal\u00e0 de la Secretaria de Pol\u00edtica Ling\u00fc\u00edstica<\/a><\/strong><\/li>\n<\/ul>\n","protected":false},"excerpt":{"rendered":"<p>\u2013 Publicaci\u00f3 de l\u2019oferta d\u2019idiomes i horaris, consultable al web del centre: AQU\u00cd \u2013 Publicaci\u00f3 de l\u2019oferta de places a les EOI de Catalunya: 18 de juliol de 2025. \u2013 Presentaci\u00f3 telem\u00e0tica de sol\u00b7licituds:\u00a0 de l&#8217;1 de setembre ( a partir de les 12.00 h)\u00a0 al 8 de setembre de 2025, fins a les 15 [&hellip;]<\/p>\n","protected":false},"author":1,"featured_media":0,"parent":11864,"menu_order":40,"comment_status":"closed","ping_status":"closed","template":"","meta":{"site-sidebar-layout":"default","site-content-layout":"","ast-site-content-layout":"default","site-content-style":"default","site-sidebar-style":"default","ast-global-header-display":"","ast-banner-title-visibility":"","ast-main-header-display":"","ast-hfb-above-header-display":"","ast-hfb-below-header-display":"","ast-hfb-mobile-header-display":"","site-post-title":"","ast-breadcrumbs-content":"","ast-featured-img":"","footer-sml-layout":"","theme-transparent-header-meta":"","adv-header-id-meta":"","stick-header-meta":"","header-above-stick-meta":"","header-main-stick-meta":"","header-below-stick-meta":"","astra-migrate-meta-layouts":"set","ast-page-background-enabled":"default","ast-page-background-meta":{"desktop":{"background-color":"var(--ast-global-color-4)","background-image":"","background-repeat":"repeat","background-position":"center center","background-size":"auto","background-attachment":"scroll","background-type":"","background-media":"","overlay-type":"","overlay-color":"","overlay-opacity":"","overlay-gradient":""},"tablet":{"background-color":"","background-image":"","background-repeat":"repeat","background-position":"center center","background-size":"auto","background-attachment":"scroll","background-type":"","background-media":"","overlay-type":"","overlay-color":"","overlay-opacity":"","overlay-gradient":""},"mobile":{"background-color":"","background-image":"","background-repeat":"repeat","background-position":"center center","background-size":"auto","background-attachment":"scroll","background-type":"","background-media":"","overlay-type":"","overlay-color":"","overlay-opacity":"","overlay-gradient":""}},"ast-content-background-meta":{"desktop":{"background-color":"var(--ast-global-color-5)","background-image":"","background-repeat":"repeat","background-position":"center center","background-size":"auto","background-attachment":"scroll","background-type":"","background-media":"","overlay-type":"","overlay-color":"","overlay-opacity":"","overlay-gradient":""},"tablet":{"background-color":"var(--ast-global-color-5)","background-image":"","background-repeat":"repeat","background-position":"center center","background-size":"auto","background-attachment":"scroll","background-type":"","background-media":"","overlay-type":"","overlay-color":"","overlay-opacity":"","overlay-gradient":""},"mobile":{"background-color":"var(--ast-global-color-5)","background-image":"","background-repeat":"repeat","background-position":"center center","background-size":"auto","background-attachment":"scroll","background-type":"","background-media":"","overlay-type":"","overlay-color":"","overlay-opacity":"","overlay-gradient":""}},"footnotes":""},"class_list":["post-14254","page","type-page","status-publish","hentry"],"post_mailing_queue_ids":[],"_links":{"self":[{"href":"https:\/\/agora-eoi.xtec.cat\/eoiterrassa\/wp-json\/wp\/v2\/pages\/14254","targetHints":{"allow":["GET"]}}],"collection":[{"href":"https:\/\/agora-eoi.xtec.cat\/eoiterrassa\/wp-json\/wp\/v2\/pages"}],"about":[{"href":"https:\/\/agora-eoi.xtec.cat\/eoiterrassa\/wp-json\/wp\/v2\/types\/page"}],"author":[{"embeddable":true,"href":"https:\/\/agora-eoi.xtec.cat\/eoiterrassa\/wp-json\/wp\/v2\/users\/1"}],"replies":[{"embeddable":true,"href":"https:\/\/agora-eoi.xtec.cat\/eoiterrassa\/wp-json\/wp\/v2\/comments?post=14254"}],"version-history":[{"count":6,"href":"https:\/\/agora-eoi.xtec.cat\/eoiterrassa\/wp-json\/wp\/v2\/pages\/14254\/revisions"}],"predecessor-version":[{"id":18875,"href":"https:\/\/agora-eoi.xtec.cat\/eoiterrassa\/wp-json\/wp\/v2\/pages\/14254\/revisions\/18875"}],"up":[{"embeddable":true,"href":"https:\/\/agora-eoi.xtec.cat\/eoiterrassa\/wp-json\/wp\/v2\/pages\/11864"}],"wp:attachment":[{"href":"https:\/\/agora-eoi.xtec.cat\/eoiterrassa\/wp-json\/wp\/v2\/media?parent=14254"}],"curies":[{"name":"wp","href":"https:\/\/api.w.org\/{rel}","templated":true}]}}

Calendari de preinscripció i matrícula 2025-2026

<p>– Publicació de l’oferta d’idiomes i horaris, consultable al web del centre: <a href="https://agora-eoi.xtec.cat/eoiterrassa/departaments/horaris-classe/#ALE"><span style="color: #ff0000;"><b><u>AQUÍ</u></b></span></a></p>
<p>– Publicació de l’<span style="text-decoration: underline;"><strong><a href="https://preinscripcio.gencat.cat/ca/estudis/idiomes-eoi/informat/busca-centre/index.html">oferta de places</a></strong></span> a les EOI de Catalunya: <strong>18 de juliol de 2025.</strong></p>
<p>– Presentació telemàtica de sol·licituds:  <strong>de l&#8217;1 de setembre ( a partir de les 12.00 h)  al 8 de setembre de 2025, fins a les 15 hores. <a href="https://www.eoidigital.com/eoicat/alumnes/"><span style="text-decoration: underline;"><span style="color: #993300;">AQUÍ</span></span></a></strong></p>
<p>– Publicació del calendari i horari per a la realització del test de nivell en els idiomes en què el test és presencial: <strong>1 de setembre de 2025.</strong></p>
<p>– Preinscripció online al centre (t’ajudem a emplenar la teva preinscripció): <strong>3 de setembre de 2025, fins a les 14 hores.</strong></p>
<p>– Lliurament presencial o en línia de certificats que permeten l’exempció del test, només per a alumnes que accedeixen directament a un nivell superior a primer: <strong>del 1 al 8 de setembre de 2025, fins a les 17 hores.</strong></p>
<p>-Test de nivell àrab, català i italià presencial: Podeu escollir si venir a fer el test de nivell <b>els dies 9 o 10 de setembre, de les 16:30h a les 19:30 hores. </b>És presencial al centre i no cal que us apunteu enlloc, podeu venir directament <strong><span style="text-decoration: underline;"><span style="color: #ff0000; text-decoration: underline;">PENDENT</span></span></strong></p>
<p><strong>Per als idiomes per als quals estigui disponible un test de nivell telemàtic</strong> (alemany, anglès i francès)<strong>, el període per a fer-lo s’inicia en el moment de fer la preinscripció fins al 10 de setembre de 2025,  a les 17.00 hores.</strong></p>
<p>Per accedir als nostres cursos de <strong>Català C2</strong> s’ha d’<span style="text-decoration: underline;"><a href="https://llengua.gencat.cat/ca/serveis/acreditacio_coneixements/certificats_de_catala/equivalencies-acreditacions/">acreditar el nivell C1</a></span> o bé sol·licitar aquest reconeixement a <strong>qualsevol institut d&#8217;educació secundària públic<a href="https://agora-eoi.xtec.cat/eoiterrassa/wp-content/uploads/usu2242/2024/09/Exemple-certificat-C1-catala-emes-per-institut-public.pdf"> <span style="text-decoration: underline;"><span style="color: #ff0000; text-decoration: underline;">EXEMPLE </span></span></a></strong>(no ha de ser el centre on s’han cursat els estudis secundaris). Per a més informació <span style="color: #ff0000;"><strong><u><a style="color: #ff0000;" href="https://agora-eoi.xtec.cat/eoiterrassa/wp-content/uploads/usu2242/2024/04/Equivalencies-catala.pdf">AQUÍ</a></u></strong></span></p>
<p>– Tria d’horari a l’aplicació de preinscripció:</p>
<ul>
<li>Alumnes que han fet el test de nivell telemàtic: <strong>des del moment en què s&#8217;obté el resultat del test al 15 de setembre de 2025, fins a les 10 hores.</strong></li>
<li>Alumnes que han fet el test de nivell de forma presencial:<strong> del 12 de setembre de 2025 ( a</strong><strong> partir de les 18 hores) </strong><strong>al 15 de setembre de 2025, </strong><strong>fins a les 10 hores.</strong></li>
</ul>
<p>– Sorteig per a l’assignació de places<strong>: el 15 de setembre de 2025, a les 12 hores,</strong> als serveis centrals del Departament d’Educació  i Formació Professional(Via Augusta, 202-220, Barcelona). Consulta pública de resultats a partir de les 18 hores, a l’aplicació de la preinscripció.</p>
<p>– Període de matriculació en línia (alumnes admesos):<strong> del 15 de setembre (a partir de les 18.00 hores) al 17de setembre de 2025, fins a les 23.59 hores.</strong></p>
<p>– Període de matriculació en línia de les places vacants: <strong> 19 de setembre de 2025 des de les 12 hores (anglès); 20 de setembre de 2025 des de les 9 hores fins 21 de setembre a les 23.59 hores (tots els idiomes, anglès inclòs).</strong></p>
<p>TOTS ELS TRÀMITS ES FAN A<a href="https://www.eoidigital.com/eoicat/alumnes/"> L’APLICACIÓ DE PREINSCRIPCIÓ</a>: la preinscripció, el test de nivell en línia, la consulta del resultat del test, la tria de grup/horari i la matrícula.</p>
<p>Per més informació, consulteu:</p>
<ul>
<li><strong><a href="https://youtu.be/bUiD0KP5OkU">Què són les escoles oficials d&#8217;idiomes?</a></strong></li>
<li><a href="https://educacio.gencat.cat/web/.content/home/departament/publicacions/infografies/eoi-10-eoi.pdf"><strong>Infografia</strong></a></li>
<li><a href="https://dogc.gencat.cat/ca/document-del-dogc/?documentId=1010084"><strong>Resolució</strong> <strong>EDF/986/2025, de 20 de març</strong></a></li>
<li><strong><a href="https://preinscripcio.gencat.cat/ca/estudis/idiomes-eoi/informat/test-nivell-a2-c1/">Taula d&#8217;exempcions al test de nivell (anglès, francès i alemany)</a></strong></li>
<li><strong><a href="https://llengua.gencat.cat/web/.content/documents/legislacio/recull_de_normativa/ensenyament/arxius/ens_equiv.pdf">Títols, diplomes i certificats equivalents als certificats de coneixements de català de la Secretaria de Política Lingüística</a></strong></li>
</ul>

<p>– Publicació de l’oferta d’idiomes i horaris, consultable al web del centre: AQUÍ – Publicació de l’oferta de places a les EOI de Catalunya: 18 de juliol de 2025. – Presentació telemàtica de sol·licituds:  de l&#8217;1 de setembre ( a partir de les 12.00 h)  al 8 de setembre de 2025, fins a les 15 [&hellip;]</p>
