{"id":13527,"date":"2022-01-13T11:06:17","date_gmt":"2022-01-13T10:06:17","guid":{"rendered":"https:\/\/agora-eoi.xtec.cat\/eoiterrassa\/?page_id=13527"},"modified":"2026-03-25T13:22:01","modified_gmt":"2026-03-25T12:22:01","slug":"equip-directiu","status":"publish","type":"page","link":"https:\/\/agora-eoi.xtec.cat\/eoiterrassa\/les-escoles-oficials-didiomes\/organigrama-2\/equip-directiu\/","title":{"rendered":"Equip directiu"},"content":{"rendered":"\n<figure class=\"wp-block-table\"><table><tbody><tr><td colspan=\"2\"><strong>C\u00e0rrec<\/strong><\/td><td><strong>A<\/strong><b>dre\u00e7a de correu electr\u00f2nic<\/b><\/td><td><strong>H<\/strong><b>oraris d&#8217;atenci\u00f3<\/b><\/td><\/tr><tr><td>Directora &#8211; <a href=\"https:\/\/agora-eoi.xtec.cat\/eoiterrassa\/wp-content\/uploads\/usu2242\/2021\/05\/Maria-Trull\u00e0s_Perfil-i-traject\u00f2ria-professional.pdf\">Perfil professional<\/a><\/td><td>Maria Trull\u00e0s Soler<\/td><td>mtrullas@eoiterrassa.cat<\/td><td>dilluns de 10:00 a 12:00<\/td><\/tr><tr><td>Cap d\u2019estudis &#8211; <a href=\"https:\/\/agora-eoi.xtec.cat\/eoiterrassa\/wp-content\/uploads\/usu2242\/2021\/05\/Montse-Ca\u00f1ada_Perfil-i-traject\u00f2ria-professional.pdf\">Perfil professional<\/a><\/td><td>Montserrat Ca\u00f1ada Pujols<\/td><td>mcanada@eoiterrassa.cat<\/td><td>dijous de 10:00 a 12:00<\/td><\/tr><tr><td>Secret\u00e0ri acad\u00e8mic &#8211; <a href=\"https:\/\/agora-eoi.xtec.cat\/eoiterrassa\/wp-content\/uploads\/usu2242\/2025\/07\/Fitxa_Perfil_trajectoria_GBlasco.pdf\">Perfil professional<\/a><\/td><td>Guillem Blasco Garriga<\/td><td>gblasco@eoiterrassa.cat<\/td><td>dimecres de 10:00 a 12:00<\/td><\/tr><tr><td>Coordinadora pedag\u00f2gica &#8211; <a href=\"https:\/\/agora-eoi.xtec.cat\/eoiterrassa\/wp-content\/uploads\/usu2242\/2021\/05\/Stefania-Fantauzzi_Perfil-i-traject\u00f2ria-professional.pdf\">Perfil professional<\/a><\/td><td>Stefania Fantauzzi<\/td><td>sfantauzzi@eoiterrassa.cat<\/td><td>dimecres de 16:30 a 18:30<\/td><\/tr><tr><td>Administradora &#8211; <a href=\"https:\/\/agora-eoi.xtec.cat\/eoiterrassa\/wp-content\/uploads\/usu2242\/2022\/09\/Fitxa_PTP_Eva_de_Francisco_signada_digital.pdf\">Perfil professional<\/a><\/td><td>Eva de Francisco Fern\u00e1ndez<\/td><td>edefrancisco@eoiterrassa.cat<\/td><td>dimarts 10:00 a 12:00<\/td><\/tr><\/tbody><\/table><\/figure>\n\n\n\n<p><\/p>\n","protected":false},"excerpt":{"rendered":"<p>C\u00e0rrec Adre\u00e7a de correu electr\u00f2nic Horaris d&#8217;atenci\u00f3 Directora &#8211; Perfil professional Maria Trull\u00e0s Soler mtrullas@eoiterrassa.cat dilluns de 10:00 a 12:00 Cap d\u2019estudis &#8211; Perfil professional Montserrat Ca\u00f1ada Pujols mcanada@eoiterrassa.cat dijous de 10:00 a 12:00 Secret\u00e0ri acad\u00e8mic &#8211; Perfil professional Guillem Blasco Garriga gblasco@eoiterrassa.cat dimecres de 10:00 a 12:00 Coordinadora pedag\u00f2gica &#8211; Perfil professional Stefania Fantauzzi [&hellip;]<\/p>\n","protected":false},"author":1,"featured_media":0,"parent":13524,"menu_order":10,"comment_status":"closed","ping_status":"closed","template":"","meta":{"site-sidebar-layout":"default","site-content-layout":"","ast-site-content-layout":"default","site-content-style":"default","site-sidebar-style":"default","ast-global-header-display":"","ast-banner-title-visibility":"","ast-main-header-display":"","ast-hfb-above-header-display":"","ast-hfb-below-header-display":"","ast-hfb-mobile-header-display":"","site-post-title":"","ast-breadcrumbs-content":"","ast-featured-img":"","footer-sml-layout":"","theme-transparent-header-meta":"","adv-header-id-meta":"","stick-header-meta":"","header-above-stick-meta":"","header-main-stick-meta":"","header-below-stick-meta":"","astra-migrate-meta-layouts":"set","ast-page-background-enabled":"default","ast-page-background-meta":{"desktop":{"background-color":"var(--ast-global-color-4)","background-image":"","background-repeat":"repeat","background-position":"center center","background-size":"auto","background-attachment":"scroll","background-type":"","background-media":"","overlay-type":"","overlay-color":"","overlay-opacity":"","overlay-gradient":""},"tablet":{"background-color":"","background-image":"","background-repeat":"repeat","background-position":"center center","background-size":"auto","background-attachment":"scroll","background-type":"","background-media":"","overlay-type":"","overlay-color":"","overlay-opacity":"","overlay-gradient":""},"mobile":{"background-color":"","background-image":"","background-repeat":"repeat","background-position":"center center","background-size":"auto","background-attachment":"scroll","background-type":"","background-media":"","overlay-type":"","overlay-color":"","overlay-opacity":"","overlay-gradient":""}},"ast-content-background-meta":{"desktop":{"background-color":"var(--ast-global-color-5)","background-image":"","background-repeat":"repeat","background-position":"center center","background-size":"auto","background-attachment":"scroll","background-type":"","background-media":"","overlay-type":"","overlay-color":"","overlay-opacity":"","overlay-gradient":""},"tablet":{"background-color":"var(--ast-global-color-5)","background-image":"","background-repeat":"repeat","background-position":"center center","background-size":"auto","background-attachment":"scroll","background-type":"","background-media":"","overlay-type":"","overlay-color":"","overlay-opacity":"","overlay-gradient":""},"mobile":{"background-color":"var(--ast-global-color-5)","background-image":"","background-repeat":"repeat","background-position":"center center","background-size":"auto","background-attachment":"scroll","background-type":"","background-media":"","overlay-type":"","overlay-color":"","overlay-opacity":"","overlay-gradient":""}},"footnotes":""},"class_list":["post-13527","page","type-page","status-publish","hentry"],"post_mailing_queue_ids":[],"_links":{"self":[{"href":"https:\/\/agora-eoi.xtec.cat\/eoiterrassa\/wp-json\/wp\/v2\/pages\/13527","targetHints":{"allow":["GET"]}}],"collection":[{"href":"https:\/\/agora-eoi.xtec.cat\/eoiterrassa\/wp-json\/wp\/v2\/pages"}],"about":[{"href":"https:\/\/agora-eoi.xtec.cat\/eoiterrassa\/wp-json\/wp\/v2\/types\/page"}],"author":[{"embeddable":true,"href":"https:\/\/agora-eoi.xtec.cat\/eoiterrassa\/wp-json\/wp\/v2\/users\/1"}],"replies":[{"embeddable":true,"href":"https:\/\/agora-eoi.xtec.cat\/eoiterrassa\/wp-json\/wp\/v2\/comments?post=13527"}],"version-history":[{"count":6,"href":"https:\/\/agora-eoi.xtec.cat\/eoiterrassa\/wp-json\/wp\/v2\/pages\/13527\/revisions"}],"predecessor-version":[{"id":20580,"href":"https:\/\/agora-eoi.xtec.cat\/eoiterrassa\/wp-json\/wp\/v2\/pages\/13527\/revisions\/20580"}],"up":[{"embeddable":true,"href":"https:\/\/agora-eoi.xtec.cat\/eoiterrassa\/wp-json\/wp\/v2\/pages\/13524"}],"wp:attachment":[{"href":"https:\/\/agora-eoi.xtec.cat\/eoiterrassa\/wp-json\/wp\/v2\/media?parent=13527"}],"curies":[{"name":"wp","href":"https:\/\/api.w.org\/{rel}","templated":true}]}}