{"id":12913,"date":"2021-07-14T12:53:11","date_gmt":"2021-07-14T10:53:11","guid":{"rendered":"https:\/\/agora-eoi.xtec.cat\/eoiterrassa\/?page_id=12913"},"modified":"2025-11-02T17:31:49","modified_gmt":"2025-11-02T16:31:49","slug":"documents-de-seguretat-prevencio-i-salut-laboral","status":"publish","type":"page","link":"https:\/\/agora-eoi.xtec.cat\/eoiterrassa\/les-escoles-oficials-didiomes\/documents-de-centre\/documents-de-seguretat-prevencio-i-salut-laboral\/","title":{"rendered":"Documents de seguretat, prevenci\u00f3 i salut laboral"},"content":{"rendered":"\n<p><span style=\"color: #000000;\">En aquest lloc podeu trobar els documents que fan refer\u00e8ncia a la seguretat, prevenci\u00f3 i salut laboral:<\/span><\/p>\n\n\n\n<h1 class=\"wp-block-heading\"><span style=\"color: #000000;\">1. Documents de centre<\/span><\/h1>\n\n\n\n<ul class=\"wp-block-list\">\n<li class=\"has-vivid-cyan-blue-color has-text-color has-link-color wp-elements-536ad946e68d5fbf28f3ce9556043f9a\"><span style=\"color: #0000ff;\"><a href=\"https:\/\/agora-eoi.xtec.cat\/eoiterrassa\/wp-content\/uploads\/usu2242\/2025\/09\/08053194_EOI_Terrassa_24_25_InfAvalRiscos_signed.pdf\">Avaluaci\u00f3 de riscos laborals peri\u00f2dica_EOI Terrassa <\/a><\/span><span style=\"color: #000000;\">(juny 2025)<\/span><\/li>\n\n\n\n<li class=\"has-vivid-cyan-blue-color has-text-color has-link-color wp-elements-9e1a06c1406392ec534bacabd11acec3\"><span style=\"color: #000000;\"><a href=\"https:\/\/agora-eoi.xtec.cat\/eoiterrassa\/wp-content\/uploads\/usu2242\/2025\/09\/PLA-DEMERGENCIA-EOI-TERRASSA-2025-26.pdf\">Pla d&#8217;emerg\u00e8ncia del centre<\/a> <\/span><span style=\"color: #0000ff;\"><span style=\"color: #000000;\">(setembre 2025)<\/span><\/span><\/li>\n<\/ul>\n\n\n\n<h1 class=\"wp-block-heading\"><span style=\"color: #000000;\">2. Riscos i mesures preventives del lloc de treball<\/span><\/h1>\n\n\n\n<p class=\"has-vivid-cyan-blue-color has-text-color has-link-color wp-elements-02ad84549a7df2207704bdcab234d5f6\"><a href=\"https:\/\/agora-eoi.xtec.cat\/eoiterrassa\/wp-content\/uploads\/usu2242\/2025\/11\/Informacio-mesures-personal-treballador.pdf\">INFORMACI\u00d3 DELS RISCOS I LES MESURES CORRECTORES \/ PREVENTIVES DEL LLOC<br>DE TREBALL_1<\/a> (octubre de 2025)<\/p>\n\n\n\n<p class=\"has-vivid-cyan-blue-color has-text-color has-link-color wp-elements-97e64f3c2abf9445611583e6e111805f\"><a href=\"https:\/\/agora-eoi.xtec.cat\/eoiterrassa\/wp-content\/uploads\/usu2242\/2025\/11\/Informacio-nomes-risc-amb-mesures.pdf\">INFORMACI\u00d3 DELS RISCOS I LES MESURES CORRECTORES \/ PREVENTIVES DEL LLOC<br>DE TREBALL_2<\/a> (octubre de 2025)<\/p>\n\n\n\n<h2 class=\"wp-block-heading\"><span style=\"color: #000000;\"><strong><u>Professorat<\/u><\/strong><\/span><\/h2>\n\n\n\n<ul class=\"wp-block-list\">\n<li class=\"has-vivid-cyan-blue-color has-text-color has-link-color wp-elements-e313aff1382a65a5ace2bec5c29ac17f\"><span style=\"color: #0000ff;\"><a href=\"https:\/\/agora-eoi.xtec.cat\/eoiterrassa\/wp-content\/uploads\/usu2242\/2025\/11\/Personal_docent_educacio_secundaria.pdf\">Professorat<\/a><\/span><\/li>\n\n\n\n<li class=\"has-vivid-cyan-blue-color has-text-color has-link-color wp-elements-76cf2847085be567083aa88596cf5008\"><span style=\"color: #0000ff;\"><a href=\"https:\/\/agora-eoi.xtec.cat\/eoiterrassa\/wp-content\/uploads\/usu2242\/2021\/07\/\u00das-eficient-de-la-veu.pdf\">\u00das eficient de la veu<\/a><\/span><\/li>\n\n\n\n<li class=\"has-vivid-cyan-blue-color has-text-color has-link-color wp-elements-ec68252d6d2883dd2f14bd33597eab89\"><span style=\"color: #0000ff;\"><a href=\"https:\/\/agora-eoi.xtec.cat\/eoiterrassa\/wp-content\/uploads\/usu2242\/2025\/11\/Informacio_usuaris_pantalles_visualitzacio_dades1.pdf\"><span id=\"page226R_mcid1\" class=\"markedContent\"><span dir=\"ltr\">Treball amb Pantalles de Visualitzaci\u00f3 de Dades (PVD)<\/span><\/span><\/a><\/span><\/li>\n\n\n\n<li class=\"has-vivid-cyan-blue-color has-text-color has-link-color wp-elements-80ad26f70b978fa65656d6db604fafc5\"><span style=\"color: #0000ff;\"><a href=\"https:\/\/agora-eoi.xtec.cat\/eoiterrassa\/wp-content\/uploads\/usu2242\/2021\/07\/Instruccio_despla\u00e7aments.pdf\">Prevenci\u00f3 de riscos en despla\u00e7aments<\/a><\/span><\/li>\n\n\n\n<li class=\"has-vivid-cyan-blue-color has-text-color has-link-color wp-elements-e6b84ea893d55e465c33d959ad0484dc\"><span style=\"color: #0000ff;\"><a href=\"https:\/\/agora-eoi.xtec.cat\/eoiterrassa\/wp-content\/uploads\/usu2242\/2022\/09\/mesures-onades-calor.pdf\">Mesures en cas d&#8217;onades de calor<\/a><\/span><\/li>\n\n\n\n<li class=\"has-vivid-cyan-blue-color has-text-color has-link-color wp-elements-c93d436d804df15af384871e1fa0c59c\"><a href=\"https:\/\/agora-eoi.xtec.cat\/eoiterrassa\/wp-content\/uploads\/usu2242\/2025\/11\/Infografia-Teletreball.pdf\">Teletreball<\/a><\/li>\n<\/ul>\n\n\n\n<h2 class=\"wp-block-heading\"><span style=\"color: #000000;\"><strong><u>Conserges<\/u><\/strong><\/span><\/h2>\n\n\n\n<ul class=\"wp-block-list\">\n<li class=\"has-vivid-cyan-blue-color has-text-color has-link-color wp-elements-5308be860251429425001f5a29c63e9b\"><span style=\"color: #0000ff;\"><a href=\"https:\/\/agora-eoi.xtec.cat\/eoiterrassa\/wp-content\/uploads\/usu2242\/2025\/11\/Personal_atencio_telefonica.pdf\">Personal d&#8217;atenci\u00f3 telef\u00f2nica<\/a><\/span><\/li>\n\n\n\n<li class=\"has-vivid-cyan-blue-color has-text-color has-link-color wp-elements-9597cb3cb4b9ae67827118f900419f67\"><span style=\"color: #0000ff;\"><a href=\"https:\/\/agora-eoi.xtec.cat\/eoiterrassa\/wp-content\/uploads\/usu2242\/2025\/11\/Personal_subaltern_centres_educatius.pdf\"><span dir=\"ltr\">Personal subaltern en centres educatius<\/span><\/a><\/span><\/li>\n\n\n\n<li class=\"has-vivid-cyan-blue-color has-text-color has-link-color wp-elements-ec68252d6d2883dd2f14bd33597eab89\"><span style=\"color: #0000ff;\"><a href=\"https:\/\/agora-eoi.xtec.cat\/eoiterrassa\/wp-content\/uploads\/usu2242\/2025\/11\/Informacio_usuaris_pantalles_visualitzacio_dades1.pdf\"><span id=\"page226R_mcid1\" class=\"markedContent\"><span dir=\"ltr\">Treball amb Pantalles de Visualitzaci\u00f3 de Dades (PVD)<\/span><\/span><\/a><\/span><\/li>\n\n\n\n<li class=\"has-vivid-cyan-blue-color has-text-color has-link-color wp-elements-40ef7e94a2993ada14a05ac56c866e7c\"><a href=\"https:\/\/agora-eoi.xtec.cat\/eoiterrassa\/wp-content\/uploads\/usu2242\/2021\/07\/Instruccio_despla\u00e7aments.pdf\">Prevenci\u00f3 de riscos en despla\u00e7aments<\/a><\/li>\n\n\n\n<li class=\"has-vivid-cyan-blue-color has-text-color has-link-color wp-elements-947dc37d7dbf88c5a9ac053edd2c8887\"><a href=\"https:\/\/agora-eoi.xtec.cat\/eoiterrassa\/wp-content\/uploads\/usu2242\/2022\/09\/mesures-onades-calor.pdf\">Mesures en cas d&#8217;onades de calor<\/a><\/li>\n\n\n\n<li class=\"has-vivid-cyan-blue-color has-text-color has-link-color wp-elements-afeedae6162209582e3f8017409b5e05\"><a href=\"https:\/\/agora-eoi.xtec.cat\/eoiterrassa\/wp-content\/uploads\/usu2242\/2025\/11\/Personal_oficial_manteniment_edificis_administratius.pdf\">Personal oficial de manteniment d&#8217;edificis administratius<\/a><\/li>\n<\/ul>\n\n\n\n<h2 class=\"wp-block-heading\"><span style=\"color: #000000;\"><strong><u>Administratives<\/u><\/strong><\/span><\/h2>\n\n\n\n<ul class=\"wp-block-list\">\n<li class=\"has-vivid-cyan-blue-color has-text-color has-link-color wp-elements-b39e60ebe02c16efc5e002b0dbf9deb7\"><a href=\"https:\/\/agora-eoi.xtec.cat\/eoiterrassa\/wp-content\/uploads\/usu2242\/2025\/11\/Personal_auxiliar_administracio_centres_educatius.pdf\">Personal auxiliar d&#8217;administraci\u00f3<\/a><\/li>\n\n\n\n<li class=\"has-vivid-cyan-blue-color has-text-color has-link-color wp-elements-5308be860251429425001f5a29c63e9b\"><span style=\"color: #0000ff;\"><a href=\"https:\/\/agora-eoi.xtec.cat\/eoiterrassa\/wp-content\/uploads\/usu2242\/2025\/11\/Personal_atencio_telefonica.pdf\">Personal d&#8217;atenci\u00f3 telef\u00f2nica<\/a><\/span><\/li>\n\n\n\n<li class=\"has-vivid-cyan-blue-color has-text-color has-link-color wp-elements-ec68252d6d2883dd2f14bd33597eab89\"><span style=\"color: #0000ff;\"><a href=\"https:\/\/agora-eoi.xtec.cat\/eoiterrassa\/wp-content\/uploads\/usu2242\/2025\/11\/Informacio_usuaris_pantalles_visualitzacio_dades1.pdf\"><span id=\"page226R_mcid1\" class=\"markedContent\"><span dir=\"ltr\">Treball amb Pantalles de Visualitzaci\u00f3 de Dades (PVD)<\/span><\/span><\/a><\/span><\/li>\n\n\n\n<li class=\"has-vivid-cyan-blue-color has-text-color has-link-color wp-elements-80ad26f70b978fa65656d6db604fafc5\"><span style=\"color: #0000ff;\"><a href=\"https:\/\/agora-eoi.xtec.cat\/eoiterrassa\/wp-content\/uploads\/usu2242\/2021\/07\/Instruccio_despla\u00e7aments.pdf\">Prevenci\u00f3 de riscos en despla\u00e7aments<\/a><\/span><\/li>\n\n\n\n<li class=\"has-vivid-cyan-blue-color has-text-color has-link-color wp-elements-947dc37d7dbf88c5a9ac053edd2c8887\"><a href=\"https:\/\/agora-eoi.xtec.cat\/eoiterrassa\/wp-content\/uploads\/usu2242\/2022\/09\/mesures-onades-calor.pdf\">Mesures en cas d&#8217;onades de calor<\/a><\/li>\n\n\n\n<li class=\"has-vivid-cyan-blue-color has-text-color has-link-color wp-elements-c93d436d804df15af384871e1fa0c59c\"><a href=\"https:\/\/agora-eoi.xtec.cat\/eoiterrassa\/wp-content\/uploads\/usu2242\/2025\/11\/Infografia-Teletreball.pdf\">Teletreball<\/a><\/li>\n<\/ul>\n\n\n\n<div>\u00a0<\/div>\n\n\n\n<h1 class=\"wp-block-heading\"><span style=\"color: #000000;\">3. Actuacions en cas d&#8217;accidents<\/span><\/h1>\n\n\n\n<ul class=\"wp-block-list\">\n<li class=\"has-vivid-cyan-blue-color has-text-color has-link-color wp-elements-2b251dbedeb7b138cc59863c72c1d51b\"><a href=\"https:\/\/espai.educacio.gencat.cat\/Personal\/Prevencio-riscos\/Accidents-laborals\/Pagines\/default.aspx\">\u200b\u200b\u200b\u200b\u200b\u200b\u200b\u200b\u200b\u200b\u200b\u200b\u200b\u200b\u200b\u200bCom notificar un accident laboral<\/a><\/li>\n\n\n\n<li class=\"has-vivid-cyan-blue-color has-text-color has-link-color wp-elements-d6c2b17f4e317fd00da8de56a400df90\"><a href=\"https:\/\/espai.educacio.gencat.cat\/Personal\/Prevencio-riscos\/Accidents-laborals\/Pagines\/default.aspx\">Circuit d&#8217;assist\u00e8ncia sanit\u00e0ria<\/a><\/li>\n\n\n\n<li class=\"has-vivid-cyan-blue-color has-text-color has-link-color wp-elements-98862be43bc86a57fef361fdf0fe1da6\"><span style=\"color: #0000ff;\"><span id=\"page814R_mcid16\" class=\"markedContent\"><span dir=\"ltr\"><a href=\"https:\/\/agora-eoi.xtec.cat\/eoiterrassa\/wp-content\/uploads\/usu2242\/2021\/07\/Notificacio_accidents_laborals_i_assistencia_sanitaria.pdf\">Informaci\u00f3 sobre notificaci\u00f3 d\u2019accidents laborals i assist\u00e8ncia sanit\u00e0ria<\/a><\/span><\/span><\/span><\/li>\n\n\n\n<li class=\"has-vivid-cyan-blue-color has-text-color has-link-color wp-elements-676f843f84691816f90dddb31b9f428f\"><span style=\"color: #0000ff;\"><a href=\"https:\/\/agora-eoi.xtec.cat\/eoiterrassa\/wp-content\/uploads\/usu2242\/2025\/11\/A603_Full-de-notificacio-daccident-incident-laboral-o-malaltia-professional_V05_23.pdf\">Full de notificaci\u00f3 d&#8217;accident, incident laboral o malaltia professional<\/a><\/span><\/li>\n\n\n\n<li class=\"has-vivid-cyan-blue-color has-text-color has-link-color wp-elements-914ca37e072778faa94094628f2d9e8f\"><span style=\"color: #0000ff;\"><a href=\"https:\/\/agora-eoi.xtec.cat\/eoiterrassa\/wp-content\/uploads\/usu2242\/2021\/07\/Actuacions-del-personal-en-situacions-demerg\u00e8ncia.pdf\">Actuacions del personal en situacions d&#8217;emerg\u00e8ncia<\/a><\/span><\/li>\n<\/ul>\n\n\n\n<div>\u00a0<\/div>\n\n\n\n<div>\u00a0<\/div>\n\n\n\n<p><\/p>\n","protected":false},"excerpt":{"rendered":"<p>En aquest lloc podeu trobar els documents que fan refer\u00e8ncia a la seguretat, prevenci\u00f3 i salut laboral: 1. Documents de centre 2. Riscos i mesures preventives del lloc de treball INFORMACI\u00d3 DELS RISCOS I LES MESURES CORRECTORES \/ PREVENTIVES DEL LLOCDE TREBALL_1 (octubre de 2025) INFORMACI\u00d3 DELS RISCOS I LES MESURES CORRECTORES \/ PREVENTIVES DEL [&hellip;]<\/p>\n","protected":false},"author":1,"featured_media":0,"parent":13925,"menu_order":80,"comment_status":"closed","ping_status":"closed","template":"","meta":{"site-sidebar-layout":"default","site-content-layout":"","ast-site-content-layout":"default","site-content-style":"default","site-sidebar-style":"default","ast-global-header-display":"","ast-banner-title-visibility":"","ast-main-header-display":"","ast-hfb-above-header-display":"","ast-hfb-below-header-display":"","ast-hfb-mobile-header-display":"","site-post-title":"","ast-breadcrumbs-content":"","ast-featured-img":"","footer-sml-layout":"","theme-transparent-header-meta":"","adv-header-id-meta":"","stick-header-meta":"","header-above-stick-meta":"","header-main-stick-meta":"","header-below-stick-meta":"","astra-migrate-meta-layouts":"set","ast-page-background-enabled":"default","ast-page-background-meta":{"desktop":{"background-color":"var(--ast-global-color-4)","background-image":"","background-repeat":"repeat","background-position":"center center","background-size":"auto","background-attachment":"scroll","background-type":"","background-media":"","overlay-type":"","overlay-color":"","overlay-opacity":"","overlay-gradient":""},"tablet":{"background-color":"","background-image":"","background-repeat":"repeat","background-position":"center center","background-size":"auto","background-attachment":"scroll","background-type":"","background-media":"","overlay-type":"","overlay-color":"","overlay-opacity":"","overlay-gradient":""},"mobile":{"background-color":"","background-image":"","background-repeat":"repeat","background-position":"center center","background-size":"auto","background-attachment":"scroll","background-type":"","background-media":"","overlay-type":"","overlay-color":"","overlay-opacity":"","overlay-gradient":""}},"ast-content-background-meta":{"desktop":{"background-color":"var(--ast-global-color-5)","background-image":"","background-repeat":"repeat","background-position":"center center","background-size":"auto","background-attachment":"scroll","background-type":"","background-media":"","overlay-type":"","overlay-color":"","overlay-opacity":"","overlay-gradient":""},"tablet":{"background-color":"var(--ast-global-color-5)","background-image":"","background-repeat":"repeat","background-position":"center center","background-size":"auto","background-attachment":"scroll","background-type":"","background-media":"","overlay-type":"","overlay-color":"","overlay-opacity":"","overlay-gradient":""},"mobile":{"background-color":"var(--ast-global-color-5)","background-image":"","background-repeat":"repeat","background-position":"center center","background-size":"auto","background-attachment":"scroll","background-type":"","background-media":"","overlay-type":"","overlay-color":"","overlay-opacity":"","overlay-gradient":""}},"footnotes":""},"class_list":["post-12913","page","type-page","status-publish","hentry"],"post_mailing_queue_ids":[],"_links":{"self":[{"href":"https:\/\/agora-eoi.xtec.cat\/eoiterrassa\/wp-json\/wp\/v2\/pages\/12913","targetHints":{"allow":["GET"]}}],"collection":[{"href":"https:\/\/agora-eoi.xtec.cat\/eoiterrassa\/wp-json\/wp\/v2\/pages"}],"about":[{"href":"https:\/\/agora-eoi.xtec.cat\/eoiterrassa\/wp-json\/wp\/v2\/types\/page"}],"author":[{"embeddable":true,"href":"https:\/\/agora-eoi.xtec.cat\/eoiterrassa\/wp-json\/wp\/v2\/users\/1"}],"replies":[{"embeddable":true,"href":"https:\/\/agora-eoi.xtec.cat\/eoiterrassa\/wp-json\/wp\/v2\/comments?post=12913"}],"version-history":[{"count":6,"href":"https:\/\/agora-eoi.xtec.cat\/eoiterrassa\/wp-json\/wp\/v2\/pages\/12913\/revisions"}],"predecessor-version":[{"id":19686,"href":"https:\/\/agora-eoi.xtec.cat\/eoiterrassa\/wp-json\/wp\/v2\/pages\/12913\/revisions\/19686"}],"up":[{"embeddable":true,"href":"https:\/\/agora-eoi.xtec.cat\/eoiterrassa\/wp-json\/wp\/v2\/pages\/13925"}],"wp:attachment":[{"href":"https:\/\/agora-eoi.xtec.cat\/eoiterrassa\/wp-json\/wp\/v2\/media?parent=12913"}],"curies":[{"name":"wp","href":"https:\/\/api.w.org\/{rel}","templated":true}]}}