{"id":9820,"date":"2024-10-25T12:49:07","date_gmt":"2024-10-25T10:49:07","guid":{"rendered":"https:\/\/agora-eoi.xtec.cat\/eoitarrega\/?page_id=9820"},"modified":"2025-07-11T10:47:36","modified_gmt":"2025-07-11T08:47:36","slug":"calendari-del-curs","status":"publish","type":"page","link":"https:\/\/agora-eoi.xtec.cat\/eoitarrega\/calendari-del-curs\/","title":{"rendered":"Calendari del curs"},"content":{"rendered":"<p><strong>CURS 2025-2026<\/strong><a href=\"https:\/\/agora-eoi.xtec.cat\/eoigirona\/wp-content\/uploads\/usu2632\/2015\/11\/Calendar-96.png\" rel=\"attachment wp-att-8795\"><img loading=\"lazy\" decoding=\"async\" class=\" wp-image-8795 alignright\" src=\"https:\/\/agora-eoi.xtec.cat\/eoigirona\/wp-content\/uploads\/usu2632\/2015\/11\/Calendar-96.png\" alt=\"Calendar-96\" width=\"64\" height=\"64\" \/><\/a><\/p>\n<p>Les classes comencen <strong>la setmana del 22 de setembre<\/strong>. Per saber quin dia comenceu i acabeu les classes, con\u00e8ixer quins dies s\u00f3n festius, etc. cliqueu a sota segons si feu classe dilluns i dimecres o dimarts i dijous.<\/p>\n<h4><a href=\"https:\/\/astivia.isotools.org\/wip\/wip2015\/descargarDocumento.cfm?token=MEIwMUNDRjhDNjUyQjNGOEZCMEFFNUJGODFEQTBBMjgxNkMxOEQ5MTgwQUQ1RUIyQkZDNjlE\" target=\"_blank\" rel=\"noopener\">CALENDARI GRUPS DILLUNS\/DIMECRES<\/a><\/h4>\n<h4><a href=\"https:\/\/astivia.isotools.org\/wip\/wip2015\/descargarDocumento.cfm?token=MEIwMUNDRjhDNjUyQjNGOEZCMEFFNUJGODFEQTBBMjkxRUMwOERDQTk3QUM1ODhGOUJEMkMx\" target=\"_blank\" rel=\"noopener\">CALENDARI GRUPS DIMARTS\/DIJOUS<\/a><\/h4>\n<p>&nbsp;<\/p>\n<p>&nbsp;<\/p>\n<table style=\"border-collapse: collapse; width: 100%;\">\n<tbody>\n<tr>\n<td style=\"width: 100%; text-align: center;\"><strong>Dies festius, festius locals i de lliure disposici\u00f3<\/strong><\/td>\n<\/tr>\n<tr>\n<td style=\"width: 100%;\">30 i 31 d\u2019octubre (dies de lliure disposici\u00f3), 1 de novembre (Tots Sants), 5 de desembre (dia de lliure disposici\u00f3), 6 de desembre (dia de la Constituci\u00f3), 8 de desembre (dia de la Immaculada), 9 de desembre (dia de lliure disposici\u00f3), 20 de febrer (dia de lliure disposici\u00f3), 1 de maig (dia del treballador), 14 de maig (Festa Major de T\u00e0rrega).<\/td>\n<\/tr>\n<tr>\n<td style=\"width: 100%; text-align: center;\"><strong>Vacances<\/strong><\/td>\n<\/tr>\n<tr>\n<td style=\"width: 100%;\"><strong>Vacances de Nadal: <\/strong>del 20 de desembre de 2025 al 7 de gener de 2026 (ambd\u00f3s inclosos)<\/p>\n<p><strong>Vacances de Setmana Santa: <\/strong>del 28 de mar\u00e7 al 6 d\u2019abril de 2026 (ambd\u00f3s inclosos)<\/td>\n<\/tr>\n<\/tbody>\n<\/table>\n<p>&nbsp;<\/p>\n","protected":false},"excerpt":{"rendered":"<p>CURS 2025-2026<a href=\"https:\/\/agora-eoi.xtec.cat\/eoigirona\/wp-content\/uploads\/usu2632\/2015\/11\/Calendar-96.png\" rel=\"attachment wp-att-8795\"><\/a><br \/>\nLes classes comencen la setmana del 22 de setembre. Per saber quin dia comenceu i acabeu les classes, con\u00e8ixer quins dies s\u00f3n festius, etc. cliqueu a sota segons si feu classe dilluns i dimecres o dimarts i dijous.<br \/>\n<a href=\"https:\/\/astivia.isotools.org\/wip\/wip2015\/descargarDocumento.cfm?token=MEIwMUNDRjhDNjUyQjNGOEZCMEFFNUJGODFEQTBBMjgxNkMxOEQ5MTgwQUQ1RUIyQkZDNjlE\" target=\"_blank\" rel=\"noopener\">CALENDARI&hellip;  <a href=\"https:\/\/agora-eoi.xtec.cat\/eoitarrega\/calendari-del-curs\/\" title=\"Read Calendari del curs\">Llegeix m\u00e9s\u00bb<\/a><\/p>\n","protected":false},"author":3,"featured_media":0,"parent":0,"menu_order":0,"comment_status":"closed","ping_status":"closed","template":"","meta":{"_bbp_topic_count":0,"_bbp_reply_count":0,"_bbp_total_topic_count":0,"_bbp_total_reply_count":0,"_bbp_voice_count":0,"_bbp_anonymous_reply_count":0,"_bbp_topic_count_hidden":0,"_bbp_reply_count_hidden":0,"_bbp_forum_subforum_count":0,"footnotes":""},"class_list":["post-9820","page","type-page","status-publish","hentry"],"post_mailing_queue_ids":[],"_links":{"self":[{"href":"https:\/\/agora-eoi.xtec.cat\/eoitarrega\/wp-json\/wp\/v2\/pages\/9820","targetHints":{"allow":["GET"]}}],"collection":[{"href":"https:\/\/agora-eoi.xtec.cat\/eoitarrega\/wp-json\/wp\/v2\/pages"}],"about":[{"href":"https:\/\/agora-eoi.xtec.cat\/eoitarrega\/wp-json\/wp\/v2\/types\/page"}],"author":[{"embeddable":true,"href":"https:\/\/agora-eoi.xtec.cat\/eoitarrega\/wp-json\/wp\/v2\/users\/3"}],"replies":[{"embeddable":true,"href":"https:\/\/agora-eoi.xtec.cat\/eoitarrega\/wp-json\/wp\/v2\/comments?post=9820"}],"version-history":[{"count":6,"href":"https:\/\/agora-eoi.xtec.cat\/eoitarrega\/wp-json\/wp\/v2\/pages\/9820\/revisions"}],"predecessor-version":[{"id":10347,"href":"https:\/\/agora-eoi.xtec.cat\/eoitarrega\/wp-json\/wp\/v2\/pages\/9820\/revisions\/10347"}],"wp:attachment":[{"href":"https:\/\/agora-eoi.xtec.cat\/eoitarrega\/wp-json\/wp\/v2\/media?parent=9820"}],"curies":[{"name":"wp","href":"https:\/\/api.w.org\/{rel}","templated":true}]}}