{"id":9736,"date":"2024-10-18T19:00:34","date_gmt":"2024-10-18T17:00:34","guid":{"rendered":"https:\/\/agora-eoi.xtec.cat\/eoitarrega\/?page_id=9736"},"modified":"2026-03-06T12:26:11","modified_gmt":"2026-03-06T11:26:11","slug":"alumnes-amb-necessitats-especifiques-de-suport-educatiu","status":"publish","type":"page","link":"https:\/\/agora-eoi.xtec.cat\/eoitarrega\/alumnes-amb-necessitats-especifiques-de-suport-educatiu\/","title":{"rendered":"Alumnes amb necessitats espec\u00edfiques de suport educatiu"},"content":{"rendered":"<p>Els aspirants amb necessitats espec\u00edfiques derivades de discapacitats f\u00edsiques, ps\u00edquiques o sensorials (o altres trastorns greus que tenen el reconeixement oficial de la situaci\u00f3 de discapacitat) poden sol\u00b7licitar els recursos addicionals necessaris per desenvolupar la prova d\u2019avaluaci\u00f3 i\/o altres tasques a l\u2019aula.<\/p>\n<p>L\u2019alumnat oficial ha d\u2019omplir una <a href=\"https:\/\/astivia.isotools.org\/wip\/wip2015\/descargarDocumento.cfm?token=MEIwMUNDRjhDNjUyQjNGOEZCMEFFNUJGODFEQjAxMjIxN0M3OERDRUQxRDM0OEJGQzY4NkFE\">sol\u00b7licitud d\u2019adaptaci\u00f3 d\u2019examen<\/a> i\u00a0adjuntar alguns dels documents seg\u00fcents:<br \/>\na) Certificat de reconeixement de discapacitat del Departament de Treball, Afers Socials i Fam\u00edlies que informi del grau de discapacitat reconeguda i\/o certificat m\u00e8dic oficial.<br \/>\nb) Certificat em\u00e8s per l\u2019organisme acreditat corresponent que informi de les caracter\u00edstiques de la discapacitat o trastorn, si escau.<br \/>\nc) Documentaci\u00f3 justificativa de modificacions i adaptacions curriculars, autoritzades pel Departament d\u2019Educaci\u00f3, durant els \u00faltims estudis cursats en el sistema educatiu, si escau.<\/p>\n<p>Caldr\u00e0 especificar el tipus d\u2019adaptaci\u00f3 requerida: temps extra, taula, auriculars, ordinador, ampliaci\u00f3 examen, etc.<\/p>\n<p>Cal fer arribar aquesta documentaci\u00f3 al correu de l&#8217;escola eoitarrega@xtec.cat.<\/p>\n<p>Data l\u00edmit alumnat OFICIAL: 27 mar\u00e7 2026<\/p>\n","protected":false},"excerpt":{"rendered":"<p>Els aspirants amb necessitats espec\u00edfiques derivades de discapacitats f\u00edsiques, ps\u00edquiques o sensorials (o altres trastorns greus que tenen el reconeixement oficial de la situaci\u00f3 de discapacitat) poden sol\u00b7licitar els recursos addicionals necessaris per desenvolupar la prova d\u2019avaluaci\u00f3 i\/o altres tasques a l\u2019aula.<br \/>\nL\u2019alumnat oficial ha d\u2019omplir&hellip;  <a href=\"https:\/\/agora-eoi.xtec.cat\/eoitarrega\/alumnes-amb-necessitats-especifiques-de-suport-educatiu\/\" title=\"Read Alumnes amb necessitats espec\u00edfiques de suport educatiu\">Llegeix m\u00e9s\u00bb<\/a><\/p>\n","protected":false},"author":3,"featured_media":0,"parent":0,"menu_order":0,"comment_status":"closed","ping_status":"closed","template":"","meta":{"_bbp_topic_count":0,"_bbp_reply_count":0,"_bbp_total_topic_count":0,"_bbp_total_reply_count":0,"_bbp_voice_count":0,"_bbp_anonymous_reply_count":0,"_bbp_topic_count_hidden":0,"_bbp_reply_count_hidden":0,"_bbp_forum_subforum_count":0,"footnotes":""},"class_list":["post-9736","page","type-page","status-publish","hentry"],"post_mailing_queue_ids":[],"_links":{"self":[{"href":"https:\/\/agora-eoi.xtec.cat\/eoitarrega\/wp-json\/wp\/v2\/pages\/9736","targetHints":{"allow":["GET"]}}],"collection":[{"href":"https:\/\/agora-eoi.xtec.cat\/eoitarrega\/wp-json\/wp\/v2\/pages"}],"about":[{"href":"https:\/\/agora-eoi.xtec.cat\/eoitarrega\/wp-json\/wp\/v2\/types\/page"}],"author":[{"embeddable":true,"href":"https:\/\/agora-eoi.xtec.cat\/eoitarrega\/wp-json\/wp\/v2\/users\/3"}],"replies":[{"embeddable":true,"href":"https:\/\/agora-eoi.xtec.cat\/eoitarrega\/wp-json\/wp\/v2\/comments?post=9736"}],"version-history":[{"count":6,"href":"https:\/\/agora-eoi.xtec.cat\/eoitarrega\/wp-json\/wp\/v2\/pages\/9736\/revisions"}],"predecessor-version":[{"id":10658,"href":"https:\/\/agora-eoi.xtec.cat\/eoitarrega\/wp-json\/wp\/v2\/pages\/9736\/revisions\/10658"}],"wp:attachment":[{"href":"https:\/\/agora-eoi.xtec.cat\/eoitarrega\/wp-json\/wp\/v2\/media?parent=9736"}],"curies":[{"name":"wp","href":"https:\/\/api.w.org\/{rel}","templated":true}]}}