{"id":9500,"date":"2024-07-01T12:31:14","date_gmt":"2024-07-01T10:31:14","guid":{"rendered":"https:\/\/agora-eoi.xtec.cat\/eoitarrega\/?page_id=9500"},"modified":"2025-06-12T13:16:22","modified_gmt":"2025-06-12T11:16:22","slug":"bonificacions","status":"publish","type":"page","link":"https:\/\/agora-eoi.xtec.cat\/eoitarrega\/bonificacions\/","title":{"rendered":"Bonificacions i exempcions"},"content":{"rendered":"<div>\n<p>&nbsp;<\/p>\n<div class=\"entradeta__wrapper\">\n<div class=\"row\">\n<div class=\"basic_text_peq col-xs-12\">\n<div class=\"pd-15x link-dotted\" data-crawling=\"principal-body\">\n<h3 class=\"western\" align=\"justify\"><span style=\"font-family: Calibri, sans-serif;\"><span style=\"font-size: large;\"><b>Resum de les diferents bonificacions i exempcions:<\/b><\/span><\/span><\/h3>\n<h3 class=\"western\" align=\"justify\"><strong><span style=\"font-family: Calibri, sans-serif;\"><span style=\"font-size: small;\"><span style=\"color: #ff0000;\">Av\u00eds:<\/span> Durant el proc\u00e9s de matriculaci\u00f3 en l\u00ednia, si tries alguna de les exempcions o bonificacions previstes, has d\u2019annexar una c\u00f2pia digitalitzada del document que l\u2019acredita. Tingues present que si no l\u2019adjuntes, nom\u00e9s podr\u00e0s formalitzar la matr\u00edcula amb el preu general no bonificat.<\/span><\/span><\/strong><\/h3>\n<table style=\"border-collapse: collapse; width: 99.6%; height: 717px;\">\n<tbody>\n<tr style=\"height: 96px;\">\n<td style=\"width: 57.1506%; height: 96px;\">\n<p class=\"western\"><b>Situacions que donen lloc a una bonificaci\u00f3\/exempci\u00f3<br \/>\n<\/b><\/p>\n<\/td>\n<td style=\"width: 21.2615%; height: 96px;\">\n<p class=\"western\"><b>TAXA<\/b><\/p>\n<p class=\"western\"><b>(cursos B1 &#8211; B2.1 &#8211; B2.2)<\/b><\/p>\n<\/td>\n<td style=\"width: 21.5878%; height: 96px;\">\n<p class=\"western\"><b>PREU P\u00daBLIC<\/b><\/p>\n<p class=\"western\"><b>(cursos A1 &#8211; A2- <\/b><b>C1 &#8211; C2)<\/b><\/p>\n<\/td>\n<\/tr>\n<tr style=\"height: 32px;\">\n<td style=\"width: 57.1506%; height: 32px;\">Membres de fam\u00edlia nombrosa de categoria general<\/td>\n<td style=\"width: 21.2615%; height: 32px;\">50%<\/td>\n<td style=\"width: 21.5878%; height: 32px;\">50%<\/td>\n<\/tr>\n<tr style=\"height: 32px;\">\n<td style=\"width: 57.1506%; height: 32px;\">Membres de fam\u00edlia monoparental de qualsevol categoria<\/td>\n<td style=\"width: 21.2615%; height: 32px;\">50%<\/td>\n<td style=\"width: 21.5878%; height: 32px;\">50%<\/td>\n<\/tr>\n<tr style=\"height: 32px;\">\n<td style=\"width: 57.1506%; height: 32px;\">Membres de fam\u00edlia nombrosa de categoria especial<\/td>\n<td style=\"width: 21.2615%; height: 32px;\">100%<\/td>\n<td style=\"width: 21.5878%; height: 32px;\">100%<\/td>\n<\/tr>\n<tr style=\"height: 32px;\">\n<td style=\"width: 57.1506%; height: 32px;\">Persones que acreditin una discapacitat igual o superior al 33%<\/td>\n<td style=\"width: 21.2615%; height: 32px;\">100%<\/td>\n<td style=\"width: 21.5878%; height: 32px;\">100%<\/td>\n<\/tr>\n<tr style=\"height: 48px;\">\n<td style=\"width: 57.1506%; height: 48px;\">Els c\u00f2njuges i fills o filles que en depenguin econ\u00f2micament d\u2019una persona que tingui una discapacitat acreditada igual o superior al 33%<\/td>\n<td style=\"width: 21.2615%; height: 48px;\">100%<\/td>\n<td style=\"width: 21.5878%; height: 48px;\">100%<\/td>\n<\/tr>\n<tr style=\"height: 32px;\">\n<td style=\"width: 57.1506%; height: 32px;\">Persones subjectes a mesures privatives de llibertat<\/td>\n<td style=\"width: 21.2615%; height: 32px;\">100%<\/td>\n<td style=\"width: 21.5878%; height: 32px;\">100%<\/td>\n<\/tr>\n<tr style=\"height: 32px;\">\n<td style=\"width: 57.1506%; height: 32px;\">Persones v\u00edctimes d\u2019actes terroristes, els seus c\u00f2njuges i els seus fills i filles<\/td>\n<td style=\"width: 21.2615%; height: 32px;\">100%<\/td>\n<td style=\"width: 21.5878%; height: 32px;\">100%<\/td>\n<\/tr>\n<tr style=\"height: 48px;\">\n<td style=\"width: 57.1506%; height: 48px;\">Persones membres d\u2019unitats familiars que percebin la renda m\u00ednima d\u2019inserci\u00f3 o la renda activa d\u2019inserci\u00f3 <i><b>(o la renda garantida de ciutadania nom\u00e9s pel preu p\u00fablic)<\/b><\/i><\/td>\n<td style=\"width: 21.2615%; height: 48px;\">100%<\/td>\n<td style=\"width: 21.5878%; height: 48px;\">100%<\/td>\n<\/tr>\n<tr style=\"height: 48px;\">\n<td style=\"width: 57.1506%; height: 48px;\">Aturats de llarga durada que perceben un subsidi equivalent a una renda m\u00ednima d\u2019inserci\u00f3 o la renda activa d\u2019inserci\u00f3 o la renda garantida de ciutadania<\/td>\n<td style=\"width: 21.2615%; height: 48px;\">100%<\/td>\n<td style=\"width: 21.5878%; height: 48px;\">100%<\/td>\n<\/tr>\n<tr style=\"height: 32px;\">\n<td style=\"width: 57.1506%; height: 32px;\">Persones v\u00edctimes de viol\u00e8ncia de g\u00e8nere<\/td>\n<td style=\"width: 21.2615%; height: 32px;\">100%<\/td>\n<td style=\"width: 21.5878%; height: 32px;\">100%<\/td>\n<\/tr>\n<tr style=\"height: 32px;\">\n<td style=\"width: 57.1506%; height: 32px;\">Becaris per estudis del Ministeri d\u2019Educaci\u00f3, Cultura i Esport en el curs actual<\/td>\n<td style=\"width: 21.2615%; height: 32px;\">100%<\/td>\n<td style=\"width: 21.5878%; height: 32px;\">50%<\/td>\n<\/tr>\n<tr style=\"height: 48px;\">\n<td style=\"width: 57.1506%; height: 48px;\">Persones que en el curs acad\u00e8mic immediatament anterior hagin obtingut matr\u00edcula d\u2019honor en el batxillerat o el premi extraordinari de batxillerat<\/td>\n<td style=\"width: 21.2615%; height: 48px;\">100%<\/td>\n<td style=\"width: 21.5878%; height: 48px;\">100%<\/td>\n<\/tr>\n<tr style=\"height: 64px;\">\n<td style=\"width: 57.1506%; height: 64px;\">Les persones menors tutelades o persones ex-tutelades menors de 21 anys d\u2019edat (Acreditat mitjan\u00e7ant un certificat em\u00e8s per la Direcci\u00f3 General d\u2019Atenci\u00f3 a la Inf\u00e0ncia i l\u2019Adolesc\u00e8ncia).<\/td>\n<td style=\"width: 21.2615%; height: 64px;\">100%<\/td>\n<td style=\"width: 21.5878%; height: 64px;\">100%<\/td>\n<\/tr>\n<tr style=\"height: 111px;\">\n<td style=\"width: 57.1506%; height: 10px;\">Els i les alumnes guanyadors del Premi Extraordinari dels ensenyaments de Formaci\u00f3 professional, dels ensenyaments professionals d&#8217;Arts Pl\u00e0stiques i Disseny, dels ensenyaments professionals de M\u00fasica o dels ensenyaments professionals de Dansa, en els termes previstos a la normativa que els estableixi, tenen dret a l&#8217;exempci\u00f3 de l&#8217;import del preu en concepte de matr\u00edcula i serveis, per un sol cop, a triar entre la matr\u00edcula en el nivell B\u00e0sic, el nivell C1 o el nivell C2.<\/td>\n<td style=\"width: 21.2615%; height: 10px;\">&#8212;&#8212;&#8211;<\/td>\n<td style=\"width: 21.5878%; height: 10px;\">100%<\/td>\n<\/tr>\n<tr>\n<td style=\"width: 57.1506%;\">Infants o adolescents en acolliment familiar<\/td>\n<td style=\"width: 21.2615%;\">100%<\/td>\n<td style=\"width: 21.5878%;\">100%<\/td>\n<\/tr>\n<\/tbody>\n<\/table>\n<table style=\"border-collapse: collapse; width: 100%;\">\n<tbody>\n<tr>\n<td style=\"width: 49.9728%;\"><span lang=\"ca-ES\"><b>Situacions que donen lloc a una bonificaci\u00f3 per a segones matr\u00edcules<\/b><\/span><\/td>\n<td style=\"width: 23.056%;\"><b>NIVELLS AMB BONIFICACI\u00d3<\/b><\/td>\n<td style=\"width: 26.9711%;\"><b>PREU P\u00daBLIC<\/b><\/p>\n<p><span lang=\"ca-ES\"><b>Bonificaci\u00f3<\/b><\/span><\/td>\n<\/tr>\n<tr>\n<td style=\"width: 49.9728%;\">Els alumnes dels centres sostinguts amb fons p\u00fablics, que es matriculen d&#8217;una <i><b>segona <\/b><\/i>llengua estrangera en una escola oficial d&#8217;idiomes, diferent a la llengua estrangera obligat\u00f2ria del curr\u00edculum que estudien en el centre educatiu.<\/td>\n<td style=\"width: 23.056%;\"><span lang=\"ca-ES\"><b>Segona matr\u00edcula A1, A2 i C1 de franc\u00e8s<\/b><\/span><\/td>\n<td style=\"width: 26.9711%;\"><b>50% del preu p\u00fablic en la segona llengua que es matriculin<\/b><\/td>\n<\/tr>\n<tr>\n<td style=\"width: 49.9728%;\">Els alumnes matriculats en una escola oficial d&#8217;idiomes que cursen una llengua estrangera i volen estudiar una <i><b>segona<\/b><\/i> llengua estrangera en la mateixa o una altra escola oficial d&#8217;idiomes<\/td>\n<td style=\"width: 23.056%;\"><span lang=\"ca-ES\"><b>Segona matr\u00edcula A1, A2 i C1 de franc\u00e8s i A1, A2, i C1 d\u2019angl\u00e8s<\/b><\/span><\/td>\n<td style=\"width: 26.9711%;\"><span lang=\"ca-ES\"><b>50% del preu p\u00fablic en la segona llengua que es matriculin<\/b><\/span><\/td>\n<\/tr>\n<\/tbody>\n<\/table>\n<table style=\"border-collapse: collapse; width: 100%;\">\n<tbody>\n<tr>\n<td style=\"width: 57.3001%;\"><\/td>\n<td style=\"width: 1.63132%;\"><b>Matr\u00edcula actual<\/b><\/td>\n<td style=\"width: 20.5954%;\"><b>Matr\u00edcula proper curs<\/b><\/td>\n<td style=\"width: 29.4046%;\"><b>PREU P\u00daBLIC<\/b><\/p>\n<p><span lang=\"ca-ES\"><b>Bonificaci\u00f3<\/b><\/span><\/td>\n<\/tr>\n<tr>\n<td style=\"width: 57.3001%;\">Els alumnes matriculats en una escola oficial d&#8217;idiomes que cursen una llengua estrangera en el nivell de 5\u00e8 (Intermedi B2.2) que es matriculin en una nova llengua estrangera al curs immediatament posterior.<\/td>\n<td style=\"width: 1.63132%;\"><b>B2.2 ANGL\u00c8S<\/b><\/td>\n<td style=\"width: 20.5954%;\"><span lang=\"ca-ES\"><b>A1, A2 o C1 FRANC\u00c8S<\/b><\/span><\/td>\n<td style=\"width: 29.4046%;\"><span lang=\"ca-ES\"><b>50% del preu p\u00fablic de la matr\u00edcula de la nova llengua<\/b><\/span><\/td>\n<\/tr>\n<tr>\n<td style=\"width: 57.3001%;\"><\/td>\n<td style=\"width: 1.63132%;\"><b>B2.2 FRANC\u00c8S<\/b><\/td>\n<td style=\"width: 20.5954%;\"><b>A1, A2 o C1 ANGL\u00c8S<\/b><\/td>\n<td style=\"width: 29.4046%;\"><span lang=\"ca-ES\"><b>50% del preu p\u00fablic de la matr\u00edcula de la nova llengua.<\/b><\/span><\/td>\n<\/tr>\n<\/tbody>\n<\/table>\n<p>A banda d&#8217;aquestes, consulteu les bonificacions o exempcions addicionals que estableix la normativa per a cada un dels apartats de les <a title=\"taxes\" href=\"https:\/\/educacio.gencat.cat\/ca\/departament\/normativa\/taxes-preus-publics\/taxes\/\" rel=\"noreferrer\">taxes <\/a>i dels <a title=\"preus p\u00fablics\" href=\"https:\/\/educacio.gencat.cat\/ca\/departament\/normativa\/taxes-preus-publics\/preu-public\/\" rel=\"noreferrer\">preus p\u00fablics<\/a>.<\/p>\n<\/div>\n<\/div>\n<\/div>\n<\/div>\n<\/div>\n<div class=\"blocs-res\" data-crawling=\"blocks\"><\/div>\n<div class=\"fpca_article padding-xs padding-sm padding-md\" data-id=\"01a1f7c9-656d-11e4-b4dc-000c29cdf219\">\n<div class=\"padding-xs padding-sm padding-md\"><\/div>\n<\/div>\n<p>&nbsp;<\/p>\n<p>&nbsp;<\/p>\n","protected":false},"excerpt":{"rendered":"<p>&nbsp;<\/p>\n<p>Resum de les diferents bonificacions i exempcions:<br \/>\nAv\u00eds: Durant el proc\u00e9s de matriculaci\u00f3 en l\u00ednia, si tries alguna de les exempcions o bonificacions previstes, has d\u2019annexar una c\u00f2pia digitalitzada del document que l\u2019acredita. Tingues present que si no l\u2019adjuntes, nom\u00e9s podr\u00e0s formalitzar la matr\u00edcula amb el&hellip;  <a href=\"https:\/\/agora-eoi.xtec.cat\/eoitarrega\/bonificacions\/\" title=\"Read Bonificacions i exempcions\">Llegeix m\u00e9s\u00bb<\/a><\/p>\n","protected":false},"author":3,"featured_media":0,"parent":0,"menu_order":0,"comment_status":"closed","ping_status":"closed","template":"","meta":{"_bbp_topic_count":0,"_bbp_reply_count":0,"_bbp_total_topic_count":0,"_bbp_total_reply_count":0,"_bbp_voice_count":0,"_bbp_anonymous_reply_count":0,"_bbp_topic_count_hidden":0,"_bbp_reply_count_hidden":0,"_bbp_forum_subforum_count":0,"footnotes":""},"class_list":["post-9500","page","type-page","status-publish","hentry"],"post_mailing_queue_ids":[],"_links":{"self":[{"href":"https:\/\/agora-eoi.xtec.cat\/eoitarrega\/wp-json\/wp\/v2\/pages\/9500","targetHints":{"allow":["GET"]}}],"collection":[{"href":"https:\/\/agora-eoi.xtec.cat\/eoitarrega\/wp-json\/wp\/v2\/pages"}],"about":[{"href":"https:\/\/agora-eoi.xtec.cat\/eoitarrega\/wp-json\/wp\/v2\/types\/page"}],"author":[{"embeddable":true,"href":"https:\/\/agora-eoi.xtec.cat\/eoitarrega\/wp-json\/wp\/v2\/users\/3"}],"replies":[{"embeddable":true,"href":"https:\/\/agora-eoi.xtec.cat\/eoitarrega\/wp-json\/wp\/v2\/comments?post=9500"}],"version-history":[{"count":6,"href":"https:\/\/agora-eoi.xtec.cat\/eoitarrega\/wp-json\/wp\/v2\/pages\/9500\/revisions"}],"predecessor-version":[{"id":10251,"href":"https:\/\/agora-eoi.xtec.cat\/eoitarrega\/wp-json\/wp\/v2\/pages\/9500\/revisions\/10251"}],"wp:attachment":[{"href":"https:\/\/agora-eoi.xtec.cat\/eoitarrega\/wp-json\/wp\/v2\/media?parent=9500"}],"curies":[{"name":"wp","href":"https:\/\/api.w.org\/{rel}","templated":true}]}}