{"id":9465,"date":"2024-07-01T11:02:57","date_gmt":"2024-07-01T09:02:57","guid":{"rendered":"https:\/\/agora-eoi.xtec.cat\/eoitarrega\/?page_id=9465"},"modified":"2025-09-30T12:53:12","modified_gmt":"2025-09-30T10:53:12","slug":"matricula-dactualitzacio","status":"publish","type":"page","link":"https:\/\/agora-eoi.xtec.cat\/eoitarrega\/matricula-dactualitzacio\/","title":{"rendered":"MATR\u00cdCULA D&#8217;ACTUALITZACI\u00d3"},"content":{"rendered":"<h4 class=\"et_pb_module_header\">Flexibilitzaci\u00f3 de l&#8217;itinerari educatiu: Matr\u00edcula d&#8217;actualitzaci\u00f3 de cursos ja aprovats<\/h4>\n<div class=\"et_pb_blurb_description\">\n<p>Les persones que ja <strong>hagin cursat i superat amb anterioritat cursos de les escoles oficials d\u2019idiomes,<\/strong>\u00a0i que vulguin actualitzar-ne els coneixements, <strong>poden sol\u00b7licitar matricular-se en l\u2019\u00faltim curs realitzat o en qualsevol dels cursos inferiors<\/strong>.<\/p>\n<p><span style=\"color: #00ccff;\">Novetat! <\/span><span style=\"color: #000000;\"><strong>Tamb\u00e9 poden sol\u00b7licitar<\/strong> una matr\u00edcula d&#8217;actualitzaci\u00f3 d&#8217;un curs superat <strong>les persones que s&#8217;hagin presentat a les proves lliures i hagin obtingut el certificat corresponent, aix\u00ed com els alumnes que hagin cursat i superat cursos de nivell A1 i A2 als centres de formaci\u00f3 d&#8217;adults.<\/strong><\/span><\/p>\n<p>La sol\u00b7licitud per a aquest tipus de matr\u00edcula s\u2019ha de presentar al centre una vegada finalitzat el per\u00edode d\u2019admissi\u00f3, i nom\u00e9s s\u2019admet si existeixen vacants en el curs i l\u2019idioma sol\u00b7licitat. La sol\u00b7licitud \u00e9s valida \u00fanicament per al curs acad\u00e8mic en qu\u00e8 se sol\u00b7licita i s\u2019ha de tornar a presentar per a cursos acad\u00e8mics posteriors, si l\u2019alumne ho vol.<\/p>\n<p>Aquest tipus de matr\u00edcula no t\u00e9 efectes acad\u00e8mics ni dona lloc a cap certificat oficial. La qualificaci\u00f3 que es fa constar a l\u2019expedient acad\u00e8mic de l\u2019alumne \u00e9s de \u201cno qualificat\/ada\u201d.<\/p>\n<p>En el cas dels cursos que condueixen a l&#8217;obtenci\u00f3 d&#8217;un certificat, els alumnes en aquesta situaci\u00f3 acad\u00e8mica no tenen dret a sol\u00b7licitar una nova expedici\u00f3 del certificat obtingut anteriorment, per\u00f2 poden sol\u00b7licitar un certificat d&#8217;actualitzaci\u00f3 al centre on estiguin matriculats.<\/p>\n<p>Pel que fa al preu del servei, aquests alumnes han de pagar la taxa o el preu p\u00fablic corresponent, sense penalitzaci\u00f3 per repetici\u00f3.<\/p>\n<p>Durant un mateix curs acad\u00e8mic no es pot simultaniejar una matr\u00edcula ordin\u00e0ria als ensenyaments presencials amb una matr\u00edcula d\u2019actualitzaci\u00f3 del mateix idioma.<\/p>\n<\/div>\n","protected":false},"excerpt":{"rendered":"<p>Flexibilitzaci\u00f3 de l&#8217;itinerari educatiu: Matr\u00edcula d&#8217;actualitzaci\u00f3 de cursos ja aprovats<\/p>\n<p>Les persones que ja hagin cursat i superat amb anterioritat cursos de les escoles oficials d\u2019idiomes,\u00a0i que vulguin actualitzar-ne els coneixements, poden sol\u00b7licitar matricular-se en l\u2019\u00faltim curs realitzat o en qualsevol dels cursos inferiors.<br \/>\nNovetat! Tamb\u00e9 poden&hellip;  <a href=\"https:\/\/agora-eoi.xtec.cat\/eoitarrega\/matricula-dactualitzacio\/\" title=\"Read MATR\u00cdCULA D&#8217;ACTUALITZACI\u00d3\">Llegeix m\u00e9s\u00bb<\/a><\/p>\n","protected":false},"author":3,"featured_media":0,"parent":0,"menu_order":0,"comment_status":"closed","ping_status":"closed","template":"","meta":{"_bbp_topic_count":0,"_bbp_reply_count":0,"_bbp_total_topic_count":0,"_bbp_total_reply_count":0,"_bbp_voice_count":0,"_bbp_anonymous_reply_count":0,"_bbp_topic_count_hidden":0,"_bbp_reply_count_hidden":0,"_bbp_forum_subforum_count":0,"footnotes":""},"class_list":["post-9465","page","type-page","status-publish","hentry"],"post_mailing_queue_ids":[],"_links":{"self":[{"href":"https:\/\/agora-eoi.xtec.cat\/eoitarrega\/wp-json\/wp\/v2\/pages\/9465","targetHints":{"allow":["GET"]}}],"collection":[{"href":"https:\/\/agora-eoi.xtec.cat\/eoitarrega\/wp-json\/wp\/v2\/pages"}],"about":[{"href":"https:\/\/agora-eoi.xtec.cat\/eoitarrega\/wp-json\/wp\/v2\/types\/page"}],"author":[{"embeddable":true,"href":"https:\/\/agora-eoi.xtec.cat\/eoitarrega\/wp-json\/wp\/v2\/users\/3"}],"replies":[{"embeddable":true,"href":"https:\/\/agora-eoi.xtec.cat\/eoitarrega\/wp-json\/wp\/v2\/comments?post=9465"}],"version-history":[{"count":6,"href":"https:\/\/agora-eoi.xtec.cat\/eoitarrega\/wp-json\/wp\/v2\/pages\/9465\/revisions"}],"predecessor-version":[{"id":10463,"href":"https:\/\/agora-eoi.xtec.cat\/eoitarrega\/wp-json\/wp\/v2\/pages\/9465\/revisions\/10463"}],"wp:attachment":[{"href":"https:\/\/agora-eoi.xtec.cat\/eoitarrega\/wp-json\/wp\/v2\/media?parent=9465"}],"curies":[{"name":"wp","href":"https:\/\/api.w.org\/{rel}","templated":true}]}}