{"id":9460,"date":"2024-07-01T10:52:28","date_gmt":"2024-07-01T08:52:28","guid":{"rendered":"https:\/\/agora-eoi.xtec.cat\/eoitarrega\/?page_id=9460"},"modified":"2025-07-23T22:08:47","modified_gmt":"2025-07-23T20:08:47","slug":"professorat-programa-pia","status":"publish","type":"page","link":"https:\/\/agora-eoi.xtec.cat\/eoitarrega\/professorat-programa-pia\/","title":{"rendered":"PROFESSORAT (Programa PIA+)"},"content":{"rendered":"<h3 class=\"m_-4451739227644544805m_-1759125151017686174gmail-x-text-content-text-primary\"><strong>Ets docent?<\/strong><\/h3>\n<p>El programa PIA+ \u00e9s una acci\u00f3 per a la millora de la compet\u00e8ncia comunicativa en llengua estrangera del professorat no universitari de centres educatius finan\u00e7ats amb fons p\u00fablics.<\/p>\n<p>L\u2019acci\u00f3 permet que el professorat matriculat en un curs de llengua d\u2019una Escola Oficial d\u2019Idiomes (EOI) o de l\u2019Institut Obert de Catalunya (IOC) pugui sol\u00b7licitar la\u00a0<strong>devoluci\u00f3 de l\u2019ingr\u00e9s de l\u2019import base de la matr\u00edcula. La devoluci\u00f3 es fa efectiva pr\u00e8via obtenci\u00f3 de la qualificaci\u00f3 d\u2019aprovat (APTE) o del certificat d\u2019actualitzaci\u00f3 (matr\u00edcula d\u2019actualitzaci\u00f3).\u00a0<\/strong>\u00a0La devoluci\u00f3 no inclou els costos de material,\u00a0d\u2019acc\u00e9s a plataformes digitals, d\u2019expedici\u00f3 de t\u00edtols ni les penalitzacions per repetici\u00f3 de curs, si\u00a0escau.<\/p>\n<p><strong>El retorn de l\u2019import de matr\u00edcula nom\u00e9s es pot sol\u00b7licitar per un curs i per una llengua en concret.<\/strong><\/p>\n<div class=\"m_-4451739227644544805m_-1759125151017686174gmail-x-text-content-text-subheadline\">\n<p>Consulta a XTEC la informaci\u00f3 referent a les caracter\u00edstiques\u00a0 del programa PIA+ EOI\/IOC per totes les lleng\u00fces per al curs 2025 \u2013 2026.<\/p>\n<p><a href=\"https:\/\/xtec.gencat.cat\/ca\/formacio\/formaciogeneralprofessorat\/llengues\/programa-pia\/\" target=\"_blank\" rel=\"noopener\">M\u00e9s informaci\u00f3 del Programa PIA+<\/a><\/p>\n<\/div>\n","protected":false},"excerpt":{"rendered":"<p>Ets docent?<br \/>\nEl programa PIA+ \u00e9s una acci\u00f3 per a la millora de la compet\u00e8ncia comunicativa en llengua estrangera del professorat no universitari de centres educatius finan\u00e7ats amb fons p\u00fablics.<br \/>\nL\u2019acci\u00f3 permet que el professorat matriculat en un curs de llengua d\u2019una Escola Oficial d\u2019Idiomes (EOI) o&hellip;  <a href=\"https:\/\/agora-eoi.xtec.cat\/eoitarrega\/professorat-programa-pia\/\" title=\"Read PROFESSORAT (Programa PIA+)\">Llegeix m\u00e9s\u00bb<\/a><\/p>\n","protected":false},"author":8,"featured_media":0,"parent":0,"menu_order":0,"comment_status":"closed","ping_status":"closed","template":"","meta":{"_bbp_topic_count":0,"_bbp_reply_count":0,"_bbp_total_topic_count":0,"_bbp_total_reply_count":0,"_bbp_voice_count":0,"_bbp_anonymous_reply_count":0,"_bbp_topic_count_hidden":0,"_bbp_reply_count_hidden":0,"_bbp_forum_subforum_count":0,"footnotes":""},"class_list":["post-9460","page","type-page","status-publish","hentry"],"post_mailing_queue_ids":[],"_links":{"self":[{"href":"https:\/\/agora-eoi.xtec.cat\/eoitarrega\/wp-json\/wp\/v2\/pages\/9460","targetHints":{"allow":["GET"]}}],"collection":[{"href":"https:\/\/agora-eoi.xtec.cat\/eoitarrega\/wp-json\/wp\/v2\/pages"}],"about":[{"href":"https:\/\/agora-eoi.xtec.cat\/eoitarrega\/wp-json\/wp\/v2\/types\/page"}],"author":[{"embeddable":true,"href":"https:\/\/agora-eoi.xtec.cat\/eoitarrega\/wp-json\/wp\/v2\/users\/8"}],"replies":[{"embeddable":true,"href":"https:\/\/agora-eoi.xtec.cat\/eoitarrega\/wp-json\/wp\/v2\/comments?post=9460"}],"version-history":[{"count":4,"href":"https:\/\/agora-eoi.xtec.cat\/eoitarrega\/wp-json\/wp\/v2\/pages\/9460\/revisions"}],"predecessor-version":[{"id":10398,"href":"https:\/\/agora-eoi.xtec.cat\/eoitarrega\/wp-json\/wp\/v2\/pages\/9460\/revisions\/10398"}],"wp:attachment":[{"href":"https:\/\/agora-eoi.xtec.cat\/eoitarrega\/wp-json\/wp\/v2\/media?parent=9460"}],"curies":[{"name":"wp","href":"https:\/\/api.w.org\/{rel}","templated":true}]}}

<h3 class="m_-4451739227644544805m_-1759125151017686174gmail-x-text-content-text-primary"><strong>Ets docent?</strong></h3>
<p>El programa PIA+ és una acció per a la millora de la competència comunicativa en llengua estrangera del professorat no universitari de centres educatius finançats amb fons públics.</p>
<p>L’acció permet que el professorat matriculat en un curs de llengua d’una Escola Oficial d’Idiomes (EOI) o de l’Institut Obert de Catalunya (IOC) pugui sol·licitar la <strong>devolució de l’ingrés de l’import base de la matrícula. La devolució es fa efectiva prèvia obtenció de la qualificació d’aprovat (APTE) o del certificat d’actualització (matrícula d’actualització). </strong> La devolució no inclou els costos de material, d’accés a plataformes digitals, d’expedició de títols ni les penalitzacions per repetició de curs, si escau.</p>
<p><strong>El retorn de l’import de matrícula només es pot sol·licitar per un curs i per una llengua en concret.</strong></p>
<div class="m_-4451739227644544805m_-1759125151017686174gmail-x-text-content-text-subheadline">
<p>Consulta a XTEC la informació referent a les característiques  del programa PIA+ EOI/IOC per totes les llengües per al curs 2025 – 2026.</p>
<p><a href="https://xtec.gencat.cat/ca/formacio/formaciogeneralprofessorat/llengues/programa-pia/" target="_blank" rel="noopener">Més informació del Programa PIA+</a></p>
</div>

<p>Ets docent?<br />
El programa PIA+ és una acció per a la millora de la competència comunicativa en llengua estrangera del professorat no universitari de centres educatius finançats amb fons públics.<br />
L’acció permet que el professorat matriculat en un curs de llengua d’una Escola Oficial d’Idiomes (EOI) o&hellip;  <a href="https://agora-eoi.xtec.cat/eoitarrega/professorat-programa-pia/" title="Read PROFESSORAT (Programa PIA+)">Llegeix més»</a></p>
