{"id":9443,"date":"2024-07-01T10:47:29","date_gmt":"2024-07-01T08:47:29","guid":{"rendered":"https:\/\/agora-eoi.xtec.cat\/eoitarrega\/?page_id=9443"},"modified":"2026-01-15T16:41:52","modified_gmt":"2026-01-15T15:41:52","slug":"taxes-i-preus-publics","status":"publish","type":"page","link":"https:\/\/agora-eoi.xtec.cat\/eoitarrega\/taxes-i-preus-publics\/","title":{"rendered":"TAXES I PREUS P\u00daBLICS"},"content":{"rendered":"<h3><strong>\u00a0<\/strong><\/h3>\n<h1 class=\"x-text-content-text-primary\"><strong>PREUS P\u00daBLICS pels cursos oficials de nivell b\u00e0sic A1 i A2 (1r i 2n) i C1 i C2 angl\u00e8s i franc\u00e8s<\/strong><\/h1>\n<div class=\"x-text x-text-headline e439-e19 mc7-f mc7-h mc7-i mc7-j mc7-k\">\n<div class=\"x-text-content\">\n<div class=\"x-text-content-text\">\n<h1 class=\"x-text-content-text-primary\"><\/h1>\n<\/div>\n<\/div>\n<\/div>\n<div class=\"x-text x-content e439-e20 mc7-n mc7-o mc7-q\">\n<table>\n<tbody>\n<tr>\n<td><\/td>\n<td><strong>1a Matr\u00edcula<\/strong><\/td>\n<td><strong>2a Matr\u00edcula<br \/>\n<\/strong>(repetici\u00f3 de curs)<\/td>\n<td><strong>3a Matr\u00edcula<br \/>\n<\/strong>(fer el mateix curs per tercera vegada)<\/td>\n<\/tr>\n<tr>\n<td><strong>Matr\u00edcula curs.<\/strong><\/td>\n<td>275\u20ac + acc\u00e9s a plataforma i materials 30\u20ac=\u00a0<strong>305\u20ac<\/strong><\/td>\n<td>357,50\u20ac +acc\u00e9s a plataforma i materials 39\u20ac=\u00a0<strong>396,50\u20ac<\/strong><\/td>\n<td>495\u20ac +acc\u00e9s a plataforma i materials 54\u20ac=\u00a0<strong>549\u20ac<\/strong><\/td>\n<\/tr>\n<tr>\n<td><strong>Matr\u00edcula curs amb bonificaci\u00f3 del 50% (excepte catal\u00e0).<\/strong><\/td>\n<td>137,50\u20ac + acc\u00e9s a plataforma i materials 15\u20ac =\u00a0<strong>152,50\u20ac<\/strong><\/td>\n<td>178,75\u20ac + acc\u00e9s a plataforma i materials 19,50\u20ac =\u00a0<strong>198,25\u20ac<\/strong><\/td>\n<td>247,50\u20ac +acc\u00e9s a plataforma i materials 27\u20ac=\u00a0<strong>274,50\u20ac<\/strong><\/td>\n<\/tr>\n<tr>\n<td><strong>Matr\u00edcula curs amb bonificaci\u00f3 del 50% (catal\u00e0 C2).<\/strong><\/td>\n<td>137,50\u20ac + acc\u00e9s a plataforma i materials 30\u20ac =\u00a0<strong>167,50\u20ac<\/strong><\/td>\n<td>178,75\u20ac + acc\u00e9s a plataforma i materials 39\u20ac =\u00a0<strong>217,75\u20ac<\/strong><\/td>\n<td>247,50\u20ac +acc\u00e9s a plataforma i materials 54\u20ac=\u00a0<strong>301,50\u20ac<\/strong><\/td>\n<\/tr>\n<tr>\n<td><strong>Matr\u00edcula curs\u00a0 amb bonificaci\u00f3 del 75% (catal\u00e0 A1 .<\/strong><\/td>\n<td>68,75\u20ac + acc\u00e9s a plataforma i materials 30\u20ac =\u00a0<strong>98,75\u20ac<\/strong><\/td>\n<td>89,40\u20ac + acc\u00e9s a plataforma i materials 39\u20ac =\u00a0<strong>128,40\u20ac<\/strong><\/td>\n<td>123,75\u20ac +acc\u00e9s a plataforma i materials 54\u20ac=\u00a0<strong>177,75\u20ac<\/strong><\/td>\n<\/tr>\n<tr>\n<td><\/td>\n<td><\/td>\n<td><\/td>\n<td><\/td>\n<\/tr>\n<\/tbody>\n<\/table>\n<\/div>\n<h1 class=\"x-text-content-text-primary\"><strong>TAXES pels cursos oficials de nivell intermedi B1 i intermedi B2(3r, 4t i 5\u00e8) angl\u00e8s i franc\u00e8s<\/strong><\/h1>\n<div class=\"x-text x-content e439-e22 mc7-n mc7-o mc7-p\">\n<table>\n<tbody>\n<tr>\n<td><\/td>\n<td><b>1a Matr\u00edcula<\/b><\/td>\n<td><b>2a Matr\u00edcula<br \/>\n<\/b>(repetici\u00f3 de curs)<\/td>\n<td><b>3a Matr\u00edcula<br \/>\n<\/b>(fer el mateix curs per tercera vegada)<\/td>\n<\/tr>\n<tr>\n<td><b>Matr\u00edcula curs.\u00a0<\/b><\/td>\n<td>297,60\u20ac + acc\u00e9s a plataforma i materials 30\u20ac=\u00a0<b>327,60\u20ac<\/b><\/td>\n<td>386,90\u20ac +acc\u00e9s a plataforma i materials 39\u20ac=\u00a0<b>425,90\u20ac<\/b><\/td>\n<td>535,70\u20ac +acc\u00e9s a plataforma i materials 54\u20ac=\u00a0<b>589,70\u20ac<\/b><\/td>\n<\/tr>\n<tr>\n<td><b>Matr\u00edcula curs amb bonificaci\u00f3 del 50%.<\/b><\/td>\n<td>148,80\u20ac + acc\u00e9s a plataforma i materials 15\u20ac =\u00a0<b>163,80\u20ac<\/b><\/td>\n<td>193,45\u20ac + acc\u00e9s a plataforma i materials 19,50\u20ac =\u00a0<strong>212,95<\/strong><b>\u20ac<\/b><\/td>\n<td>267,90\u20ac +acc\u00e9s a plataforma i materials 27\u20ac=\u00a0<b>294,90\u20ac<\/b><\/td>\n<\/tr>\n<tr>\n<td><b>Matr\u00edcula curs amb exempci\u00f3.<\/b><\/td>\n<td>0\u20ac+acc\u00e9s a plataforma i materials 0\u20ac=\u00a0<b>0\u20ac<\/b><\/td>\n<td>0\u20ac+acc\u00e9s a plataforma i materials 0\u20ac=\u00a0<b>0\u20ac<\/b><\/td>\n<td>0\u20ac+acc\u00e9s a plataforma i materials a 0\u20ac=\u00a0<b>0\u20ac<\/b><\/td>\n<\/tr>\n<\/tbody>\n<\/table>\n<\/div>\n<h1 class=\"x-text-content-text-primary\"><strong>CATAL\u00c0<\/strong><\/h1>\n<h1 class=\"x-text-content-text-primary\"><strong>Bonificacions per catal\u00e0- preus p\u00fablics<\/strong><\/h1>\n<p>Les persones que es matriculen a un curs de nivell b\u00e0sic A1 o A2 en llengua catalana tenen una bonificaci\u00f3 del 75% del preu p\u00fablic de la matr\u00edcula.<\/p>\n<p>Les persones que es matriculen a un curs de nivell d&#8217;actualitzaci\u00f3 i especialitzaci\u00f3 C1 o C2 en llengua catalana tenen una bonificaci\u00f3 del 50% del preu p\u00fablic de la matr\u00edcula.<\/p>\n<table>\n<tbody>\n<tr>\n<td><strong>Preu p\u00fablic<\/strong><\/td>\n<td><b>275 \u20ac<\/b><\/td>\n<\/tr>\n<tr>\n<td><b>A1 <\/b>o<b> A2<\/b><\/td>\n<td>68,75\u20ac + acc\u00e9s a plataforma i materials 30\u20ac= <b>98,75\u20ac<\/b><\/td>\n<\/tr>\n<tr>\n<td><b>C1 <\/b>o<b> C2<\/b><\/td>\n<td>137,50\u20ac + acc\u00e9s a plataforma i materials 30\u20ac = <b>167,50\u20ac<\/b><\/td>\n<\/tr>\n<\/tbody>\n<\/table>\n<div class=\"x-text x-content e439-e22 mc7-n mc7-o mc7-p\">\n<p><a href=\"https:\/\/agora-eoi.xtec.cat\/eoitarrega\/bonificacions\/\">CONSULTEU LES BONIFICACIONS<\/a><\/p>\n<\/div>\n","protected":false},"excerpt":{"rendered":"<p>\u00a0<br \/>\nPREUS P\u00daBLICS pels cursos oficials de nivell b\u00e0sic A1 i A2 (1r i 2n) i C1 i C2 angl\u00e8s i franc\u00e8s<\/p>\n<p>1a Matr\u00edcula<br \/>\n2a Matr\u00edcula<br \/>\n(repetici\u00f3 de curs)<br \/>\n3a Matr\u00edcula<br \/>\n(fer el mateix curs per tercera vegada)<\/p>\n<p>Matr\u00edcula curs.<br \/>\n275\u20ac + acc\u00e9s a plataforma i materials 30\u20ac=\u00a0305\u20ac<br \/>\n357,50\u20ac +acc\u00e9s a plataforma i materials&hellip;  <a href=\"https:\/\/agora-eoi.xtec.cat\/eoitarrega\/taxes-i-preus-publics\/\" title=\"Read TAXES I PREUS P\u00daBLICS\">Llegeix m\u00e9s\u00bb<\/a><\/p>\n","protected":false},"author":3,"featured_media":0,"parent":0,"menu_order":0,"comment_status":"closed","ping_status":"closed","template":"","meta":{"_bbp_topic_count":0,"_bbp_reply_count":0,"_bbp_total_topic_count":0,"_bbp_total_reply_count":0,"_bbp_voice_count":0,"_bbp_anonymous_reply_count":0,"_bbp_topic_count_hidden":0,"_bbp_reply_count_hidden":0,"_bbp_forum_subforum_count":0,"footnotes":""},"class_list":["post-9443","page","type-page","status-publish","hentry"],"post_mailing_queue_ids":[],"_links":{"self":[{"href":"https:\/\/agora-eoi.xtec.cat\/eoitarrega\/wp-json\/wp\/v2\/pages\/9443","targetHints":{"allow":["GET"]}}],"collection":[{"href":"https:\/\/agora-eoi.xtec.cat\/eoitarrega\/wp-json\/wp\/v2\/pages"}],"about":[{"href":"https:\/\/agora-eoi.xtec.cat\/eoitarrega\/wp-json\/wp\/v2\/types\/page"}],"author":[{"embeddable":true,"href":"https:\/\/agora-eoi.xtec.cat\/eoitarrega\/wp-json\/wp\/v2\/users\/3"}],"replies":[{"embeddable":true,"href":"https:\/\/agora-eoi.xtec.cat\/eoitarrega\/wp-json\/wp\/v2\/comments?post=9443"}],"version-history":[{"count":6,"href":"https:\/\/agora-eoi.xtec.cat\/eoitarrega\/wp-json\/wp\/v2\/pages\/9443\/revisions"}],"predecessor-version":[{"id":10617,"href":"https:\/\/agora-eoi.xtec.cat\/eoitarrega\/wp-json\/wp\/v2\/pages\/9443\/revisions\/10617"}],"wp:attachment":[{"href":"https:\/\/agora-eoi.xtec.cat\/eoitarrega\/wp-json\/wp\/v2\/media?parent=9443"}],"curies":[{"name":"wp","href":"https:\/\/api.w.org\/{rel}","templated":true}]}}