{"id":9442,"date":"2024-07-01T10:47:28","date_gmt":"2024-07-01T08:47:28","guid":{"rendered":"https:\/\/agora-eoi.xtec.cat\/eoitarrega\/?page_id=9442"},"modified":"2025-06-22T18:58:18","modified_gmt":"2025-06-22T16:58:18","slug":"nou-alumnat","status":"publish","type":"page","link":"https:\/\/agora-eoi.xtec.cat\/eoitarrega\/nou-alumnat\/","title":{"rendered":"NOU ALUMNAT"},"content":{"rendered":"<h1>PREINSCRIPCI\u00d3 I MATR\u00cdCULA 2025-2026<\/h1>\n<h3><strong>Procediment i termini de preinscripci\u00f3 i matr\u00edcula<\/strong>\u00a0<strong>ONLINE<\/strong><strong>\u00a0 <a href=\"https:\/\/www.eoidigital.com\/eoicat\/alumnes\/\" target=\"_blank\" rel=\"noopener\">Aqu\u00ed<\/a><\/strong><\/h3>\n<p>TOTS ELS TR\u00c0MITS ES FAN A L\u2019APLICACI\u00d3 DE PREINSCRIPCI\u00d3: la preinscripci\u00f3, el test de nivell telem\u00e0tic, la consulta del resultat del test, la tria de grup\/horari i la matr\u00edcula.\u00a0<strong>CAL ENTRAR A L\u2019APLICACI\u00d3 DE PREINSCRIPCI\u00d3 I MATR\u00cdCULA EN CADA MOMENT DEL PROC\u00c9S, NO REBREU MAILS NI MISSATGES DE CONFIRMAC\u00d3, L\u2019ALUMNE \u00c9S EL RESPONSABLE D\u2019ENTRAR A FER LES CONSULTES EN TOT MOMENT.\u00a0<\/strong><\/p>\n<p><strong>Si us voleu matricular de nou a l\u2019escola o ja en sou alumnes i no us heu matriculat al juliol, ho heu de fer tamb\u00e9 en aquesta aplicaci\u00f3 en l\u00ednia del 1 ( a partir de les 12.00h) al 8 de setembre ( fins a les 17.00h) de 2025.<\/strong><\/p>\n<h2><strong>COM FER LA PREINSCRIPCI\u00d3<\/strong><\/h2>\n<div class=\"et_pb_module et_pb_text et_pb_text_3 et_pb_text_align_left et_pb_bg_layout_light\">\n<div class=\"et_pb_text_inner\">\n<h3>Mireu el quadre que correspon a la vostra situaci\u00f3<\/h3>\n<\/div>\n<\/div>\n<div class=\"et_pb_module et_pb_divider_3 et_pb_space et_pb_divider_hidden\">\n<div class=\"et_pb_divider_internal\"><\/div>\n<\/div>\n<div class=\"et_pb_module et_pb_text et_pb_text_4 et_pb_text_align_left et_pb_bg_layout_light\">\n<div class=\"et_pb_text_inner\">\n<table style=\"background-color: #c0edd6;\" border=\"1\" cellspacing=\"1\" cellpadding=\"1\">\n<tbody>\n<tr>\n<td>\n<h4><strong>Opci\u00f3 1: No tinc coneixement de l\u2019idioma<\/strong><\/h4>\n<ul>\n<li>De l&#8217;1 de setembre (a partir de les 12.00\u202fh) al 8 de setembre (fins a les 15.00 h): em preinscric en l\u00ednia i trio, si escau grup\/horari.\n<ul>\n<li>En cas de dificultat es podr\u00e0 fer al centre el 8 de setembre fins a les 14:00 hores.<\/li>\n<\/ul>\n<\/li>\n<li>El 15 de setembre a partir de les 18:00 hores: comprovo si he estat adm\u00e8s\/a o si soc a la llista d\u2019espera.\n<ul>\n<li>Si he estat adm\u00e8s\/a em matriculo en l\u00ednia del 15 al 17 de setembre.<\/li>\n<li>Si soc a la llista d\u2019espera, si queden places, em matriculo en l\u00ednia des del 19 de setembre (nom\u00e9s angl\u00e8s a partir de les 12 h), fins al 21 de setembre\u00a0 \u00a0(23:59\u202fh altres lleng\u00fces).<\/li>\n<\/ul>\n<\/li>\n<li>Puc comen\u00e7ar el curs: dilluns 22, dimarts 23 o dimecres 24 de setembre segons el meu grup i modalitat.<\/li>\n<\/ul>\n<\/td>\n<\/tr>\n<\/tbody>\n<\/table>\n<\/div>\n<\/div>\n<div class=\"et_pb_module et_pb_divider_4 et_pb_space et_pb_divider_hidden\">\n<div class=\"et_pb_divider_internal\"><\/div>\n<\/div>\n<div class=\"et_pb_module et_pb_text et_pb_text_5 et_pb_text_align_left et_pb_bg_layout_light\">\n<div class=\"et_pb_text_inner\">\n<table style=\"background-color: #f5baba;\" border=\"1\" cellspacing=\"1\" cellpadding=\"1\">\n<tbody>\n<tr>\n<td>\n<h4><strong>Opci\u00f3 2: Tinc coneixements de l\u2019idioma i tinc un certificat que m\u2019eximeix del test de nivell segons qu\u00e8 indica la <a href=\"http:\/\/queestudiar.gencat.cat\/ca\/preinscripcio\/estudis\/idiomes\/test-nivell\/\" target=\"_blank\" rel=\"noopener\">taula de les exempcions.<\/a><\/strong><\/h4>\n<ul>\n<li>De l&#8217;1 de setembre (a partir de les 12.00\u202fh) al 8 de setembre (fins a les 15.00 hores): em preinscric en l\u00ednia al curs corresponent i trio grup\/horari.\n<ul>\n<li>En cas de dificultat es podr\u00e0 fer al centre el 08 de setembre fins a les 14.00 hores.<\/li>\n<\/ul>\n<\/li>\n<li>De l&#8217;1 de setembre al 8 de setembre: lliuro el certificat que m\u2019eximeix del test de nivell, en l\u00ednia (fins a les 17.00 h) o al centre (fins a les 14.00 hores).<\/li>\n<li>El 15 de setembre: comprovo si he estat adm\u00e8s\/a (a partir de les 18.00\u202fh)<\/li>\n<li>Del 15 al 17 de setembre: si he estat adm\u00e8s\/a, em matriculo en l\u00ednia.\n<ul>\n<li>Si soc a la llista d\u2019espera, si queden places, em matriculo en l\u00ednia des del 19 de setembre (nom\u00e9s angl\u00e8s a partir de les 12 h), fins al 21 de setembre\u00a0 \u00a0(23:59\u202fh altres lleng\u00fces).<\/li>\n<\/ul>\n<\/li>\n<li>Puc comen\u00e7ar el curs: el dilluns 22, dimarts 23 o dimecres 24 de setembre segons el meu grup i modalitat.<\/li>\n<\/ul>\n<\/td>\n<\/tr>\n<\/tbody>\n<\/table>\n<\/div>\n<\/div>\n<div class=\"et_pb_module et_pb_divider_5 et_pb_space et_pb_divider_hidden\">\n<div class=\"et_pb_divider_internal\"><\/div>\n<\/div>\n<div class=\"et_pb_module et_pb_text et_pb_text_6 et_pb_text_align_left et_pb_bg_layout_light\">\n<div class=\"et_pb_text_inner\">\n<table style=\"background-color: #92e0f0;\" border=\"1\" cellspacing=\"1\" cellpadding=\"1\">\n<tbody>\n<tr>\n<td>\n<h4><strong>Opci\u00f3 3: Tinc un nivell, per\u00f2 no tinc cap exempci\u00f3 i vull fer el test de nivell<\/strong><\/h4>\n<ul>\n<li>De l&#8217;1 de setembre(a partir de les 12.00\u202fh)\u00a0 al 8 de setembre (fins a les 15.00 h): em preinscric en l\u00ednia i trio opci\u00f3 \u201cTest de Nivell\u201d.\n<ul>\n<li>En cas de dificultat es podr\u00e0 fer al centre el 8 de setembre fins a les 14.00 hores.<\/li>\n<\/ul>\n<\/li>\n<li>De l&#8217;1\u00a0 al 10 de setembre (fins a les 17\u202fh): faig el test de nivell en l\u00ednia (angl\u00e8s i franc\u00e8s) des de\u00a0 l\u2019aplicaci\u00f3 de preinscripci\u00f3:<br \/>\nen conec el resultat i trio grup\/horari del curs que se m\u2019ha assignat (data l\u00edmit 15 de setembre fins a les 10\u202fh)<\/li>\n<li>El 15 de setembre, comprovo a l\u2019aplicaci\u00f3 de preinscripci\u00f3 si he estat adm\u00e8s o si soc a la llista d\u2019espera (a partir de les 18\u202fh).<\/li>\n<li>Del 15 al 17 de setembre: si he estat adm\u00e8s\/a, em matriculo en l\u00ednia.<\/li>\n<li>Si soc a la llista d\u2019espera, si queden places, em matriculo en l\u00ednia des del 19 de setembre (nom\u00e9s angl\u00e8s a partir de les 12 h), fins al 21 de setembre\u00a0 \u00a0(23:59\u202fh altres lleng\u00fces).<\/li>\n<li>Puc comen\u00e7ar el curs el dilluns 22,dimarts 23 o dimecres 24 de setembre segons el meu grup i modalitat.<\/li>\n<\/ul>\n<\/td>\n<\/tr>\n<\/tbody>\n<\/table>\n<\/div>\n<\/div>\n<hr \/>\n<h3>Informacions sobre acreditacions de nivell<\/h3>\n<p><strong>Acreditacions de nivell: <\/strong>\u00a0<a href=\"https:\/\/preinscripcio.gencat.cat\/ca\/estudis\/idiomes-eoi\/informat\/test-nivell-a2-c1\/\" target=\"_blank\" rel=\"noopener\">Exempcions de test de nivell\u00a0<\/a>\u2013 un cop feta la preinscripci\u00f3 i dins el mateix termini, cal trametre la documentaci\u00f3 d\u2019exempci\u00f3 a l\u2019escola, presencialment o al correu electr\u00f2nic <strong>eoitarrega<span class=\"\">@xtec.c<\/span>at<\/strong><\/p>\n<p><strong>Taxes i preus p\u00fablics: <a href=\"https:\/\/agora-eoi.xtec.cat\/eoitarrega\/taxes-i-preus-publics\/\" target=\"_blank\" rel=\"noopener\">+ Info<\/a><br \/>\n<\/strong><\/p>\n<p><strong> Bonificacions i exempcions: <a href=\"https:\/\/agora-eoi.xtec.cat\/eoitarrega\/bonificacions\/\" target=\"_blank\" rel=\"noopener\">+ Info<\/a><\/strong><!--more--><\/p>\n<div class=\"et_pb_module et_pb_text et_pb_text_3 et_pb_text_align_left et_pb_bg_layout_light\">\n<hr \/>\n<\/div>\n<div class=\"et_pb_module et_pb_text et_pb_text_6 et_pb_text_align_left et_pb_bg_layout_light\">\n<div class=\"et_pb_text_inner\">\n<div class=\"et_pb_module et_pb_text et_pb_text_3 et_pb_text_align_left et_pb_bg_layout_light\">\n<h3 class=\"et_pb_text_inner\">ETS DOCENT?<\/h3>\n<div>Consulta <a href=\"https:\/\/agora-eoi.xtec.cat\/eoitarrega\/professorat-programa-pia\/\" target=\"_blank\" rel=\"noopener\">aqu\u00ed<\/a> informaci\u00f3 sobre el pla PIA+<\/div>\n<div>\n<hr \/>\n<\/div>\n<\/div>\n<div class=\"et_pb_module et_pb_text et_pb_text_6 et_pb_text_align_left et_pb_bg_layout_light\">\n<div class=\"et_pb_text_inner\"><a href=\"https:\/\/preinscripcio.gencat.cat\/ca\/estudis\/idiomes-eoi\/inici\/\" target=\"_blank\" rel=\"noopener\">Informacions generals a Gencat.cat<\/a><\/div>\n<\/div>\n<\/div>\n<\/div>\n<div><\/div>\n<div><\/div>\n<div><\/div>\n<p><a href=\"https:\/\/agora-eoi.xtec.cat\/eoitarrega\/wp-content\/uploads\/usu2260\/2025\/06\/eoi-10-eoi.pdf-1.pdf\" target=\"_blank\" rel=\"noopener\">Infografia amb totes les dades de preinscripci\u00f3<\/a><\/p>\n<p>&nbsp;<\/p>\n","protected":false},"excerpt":{"rendered":"<p>PREINSCRIPCI\u00d3 I MATR\u00cdCULA 2025-2026<br \/>\nProcediment i termini de preinscripci\u00f3 i matr\u00edcula\u00a0ONLINE\u00a0 <a href=\"https:\/\/www.eoidigital.com\/eoicat\/alumnes\/\" target=\"_blank\" rel=\"noopener\">Aqu\u00ed<\/a><br \/>\nTOTS ELS TR\u00c0MITS ES FAN A L\u2019APLICACI\u00d3 DE PREINSCRIPCI\u00d3: la preinscripci\u00f3, el test de nivell telem\u00e0tic, la consulta del resultat del test, la tria de grup\/horari i la matr\u00edcula.\u00a0CAL ENTRAR A L\u2019APLICACI\u00d3&hellip;  <a href=\"https:\/\/agora-eoi.xtec.cat\/eoitarrega\/nou-alumnat\/\" title=\"Read NOU ALUMNAT\">Llegeix m\u00e9s\u00bb<\/a><\/p>\n","protected":false},"author":3,"featured_media":0,"parent":0,"menu_order":0,"comment_status":"closed","ping_status":"closed","template":"","meta":{"_bbp_topic_count":0,"_bbp_reply_count":0,"_bbp_total_topic_count":0,"_bbp_total_reply_count":0,"_bbp_voice_count":0,"_bbp_anonymous_reply_count":0,"_bbp_topic_count_hidden":0,"_bbp_reply_count_hidden":0,"_bbp_forum_subforum_count":0,"footnotes":""},"class_list":["post-9442","page","type-page","status-publish","hentry"],"post_mailing_queue_ids":[],"_links":{"self":[{"href":"https:\/\/agora-eoi.xtec.cat\/eoitarrega\/wp-json\/wp\/v2\/pages\/9442","targetHints":{"allow":["GET"]}}],"collection":[{"href":"https:\/\/agora-eoi.xtec.cat\/eoitarrega\/wp-json\/wp\/v2\/pages"}],"about":[{"href":"https:\/\/agora-eoi.xtec.cat\/eoitarrega\/wp-json\/wp\/v2\/types\/page"}],"author":[{"embeddable":true,"href":"https:\/\/agora-eoi.xtec.cat\/eoitarrega\/wp-json\/wp\/v2\/users\/3"}],"replies":[{"embeddable":true,"href":"https:\/\/agora-eoi.xtec.cat\/eoitarrega\/wp-json\/wp\/v2\/comments?post=9442"}],"version-history":[{"count":6,"href":"https:\/\/agora-eoi.xtec.cat\/eoitarrega\/wp-json\/wp\/v2\/pages\/9442\/revisions"}],"predecessor-version":[{"id":10289,"href":"https:\/\/agora-eoi.xtec.cat\/eoitarrega\/wp-json\/wp\/v2\/pages\/9442\/revisions\/10289"}],"wp:attachment":[{"href":"https:\/\/agora-eoi.xtec.cat\/eoitarrega\/wp-json\/wp\/v2\/media?parent=9442"}],"curies":[{"name":"wp","href":"https:\/\/api.w.org\/{rel}","templated":true}]}}