{"id":9148,"date":"2023-10-31T10:46:57","date_gmt":"2023-10-31T09:46:57","guid":{"rendered":"https:\/\/agora-eoi.xtec.cat\/eoitarrega\/?page_id=9148"},"modified":"2025-07-11T11:14:47","modified_gmt":"2025-07-11T09:14:47","slug":"qui-som","status":"publish","type":"page","link":"https:\/\/agora-eoi.xtec.cat\/eoitarrega\/qui-som\/","title":{"rendered":"Qui som?"},"content":{"rendered":"<div class=\"et_pb_column et_pb_column_1_2 et_pb_column_0 et_pb_css_mix_blend_mode_passthrough\">\n<div class=\"et_pb_module et_pb_text et_pb_text_0 et_pb_text_align_left et_pb_bg_layout_light\">\n<div class=\"et_pb_text_inner\">\n<div class=\"et_pb_text et_pb_module et_pb_bg_layout_light et_pb_text_align_left et_pb_text_0\">\n<h3><strong><a id=\"escolapublilca\"><\/a>Escola p\u00fablica d\u2019idiomes<\/strong><\/h3>\n<p>Les escoles oficials d&#8217;idiomes s\u00f3n centres p\u00fablics no universitaris de r\u00e8gim especial destinats a l&#8217;aprenentatge de lleng\u00fces modernes per a persones adultes. Les EOIs imparteixen els ensenyaments especials regulats per la Llei Org\u00e0nica d&#8217;Educaci\u00f3 2\/2006 de 3 de maig (LOE) i la Llei Org\u00e0nica per a la Millora de la Qualitat Educativa 8\/2013 de 9 de desembre (LOMCE).<\/p>\n<p>La finalitat dels ensenyaments d&#8217;idiomes que s&#8217;hi imparteixen \u00e9s desenvolupar la capacitat de l&#8217;alumnat en l&#8217;\u00fas efectiu de l&#8217;idioma com a vehicle de comunicaci\u00f3 general aix\u00ed com recon\u00e8ixer i respectar la diversitat ling\u00fc\u00edstica i cultural com a eina de di\u00e0leg entre els pobles.<\/p>\n<p>L\u2019Escola Oficial d\u2019Idiomes de T\u00e0rrega forma part de la xarxa de les <a href=\"http:\/\/queestudiar.gencat.cat\/ca\/estudis\/idiomes\">Escoles Oficials d\u2019Idiomes<\/a> del Departament d\u2019Ensenyament de la Generalitat de Catalunya: 45 escoles i 11 Centres P\u00fablics Delegats que abasteixen tot el territori. Aquesta xarxa est\u00e0 relacionada amb totes les Xarxes d\u2019EOI de l\u2019Estat.<\/p>\n<p>M\u00e9s informacions sobre la xarxa: <a class=\"icon-button download-icon\" href=\"http:\/\/xtec.gencat.cat\/ca\/curriculum\/idiomes-a-les-eoi\/\" target=\"_blank\" rel=\"noopener\">Xarxa EOI Catalunya<\/a><\/p>\n<p>V\u00eddeo explicatiu <a href=\"https:\/\/youtu.be\/bUiD0KP5OkU\">Qu\u00e8 s\u00f3n les Escoles Oficials d&#8217;Idiomes?<\/a><\/p>\n<ul>\n<li>A L&#8217;EOI de T\u00e0rrega pots estudiar l&#8217;angl\u00e8s, franc\u00e8s i catal\u00e0 en els nivells homologats\u00a0del Marc Europeu Com\u00fa de Refer\u00e8ncia per a les lleng\u00fces estrangeres:<\/li>\n<\/ul>\n<h4>Angl\u00e8s:<\/h4>\n<ul>\n<li>Nivell B\u00e0sic A1 (1r) \u2013 A2 (2n)<\/li>\n<li>Nivell Intermedi B1 (3r) \u2013 B2.1 (4t) \u2013\u00a0 B2.2 (5\u00e8)<\/li>\n<li>Nivell Avan\u00e7at C1<\/li>\n<\/ul>\n<h4>Franc\u00e8s:<\/h4>\n<ul>\n<li>Nivell B\u00e0sic A1 (1r)\u00a0 \u2013 A2 (2n)<\/li>\n<li>Nivell Intermedi B1 (3r) \u2013 B2.1 (4t) \u2013\u00a0 B2.2 (5\u00e8)<\/li>\n<\/ul>\n<h4>Catal\u00e0:<\/h4>\n<ul>\n<li>Nivell B\u00e0sic A1<\/li>\n<li>Nivell Avan\u00e7at C2<\/li>\n<\/ul>\n<\/div>\n<\/div>\n<\/div>\n<div class=\"et_pb_module et_pb_text et_pb_text_1 et_pb_text_align_left et_pb_bg_layout_light\">\n<div class=\"et_pb_text_inner\">\n<h3><strong><a id=\"marclegal\"><\/a>Marc Legal<\/strong><\/h3>\n<p>Els ensenyaments de les EOIs a Catalunya s&#8217;inscriuen en el marc legal administratiu establerts en els seg\u00fcents decrets:<\/p>\n<p>El Reial Decret 1041\/2017 de 22 de desembre estableix el curr\u00edculum b\u00e0sic dels nivells Intermedi B1, Intermedi B2, Avan\u00e7at C1 i Avan\u00e7at C2 dels ensenyaments d&#8217;idiomes de r\u00e8gim especial regulats per la Llei Org\u00e0nica 2\/2006, de 3 de maig, d&#8217;educaci\u00f3.<\/p>\n<p>El <a href=\"https:\/\/dogc.gencat.cat\/ca\/document-del-dogc\/?documentId=923138\">Decret 45\/2022 de 15 mar\u00e7<\/a>, estableix l&#8217;ordenaci\u00f3 dels ensenyaments d&#8217;idiomes de r\u00e8gim especial i el curr\u00edculum de nivell intermedi de diversos idiomes.<\/p>\n<p>El <a href=\"https:\/\/dogc.gencat.cat\/ca\/document-del-dogc\/?documentId=940619\">Decret 243\/2022, de 18 d&#8217;octubre<\/a>, estableix els curr\u00edculums del nivell b\u00e0sic (A2) i del nivell avan\u00e7at (C1 i C2) de diversos idiomes.<\/p>\n<h3><strong><a id=\"equipamentiserveis\"><\/a>Equipament i serveis<\/strong><\/h3>\n<ul>\n<li>Cinc aules amb equipament multim\u00e8dia, aula d\u2019inform\u00e0tica, sala polivalent per a confer\u00e8ncies i activitats diverses.<\/li>\n<li>Biblioteca\/Mediateca i sala de lectura.<\/li>\n<li>Intranet. Plataforma educativa virtual Moodle<\/li>\n<\/ul>\n<h4><strong>Videovigil\u00e0ncia<\/strong><\/h4>\n<div class=\"et_pb_module et_pb_blurb et_pb_blurb_0 et_pb_text_align_left et_pb_blurb_position_top et_pb_bg_layout_light\">\n<div class=\"et_pb_blurb_content\">\n<div class=\"et_pb_blurb_container\">\n<div class=\"et_pb_blurb_description\">\n<p>L\u2019escola disposa d\u2019un sistema de videovigil\u00e0ncia que controla les entrades i sortides del recinte escolar.<\/p>\n<p>L\u2019estructura de l\u2019escola fa que la consergeria ha d\u2019estar ubicada en un m\u00f2dul, la qual cosa no permet l\u2019atenci\u00f3 directa del p\u00fablic. Aquest sistema est\u00e0 aprovat pel Consell Escolar de l\u2019escola com a soluci\u00f3 per poder atendre millor els usuaris.<\/p>\n<\/div>\n<\/div>\n<\/div>\n<\/div>\n<div class=\"et_pb_button_module_wrapper et_pb_button_0_wrapper et_pb_button_alignment_left et_pb_module \"><a class=\"et_pb_button et_pb_button_0 et_hover_enabled et_pb_bg_layout_light\" href=\"https:\/\/eoitarrega.com\/qui-som\/equipament-i-serveis\/\" target=\"_blank\" rel=\"noopener\">Fotos de l&#8217;escola<\/a><\/div>\n<div><\/div>\n<div class=\"et_pb_button_module_wrapper et_pb_button_1_wrapper et_pb_button_alignment_left et_pb_module \"><a href=\"https:\/\/agora-eoi.xtec.cat\/eoitarrega\/missio-visio-i-valors\/\">Missi\u00f3 &#8211; Visi\u00f3 &#8211; Valors<\/a><\/div>\n<div><\/div>\n<div class=\"et_pb_button_module_wrapper et_pb_button_2_wrapper et_pb_button_alignment_left et_pb_module \"><\/div>\n<\/div>\n<\/div>\n<\/div>\n","protected":false},"excerpt":{"rendered":"<p><a id=\"escolapublilca\"><\/a>Escola p\u00fablica d\u2019idiomes<br \/>\nLes escoles oficials d&#8217;idiomes s\u00f3n centres p\u00fablics no universitaris de r\u00e8gim especial destinats a l&#8217;aprenentatge de lleng\u00fces modernes per a persones adultes. Les EOIs imparteixen els ensenyaments especials regulats per la Llei Org\u00e0nica d&#8217;Educaci\u00f3 2\/2006 de 3 de maig (LOE) i la&hellip;  <a href=\"https:\/\/agora-eoi.xtec.cat\/eoitarrega\/qui-som\/\" title=\"Read Qui som?\">Llegeix m\u00e9s\u00bb<\/a><\/p>\n","protected":false},"author":3,"featured_media":0,"parent":0,"menu_order":0,"comment_status":"closed","ping_status":"closed","template":"","meta":{"_bbp_topic_count":0,"_bbp_reply_count":0,"_bbp_total_topic_count":0,"_bbp_total_reply_count":0,"_bbp_voice_count":0,"_bbp_anonymous_reply_count":0,"_bbp_topic_count_hidden":0,"_bbp_reply_count_hidden":0,"_bbp_forum_subforum_count":0,"footnotes":""},"class_list":["post-9148","page","type-page","status-publish","hentry"],"post_mailing_queue_ids":[],"_links":{"self":[{"href":"https:\/\/agora-eoi.xtec.cat\/eoitarrega\/wp-json\/wp\/v2\/pages\/9148","targetHints":{"allow":["GET"]}}],"collection":[{"href":"https:\/\/agora-eoi.xtec.cat\/eoitarrega\/wp-json\/wp\/v2\/pages"}],"about":[{"href":"https:\/\/agora-eoi.xtec.cat\/eoitarrega\/wp-json\/wp\/v2\/types\/page"}],"author":[{"embeddable":true,"href":"https:\/\/agora-eoi.xtec.cat\/eoitarrega\/wp-json\/wp\/v2\/users\/3"}],"replies":[{"embeddable":true,"href":"https:\/\/agora-eoi.xtec.cat\/eoitarrega\/wp-json\/wp\/v2\/comments?post=9148"}],"version-history":[{"count":7,"href":"https:\/\/agora-eoi.xtec.cat\/eoitarrega\/wp-json\/wp\/v2\/pages\/9148\/revisions"}],"predecessor-version":[{"id":10352,"href":"https:\/\/agora-eoi.xtec.cat\/eoitarrega\/wp-json\/wp\/v2\/pages\/9148\/revisions\/10352"}],"wp:attachment":[{"href":"https:\/\/agora-eoi.xtec.cat\/eoitarrega\/wp-json\/wp\/v2\/media?parent=9148"}],"curies":[{"name":"wp","href":"https:\/\/api.w.org\/{rel}","templated":true}]}}