{"id":9186,"date":"2025-06-06T09:00:29","date_gmt":"2025-06-06T07:00:29","guid":{"rendered":"http:\/\/agora-eoi.xtec.cat\/eoitarragona\/?page_id=9186"},"modified":"2025-07-14T12:45:45","modified_gmt":"2025-07-14T10:45:45","slug":"convocatoria-addicional","status":"publish","type":"page","link":"https:\/\/agora-eoi.xtec.cat\/eoitarragona\/secretaria\/matricula\/convocatoria-addicional\/","title":{"rendered":"Convocat\u00f2ria addicional i matr\u00edcula d&#8217;actualitzaci\u00f3 en cursos inferiors"},"content":{"rendered":"\n<h5 class=\"wp-block-heading\">A.- CONVOCAT\u00d2RIA ADDICIONAL<\/h5>\n\n\n\n<h5 class=\"wp-block-heading\"><span style=\"font-size: 12pt;\"><strong>A.1.- Cursar tres vegades&nbsp; A1 (Primer) o&nbsp; B2.1 (Quart)<br><\/strong><\/span><\/h5>\n\n\n\n<p><span style=\"font-family: arial,helvetica,sans-serif; font-size: 12pt;\">El nombre de convocat\u00f2ries possibles per nivell \u00e9s el doble dels cursos que s\u2019hi imparteixen&nbsp; (\u00e9s a dir: 4 pel B\u00e0sic i I<span style=\"font-family: arial,helvetica,sans-serif;\">ntermedi B2 i<\/span> 2 per&nbsp; l\u2019Intermedi B1 i C1), per\u00f2 en cap cas es pot fer un curs m\u00e9s de TRES vegades.<\/span><\/p>\n\n\n\n<p><span style=\"font-size: 12pt;\"><span style=\"font-family: arial,helvetica,sans-serif;\"><span lang=\"CA\">NOTA: La plataforma de matr\u00edcula en l\u00ednia&nbsp; <strong>NO permetr\u00e0 fer autom\u00e0ticament tres matr\u00edcules a cap curs<\/strong>. <\/span><\/span><span style=\"font-family: arial,helvetica,sans-serif;\"><span lang=\"CA\">Els alumnes que vulguin cursar per tercera vegada un curs<\/span>, h<span lang=\"CA\">auran d&#8217;adre\u00e7ar una sol\u00b7licitud&nbsp; a&nbsp; la Cap d&#8217;estudis. <\/span><\/span><\/span><\/p>\n\n\n\n<ul class=\"wp-block-list\">\n<li><span style=\"font-size: 12pt;\"><span style=\"font-family: arial,helvetica,sans-serif;\"><span lang=\"CA\"><span style=\"font-family: arial,helvetica,sans-serif;\"><span lang=\"CA\">Sol\u00b7licitud: de l&#8217;1 al 15 de setembre<\/span><\/span><\/span><\/span><\/span><\/li>\n\n\n\n<li><span style=\"font-family: arial,helvetica,sans-serif; font-size: 12pt;\"><span lang=\"CA\">Resoluci\u00f3: 19 <span style=\"font-size: 12pt;\"><span style=\"font-family: arial,helvetica,sans-serif;\">de setembre<\/span><\/span><\/span><\/span><\/li>\n\n\n\n<li><span style=\"font-size: 12pt;\"><span style=\"font-family: arial,helvetica,sans-serif;\"><span lang=\"CA\">Matr\u00edcula: \u00a0<span style=\"font-family: arial,helvetica,sans-serif; font-size: 12pt;\">24 de setembre<\/span><\/span><\/span><\/span><\/li>\n<\/ul>\n\n\n\n<p><span style=\"color: #008080;\"><a href=\"https:\/\/drive.google.com\/file\/d\/17SE7zc17Yd2kiQoqMnjFCFNiqSeMZ-BF\/view?usp=sharing\" target=\"_blank\" rel=\"noopener\"><img loading=\"lazy\" decoding=\"async\" class=\"wp-image-14968 alignnone\" src=\"https:\/\/agora-eoi.xtec.cat\/eoitarragona\/wp-content\/uploads\/usu2261\/2022\/07\/clic.png\" alt=\"\" width=\"23\" height=\"25\">IMPR\u00c8S: cliqueu aqu\u00ed<\/a><strong><span style=\"font-size: 14px;\"><br><\/span><\/strong><\/span><\/p>\n\n\n\n<p><a href=\"https:\/\/drive.google.com\/file\/d\/1l7_Svdu7XNpPxY7N7w5LxS6xE0CGzZGb\/view?usp=sharing\" target=\"_blank\" rel=\"noopener\"><span style=\"color: #008080;\">&nbsp;<img loading=\"lazy\" decoding=\"async\" class=\"wp-image-14968 alignnone\" src=\"https:\/\/agora-eoi.xtec.cat\/eoitarragona\/wp-content\/uploads\/usu2261\/2022\/07\/clic.png\" alt=\"\" width=\"23\" height=\"25\">Calendari de sol\u00b7licitud d&#8217;alumnat en situaci\u00f3 especial: perman\u00e8ncia en els estudis, renuncia curs superat, tercer idioma, trasllat de matr\u00edcula.<\/span><\/a><\/p>\n\n\n\n<h5 class=\"wp-block-heading\"><span style=\"font-size: 12pt;\"><strong><span style=\"font-family: arial,helvetica,sans-serif;\"><span lang=\"CA\">A.2.- Sol\u00b7licitar Convocat\u00f2ria addicional.<\/span><\/span><br><\/strong><\/span><\/h5>\n\n\n\n<p><span style=\"font-family: arial,helvetica,sans-serif; font-size: 12pt;\"><span lang=\"CA\">Si s\u2019han esgotat aquestes tres matr\u00edcules de A1 (1r) o&nbsp; B2.1 (4t), nom\u00e9s es pot fer una matr\u00edcula a A2 (2n) o a B2.2 (5\u00e8), amb la qual cosa s\u2019esgoten les quatre convocat\u00f2ries establertes en el Decret 4\/2009 del 13 de gener de 2009.<\/span><\/span><\/p>\n\n\n\n<p><span style=\"font-size: 12pt;\"><span style=\"font-family: arial,helvetica,sans-serif;\"><span lang=\"CA\">Cas que un <strong>alumne matriculat a A2 (2n) o B2.2 (5\u00e8)<\/strong> (que ja ha fet tres cops 1r o 4t) suspengui el curs o <\/span><\/span><span style=\"font-family: arial,helvetica,sans-serif;\"><span lang=\"CA\"><span style=\"font-family: arial,helvetica,sans-serif;\"><span lang=\"CA\">hagi cursat <strong>dues vegades B1 (3r) o C1<\/strong><\/span><\/span> i no hagi aprovat, ha de demanar a la direcci\u00f3 de l\u2019escola la concessi\u00f3 d\u2019una <strong>convocat\u00f2ria addicional<\/strong>. <\/span><\/span><\/span><\/p>\n\n\n\n<ul class=\"wp-block-list\">\n<li><span lang=\"CA\">Sol\u00b7licitud:\u00a0<\/span> de l&#8217;1 al 4 de juliol i <span style=\"font-size: 12pt;\"><span style=\"font-family: arial,helvetica,sans-serif;\"><span lang=\"CA\">de l&#8217;1 al 15 de setembre<\/span><\/span><\/span><span lang=\"CA\">\u00a0la secretaria del centre en horari d&#8217;atenci\u00f3 al p\u00fablic. <\/span><\/li>\n\n\n\n<li><span style=\"font-family: arial,helvetica,sans-serif; font-size: 12pt;\">Resoluci\u00f3:\u00a0 8 de juliol per als\u00a0 alumnes del curs anterior <\/span><span style=\"font-size: 12pt; font-family: arial, helvetica, sans-serif;\">i 24 de setembre, a les 9 h per als nous (cas de resoluci\u00f3 favorable).<\/span><\/li>\n<\/ul>\n\n\n\n<p><span style=\"color: #008080;\"><a href=\"https:\/\/forms.gle\/nx3G8AK5QMnBdnfF6\" target=\"_blank\" rel=\"noopener\"><span lang=\"CA\"><img loading=\"lazy\" decoding=\"async\" class=\"wp-image-14968 alignnone\" src=\"https:\/\/agora-eoi.xtec.cat\/eoitarragona\/wp-content\/uploads\/usu2261\/2022\/07\/clic.png\" alt=\"\" width=\"23\" height=\"25\">FORMULARI<\/span><\/a><\/span><\/p>\n\n\n\n<p>Resoluci\u00f3 de convocat\u00f2ria addicional (antics alumnes) &#8211;<\/p>\n\n\n\n<p><span style=\"font-size: 12pt;\"><span style=\"font-family: arial,helvetica,sans-serif;\"><strong>A.3.- Antics alumnes d&#8217;EOI (anteriors al curs 2024-2025) i procedents de preinscripci\u00f3.<\/strong> <\/span><\/span><\/p>\n\n\n\n<p><span style=\"font-size: 12pt;\"><span style=\"font-family: arial,helvetica,sans-serif;\">Podran sol\u00b7licitar la convocat\u00f2ria addicional fins al dia <strong>15 de setembre <\/strong>i matricular-se <strong>el dia 24 de setembre.<\/strong><\/span><\/span><\/p>\n\n\n\n<p>&nbsp;<\/p>\n\n\n\n<h5 class=\"wp-block-heading\"><strong>B.-FLEXIBILITZACI\u00d3 DE L&#8217;ITINERARI EDUCATIU: MATR\u00cdCULA D&#8217;ACTUALITZACI\u00d3 EN CURSOS INFERIORS<\/strong><\/h5>\n\n\n\n<p>Les persones que ja hagin cursat i superat amb anterioritat cursos de les escoles oficials d&#8217;idiomes, i que vulguin actualitzar-ne els coneixements, poden sol\u00b7licitar matricular-se en l&#8217;\u00faltim curs fet o en qualsevol dels cursos inferiors.<\/p>\n\n\n\n<p>La sol\u00b7licitud per a aquest tipus de matr\u00edcula s\u2019ha de presentar al centre una vegada finalitzat el per\u00edode d&#8217;admissi\u00f3, i nom\u00e9s s\u2019admet si existeixen vacants en el curs i l\u2019idioma sol\u00b7licitat. La sol\u00b7licitud \u00e9s valida \u00fanicament per al curs acad\u00e8mic en qu\u00e8 se sol\u00b7licita i s\u2019ha de tornar a presentar per a cursos acad\u00e8mics posteriors, si l\u2019alumne ho vol.<\/p>\n\n\n\n<ul class=\"wp-block-list\">\n<li><span style=\"font-size: 12pt;\"><span style=\"font-family: arial,helvetica,sans-serif;\"><span lang=\"CA\"><span style=\"font-family: arial,helvetica,sans-serif;\"><span lang=\"CA\">Sol\u00b7licitud: de l&#8217;1 al 15 de setembre<\/span><\/span><\/span><\/span><\/span><\/li>\n\n\n\n<li><span style=\"font-family: arial,helvetica,sans-serif; font-size: 12pt;\"><span lang=\"CA\">Resoluci\u00f3: 19 <span style=\"font-size: 12pt;\"><span style=\"font-family: arial,helvetica,sans-serif;\">de setembre<\/span><\/span><\/span><\/span><\/li>\n\n\n\n<li><span style=\"font-size: 12pt;\"><span style=\"font-family: arial,helvetica,sans-serif;\"><span lang=\"CA\">Matr\u00edcula: \u00a0<span style=\"font-family: arial,helvetica,sans-serif; font-size: 12pt;\">24 de setembre<\/span><\/span><\/span><\/span><\/li>\n<\/ul>\n\n\n\n<p>Aquest tipus de matr\u00edcula no t\u00e9 efectes acad\u00e8mics ni dona lloc a cap certificat oficial. La qualificaci\u00f3 que es fa constar a l\u2019expedient acad\u00e8mic de l\u2019alumne \u00e9s de \u201cno qualificat\/ada\u201d.<\/p>\n\n\n\n<p>Els alumnes en aquesta situaci\u00f3 acad\u00e8mica no tenen dret a sol\u00b7licitar una nova expedici\u00f3 del certificat obtingut anteriorment, per\u00f2 poden sol\u00b7licitar un certificat d\u2019actualitzaci\u00f3 al centre on estiguin matriculats.<\/p>\n\n\n\n<p>Pel que fa al preu del servei, aquests alumnes han de pagar la taxa o el preu p\u00fablic corresponent, sense penalitzaci\u00f3 per repetici\u00f3.<\/p>\n\n\n\n<p>Durant un mateix curs acad\u00e8mic no es pot simultaniejar una matr\u00edcula ordin\u00e0ria als ensenyaments presencials amb una matr\u00edcula d&#8217;actualitzaci\u00f3 del mateix idioma.<\/p>\n\n\n\n<p><span style=\"color: #33cccc;\"><strong><img loading=\"lazy\" decoding=\"async\" class=\"wp-image-14968 alignnone\" src=\"https:\/\/agora-eoi.xtec.cat\/eoitarragona\/wp-content\/uploads\/usu2261\/2022\/07\/clic.png\" alt=\"\" width=\"23\" height=\"25\">IMPR\u00c8S: <a href=\"https:\/\/drive.google.com\/file\/d\/1Yceyt_C-f3n9en1pj-EDQXaAtV31x7KG\/view?usp=sharing\">Cliqueu aqu\u00ed<\/a><\/strong><\/span><\/p>\n\n\n\n<p><span style=\"border-radius: 2px; text-indent: 20px; width: auto; padding: 0px 4px 0px 0px; text-align: center; font: bold 11px\/20px 'Helvetica Neue',Helvetica,sans-serif; color: #ffffff; background: #bd081c no-repeat scroll 3px 50% \/ 14px 14px; position: absolute; opacity: 1; z-index: 8675309; display: none; cursor: pointer;\">Save<\/span><\/p>\n\n\n\n<p><span style=\"border-radius: 2px; text-indent: 20px; width: auto; padding: 0px 4px 0px 0px; text-align: center; font: bold 11px\/20px 'Helvetica Neue',Helvetica,sans-serif; color: #ffffff; background: #bd081c no-repeat scroll 3px 50% \/ 14px 14px; position: absolute; opacity: 1; z-index: 8675309; display: none; cursor: pointer;\">Save<\/span><\/p>\n\n\n\n<p><span style=\"border-radius: 2px; text-indent: 20px; width: auto; padding: 0px 4px 0px 0px; text-align: center; font: bold 11px\/20px 'Helvetica Neue',Helvetica,sans-serif; color: #ffffff; background: #bd081c no-repeat scroll 3px 50% \/ 14px 14px; position: absolute; opacity: 1; z-index: 8675309; display: none; cursor: pointer;\">Save<\/span><\/p>\n\n\n\n<p><span style=\"border-radius: 2px; text-indent: 20px; width: auto; padding: 0px 4px 0px 0px; text-align: center; font: bold 11px\/20px 'Helvetica Neue',Helvetica,sans-serif; color: #ffffff; background: #bd081c no-repeat scroll 3px 50% \/ 14px 14px; position: absolute; opacity: 1; z-index: 8675309; display: none; cursor: pointer;\">Save<\/span><\/p>\n\n\n\n<p><span style=\"border-radius: 2px; text-indent: 20px; width: auto; padding: 0px 4px 0px 0px; text-align: center; font: bold 11px\/20px 'Helvetica Neue',Helvetica,sans-serif; color: #ffffff; background: #bd081c no-repeat scroll 3px 50% \/ 14px 14px; position: absolute; opacity: 1; z-index: 8675309; display: none; cursor: pointer;\">Save<\/span><\/p>\n\n\n\n<p><span style=\"border-radius: 2px; text-indent: 20px; width: auto; padding: 0px 4px 0px 0px; text-align: center; font: bold 11px\/20px 'Helvetica Neue',Helvetica,sans-serif; color: #ffffff; background: #bd081c no-repeat scroll 3px 50% \/ 14px 14px; position: absolute; opacity: 1; z-index: 8675309; display: none; cursor: pointer;\">Save<\/span><\/p>\n\n\n\n<p><span style=\"border-radius: 2px; text-indent: 20px; width: auto; padding: 0px 4px 0px 0px; text-align: center; font: bold 11px\/20px 'Helvetica Neue',Helvetica,sans-serif; color: #ffffff; background: #bd081c no-repeat scroll 3px 50% \/ 14px 14px; position: absolute; opacity: 1; z-index: 8675309; display: none; cursor: pointer;\">Save<\/span><\/p>\n\n\n\n<p><span style=\"border-radius: 2px; text-indent: 20px; width: auto; padding: 0px 4px 0px 0px; text-align: center; font: bold 11px\/20px 'Helvetica Neue',Helvetica,sans-serif; color: #ffffff; background: #bd081c no-repeat scroll 3px 50% \/ 14px 14px; position: absolute; opacity: 1; z-index: 8675309; display: none; cursor: pointer;\">Save<\/span><\/p>\n\n\n\n<p><span style=\"border-radius: 2px; text-indent: 20px; width: auto; padding: 0px 4px 0px 0px; text-align: center; font: bold 11px\/20px 'Helvetica Neue',Helvetica,sans-serif; color: #ffffff; background: #bd081c no-repeat scroll 3px 50% \/ 14px 14px; position: absolute; opacity: 1; z-index: 8675309; display: none; cursor: pointer;\">Save<\/span><\/p>\n","protected":false},"excerpt":{"rendered":"<p>A.- CONVOCAT\u00d2RIA ADDICIONAL A.1.- Cursar tres vegades&nbsp; A1 (Primer) o&nbsp; B2.1 (Quart) El nombre de convocat\u00f2ries possibles per nivell \u00e9s el doble dels cursos que s\u2019hi imparteixen&nbsp; (\u00e9s a dir: 4 pel B\u00e0sic i Intermedi B2 i 2 per&nbsp; l\u2019Intermedi B1 i C1), per\u00f2 en cap cas es pot fer un curs m\u00e9s de TRES [&hellip;]<\/p>\n","protected":false},"author":3,"featured_media":0,"parent":9151,"menu_order":15,"comment_status":"closed","ping_status":"closed","template":"","meta":{"_bbp_topic_count":0,"_bbp_reply_count":0,"_bbp_total_topic_count":0,"_bbp_total_reply_count":0,"_bbp_voice_count":0,"_bbp_anonymous_reply_count":0,"_bbp_topic_count_hidden":0,"_bbp_reply_count_hidden":0,"_bbp_forum_subforum_count":0,"site-sidebar-layout":"default","site-content-layout":"","ast-site-content-layout":"default","site-content-style":"default","site-sidebar-style":"default","ast-global-header-display":"","ast-banner-title-visibility":"","ast-main-header-display":"","ast-hfb-above-header-display":"","ast-hfb-below-header-display":"","ast-hfb-mobile-header-display":"","site-post-title":"","ast-breadcrumbs-content":"","ast-featured-img":"","footer-sml-layout":"","theme-transparent-header-meta":"","adv-header-id-meta":"","stick-header-meta":"","header-above-stick-meta":"","header-main-stick-meta":"","header-below-stick-meta":"","astra-migrate-meta-layouts":"set","ast-page-background-enabled":"default","ast-page-background-meta":{"desktop":{"background-color":"var(--ast-global-color-4)","background-image":"","background-repeat":"repeat","background-position":"center center","background-size":"auto","background-attachment":"scroll","background-type":"","background-media":"","overlay-type":"","overlay-color":"","overlay-opacity":"","overlay-gradient":""},"tablet":{"background-color":"","background-image":"","background-repeat":"repeat","background-position":"center center","background-size":"auto","background-attachment":"scroll","background-type":"","background-media":"","overlay-type":"","overlay-color":"","overlay-opacity":"","overlay-gradient":""},"mobile":{"background-color":"","background-image":"","background-repeat":"repeat","background-position":"center center","background-size":"auto","background-attachment":"scroll","background-type":"","background-media":"","overlay-type":"","overlay-color":"","overlay-opacity":"","overlay-gradient":""}},"ast-content-background-meta":{"desktop":{"background-color":"var(--ast-global-color-5)","background-image":"","background-repeat":"repeat","background-position":"center center","background-size":"auto","background-attachment":"scroll","background-type":"","background-media":"","overlay-type":"","overlay-color":"","overlay-opacity":"","overlay-gradient":""},"tablet":{"background-color":"var(--ast-global-color-5)","background-image":"","background-repeat":"repeat","background-position":"center center","background-size":"auto","background-attachment":"scroll","background-type":"","background-media":"","overlay-type":"","overlay-color":"","overlay-opacity":"","overlay-gradient":""},"mobile":{"background-color":"var(--ast-global-color-5)","background-image":"","background-repeat":"repeat","background-position":"center center","background-size":"auto","background-attachment":"scroll","background-type":"","background-media":"","overlay-type":"","overlay-color":"","overlay-opacity":"","overlay-gradient":""}},"footnotes":""},"class_list":["post-9186","page","type-page","status-publish","hentry"],"post_mailing_queue_ids":[],"_links":{"self":[{"href":"https:\/\/agora-eoi.xtec.cat\/eoitarragona\/wp-json\/wp\/v2\/pages\/9186","targetHints":{"allow":["GET"]}}],"collection":[{"href":"https:\/\/agora-eoi.xtec.cat\/eoitarragona\/wp-json\/wp\/v2\/pages"}],"about":[{"href":"https:\/\/agora-eoi.xtec.cat\/eoitarragona\/wp-json\/wp\/v2\/types\/page"}],"author":[{"embeddable":true,"href":"https:\/\/agora-eoi.xtec.cat\/eoitarragona\/wp-json\/wp\/v2\/users\/3"}],"replies":[{"embeddable":true,"href":"https:\/\/agora-eoi.xtec.cat\/eoitarragona\/wp-json\/wp\/v2\/comments?post=9186"}],"version-history":[{"count":6,"href":"https:\/\/agora-eoi.xtec.cat\/eoitarragona\/wp-json\/wp\/v2\/pages\/9186\/revisions"}],"predecessor-version":[{"id":17460,"href":"https:\/\/agora-eoi.xtec.cat\/eoitarragona\/wp-json\/wp\/v2\/pages\/9186\/revisions\/17460"}],"up":[{"embeddable":true,"href":"https:\/\/agora-eoi.xtec.cat\/eoitarragona\/wp-json\/wp\/v2\/pages\/9151"}],"wp:attachment":[{"href":"https:\/\/agora-eoi.xtec.cat\/eoitarragona\/wp-json\/wp\/v2\/media?parent=9186"}],"curies":[{"name":"wp","href":"https:\/\/api.w.org\/{rel}","templated":true}]}}