{"id":9178,"date":"2025-06-06T13:00:06","date_gmt":"2025-06-06T11:00:06","guid":{"rendered":"http:\/\/agora-eoi.xtec.cat\/eoitarragona\/?page_id=9178"},"modified":"2025-07-14T12:50:09","modified_gmt":"2025-07-14T10:50:09","slug":"taxes","status":"publish","type":"page","link":"https:\/\/agora-eoi.xtec.cat\/eoitarragona\/secretaria\/taxes\/","title":{"rendered":"Taxes i Preus p\u00fablics"},"content":{"rendered":"\n<p><span style=\"font-size: 14pt;\"><strong>Curs 2025-2026<\/strong><\/span><\/p>\n\n\n\n<p>Hi ha dos tipus diferents d&#8217;imports:<\/p>\n\n\n\n<ol class=\"wp-block-list\">\n<li>\n<ol class=\"wp-block-list\">\n<li><span style=\"color: #008080; font-size: 12pt;\">Les <strong>Taxes<\/strong> corresponen als estudis de Nivell Intermedi 1 (B1) i Intermedi 2 (B2.1 i B2.2)<\/span><\/li>\n\n\n\n<li><span style=\"color: #008080; font-size: 12pt;\">Els <strong>Preus p\u00fablics<\/strong> corresponen als estudis de Nivell B\u00e0sic (A1 i A2) , Avan\u00e7at C1 i Avan\u00e7at C2.<\/span><\/li>\n<\/ol>\n<\/li>\n<\/ol>\n\n\n\n<p>\u00a0<a href=\"https:\/\/educacio.gencat.cat\/ca\/departament\/normativa\/taxes-preus-publics\/\" target=\"_blank\" rel=\"noopener\"><span style=\"font-size: 12pt; font-family: inherit;\">Taxes i preus p\u00fablics al web del Departament d&#8217;Educaci\u00f3<\/span><\/a><\/p>\n\n\n\n<p><span style=\"font-size: 12pt;\"><a href=\"http:\/\/educacio.gencat.cat\/ca\/departament\/normativa\/taxes-preus-publics\/exempcions-bonificacions\/\" target=\"_blank\" rel=\"noopener noreferrer\"><img loading=\"lazy\" decoding=\"async\" class=\"wp-image-14968 alignnone\" src=\"https:\/\/agora-eoi.xtec.cat\/eoitarragona\/wp-content\/uploads\/usu2261\/2022\/07\/clic.png\" alt=\"\" width=\"23\" height=\"25\"> Exempcions<\/a> generals per a taxes i preu p\u00fablics<\/span><\/p>\n\n\n\n<p><span style=\"font-size: 12pt;\"><a href=\"https:\/\/drive.google.com\/file\/d\/1tD1k4gOxJcgztGTgvre5lggYpGJs7kYm\/view?usp=sharing\" target=\"_blank\" rel=\"noopener noreferrer\"><img loading=\"lazy\" decoding=\"async\" class=\"wp-image-14968 alignnone\" src=\"https:\/\/agora-eoi.xtec.cat\/eoitarragona\/wp-content\/uploads\/usu2261\/2022\/07\/clic.png\" alt=\"\" width=\"23\" height=\"25\"> Altres Bonificacions<\/a> en preus p\u00fablics<\/span><\/p>\n\n\n\n<p><img loading=\"lazy\" decoding=\"async\" class=\"wp-image-14968 alignnone\" src=\"https:\/\/agora-eoi.xtec.cat\/eoitarragona\/wp-content\/uploads\/usu2261\/2022\/07\/clic.png\" alt=\"\" width=\"23\" height=\"25\"> <a href=\"https:\/\/xtec.gencat.cat\/ca\/formacio\/formaciogeneralprofessorat\/llengues\/programa-pia\/\" target=\"_blank\" rel=\"noopener\">Reserva de places per a Professors<\/a>.<\/p>\n\n\n\n<h5 class=\"wp-block-heading\"><strong><span style=\"font-size: 14pt;\"><figure><img loading=\"lazy\" decoding=\"async\" class=\"wp-image-14968 alignnone\" src=\"https:\/\/agora-eoi.xtec.cat\/eoitarragona\/wp-content\/uploads\/usu2261\/2022\/07\/clic.png\" alt=\"\" width=\"23\" height=\"25\"><\/figure>TAXES: <a href=\"http:\/\/educacio.gencat.cat\/ca\/departament\/normativa\/taxes-preus-publics\/taxes\/\" target=\"_blank\" rel=\"noopener noreferrer\">P\u00e0gina Gencat<\/a><\/span><\/strong><\/h5>\n\n\n\n<figure class=\"wp-block-table\"><table class=\"has-fixed-layout\"><tbody><tr><td>&nbsp;<\/td><td><strong>Primera vegada<\/strong><\/td><td><strong>Primera repetici\u00f3<\/strong><\/td><td><strong>Segona Repetici\u00f3<\/strong><\/td><\/tr><tr><td><strong>Matr\u00edcula Ordin\u00e0ria<\/strong><\/td><td><strong>297,60\u20ac+30*\u20ac<\/strong><\/td><td><strong>386,90<\/strong><strong>\u20ac+39*\u20ac<\/strong><\/td><td><strong>535,70<\/strong><strong>\u20ac + 54*\u20ac<\/strong><\/td><\/tr><tr><td><strong>Fam\u00edlia Nombrosa (Cat. General) i Monoparental (Cat. Gral i especial)<\/strong><\/td><td><strong>148,80\u20ac<\/strong>+<strong>15*\u20ac<\/strong><\/td><td><strong>193,45<\/strong><strong>\u20ac<\/strong>+<strong>19,50*\u20ac<\/strong><\/td><td><strong>267,85<\/strong><strong>\u20ac + 27*\u20ac<\/strong><\/td><\/tr><tr><td colspan=\"4\"><span style=\"font-size: 12pt;\"><a href=\"http:\/\/ensenyament.gencat.cat\/ca\/departament\/normativa\/taxes-preus-publics\/taxes\/\"><strong>Exempcions 0,00\u20ac<\/strong><\/a><\/span><br><p><img loading=\"lazy\" decoding=\"async\" width=\"23\" height=\"25\" class=\"wp-image-14968 alignnone\" src=\"https:\/\/agora-eoi.xtec.cat\/eoitarragona\/wp-content\/uploads\/usu2261\/2022\/07\/clic.png\" alt=\"\">Consulteu aqu\u00ed les <a href=\"https:\/\/educacio.gencat.cat\/ca\/departament\/normativa\/taxes-preus-publics\/taxes\/\" target=\"_blank\" rel=\"noopener\"><span style=\"text-decoration: underline;\"><strong>Exempcions generals i addicionals<\/strong><\/span><\/a><\/p><p><span style=\"font-size: 12pt;\"><em>*<a href=\"http:\/\/educacio.gencat.cat\/ca\/departament\/normativa\/taxes-preus-publics\/preu-public\/\" target=\"_blank\" rel=\"noopener\">Preu p\u00fablic obligatori<\/a><a class=\"collapsed\" data-toggle=\"collapse\" data-parent=\"#acordio_distribuidora\" href=\"http:\/\/ensenyament.gencat.cat\/ca\/departament\/normativa\/taxes-preus-publics\/taxes\/#bloc2\">:<\/a>\u00a0El preu pels serveis d&#8217;acc\u00e9s a la plataforma i materials did\u00e0ctics dels ensenyaments d&#8217;idiomes.<\/em><\/span><\/p><\/td><\/tr><\/tbody><\/table><\/figure>\n\n\n\n<!--more-->\n\n\n\n<h3 class=\"wp-block-heading\"><span style=\"color: #ffffff;\"> &nbsp;&nbsp;&nbsp; <\/span><\/h3>\n\n\n\n<h5 class=\"wp-block-heading\"><strong><span style=\"font-size: 14pt;\"><figure><img loading=\"lazy\" decoding=\"async\" class=\"wp-image-14968 alignnone\" src=\"https:\/\/agora-eoi.xtec.cat\/eoitarragona\/wp-content\/uploads\/usu2261\/2022\/07\/clic.png\" alt=\"\" width=\"23\" height=\"25\"><\/figure>PREUS P\u00daBLICS: <a href=\"http:\/\/educacio.gencat.cat\/ca\/departament\/normativa\/taxes-preus-publics\/preu-public\/\" target=\"_blank\" rel=\"noopener noreferrer\">P\u00e0gina Gencat (<\/a><a class=\"collapsed\" href=\"http:\/\/ensenyament.gencat.cat\/ca\/departament\/normativa\/taxes-preus-publics\/preu-public\/#bloc8\" data-toggle=\"collapse\" data-parent=\"#acordio_distribuidora\"><em>Ensenyaments d&#8217;idiomes)<\/em><\/a><\/span><\/strong><\/h5>\n\n\n\n<figure class=\"wp-block-table\"><table class=\"has-fixed-layout\"><tbody><tr><td>&nbsp;<\/td><td><strong>Primera vegada<\/strong><\/td><td><strong>Primera repetici\u00f3<\/strong><\/td><td><strong>Segona Repetici\u00f3<\/strong><\/td><\/tr><tr><td><strong>Matr\u00edcula Ordin\u00e0ria<\/strong><\/td><td><strong>275,00\u20ac+30*\u20ac<\/strong><\/td><td><strong>357,50\u20ac+3<\/strong><strong>9*\u20ac<\/strong><\/td><td><strong>495,00\u20ac + 54*\u20ac<\/strong><\/td><\/tr><tr><td><strong>Fam\u00edlia Nombrosa (Cat. General) i Monoparental (Cat. Gral i especial)<\/strong><\/td><td><strong>137,05\u20ac<\/strong>+<strong>15*\u20ac<\/strong><\/td><td><strong>178,75\u20ac<\/strong>+<strong>19,5*\u20ac<\/strong><\/td><td><strong>247,50\u20ac + 27*\u20ac<\/strong><\/td><\/tr><tr><td colspan=\"4\"><a href=\"http:\/\/ensenyament.gencat.cat\/ca\/departament\/normativa\/taxes-preus-publics\/preu-public\/\"><strong><span style=\"font-size: 12pt;\">Exempcions: 0,00\u20ac+ <\/span><\/strong><\/a><strong><a href=\"http:\/\/ensenyament.gencat.cat\/ca\/departament\/normativa\/taxes-preus-publics\/preu-public\/\">0,00\u20ac<\/a>*<\/strong><br><p><span style=\"font-size: 14pt;\"><img loading=\"lazy\" decoding=\"async\" width=\"23\" height=\"25\" class=\"wp-image-14968 alignnone\" src=\"https:\/\/agora-eoi.xtec.cat\/eoitarragona\/wp-content\/uploads\/usu2261\/2022\/07\/clic.png\" alt=\"\">Consulteu aqu\u00ed les <a href=\"https:\/\/drive.google.com\/file\/d\/1tD1k4gOxJcgztGTgvre5lggYpGJs7kYm\/view?usp=sharing\" target=\"_blank\" rel=\"noopener noreferrer\"><span style=\"text-decoration: underline;\"><strong>altres bonificacions<\/strong><\/span><\/a><\/span><\/p><p><span style=\"font-size: 12pt;\">*<a href=\"http:\/\/educacio.gencat.cat\/ca\/departament\/normativa\/taxes-preus-publics\/preu-public\/\" target=\"_blank\" rel=\"noopener\">Preu p\u00fablic obligatori<\/a>: El preu pels serveis d&#8217;acc\u00e9s a la plataforma i materials did\u00e0ctics dels ensenyaments d&#8217;idiomes.<\/span><\/p><p>\u00a0<strong style=\"font-size: revert; font-family: inherit; background-color: rgba(0, 0, 0, 0);\"><span style=\"font-size: 12pt;\">Marc Legal:<\/span><\/strong><\/p><p><a title=\"Aquest enlla\u00e7 porta a un altre lloc web: ORDRE EDU\/114\/2021, de 25 de maig,\" href=\"https:\/\/dogc.gencat.cat\/ca\/document-del-dogc\/?documentId=902034\"><img loading=\"lazy\" decoding=\"async\" width=\"23\" height=\"25\" class=\"wp-image-14968 alignnone\" src=\"https:\/\/agora-eoi.xtec.cat\/eoitarragona\/wp-content\/uploads\/usu2261\/2022\/07\/clic.png\" alt=\"\">ORDRE EDU\/114\/2021, de 25 de maig,<\/a><\/p><p><a title=\"Aquest enlla\u00e7 s'obre en una nova pestanya: Ordre EDU\/155\/2020, de 18 de setembre,\" href=\"https:\/\/dogc.gencat.cat\/ca\/pdogc_canals_interns\/pdogc_resultats_fitxa\/?action=fitxa&amp;documentId=882082&amp;language=ca_ES\" target=\"_blank\" rel=\"noopener noreferrer\"><img loading=\"lazy\" decoding=\"async\" width=\"23\" height=\"25\" class=\"wp-image-14968 alignnone\" src=\"https:\/\/agora-eoi.xtec.cat\/eoitarragona\/wp-content\/uploads\/usu2261\/2022\/07\/clic.png\" alt=\"\">Ordre EDU\/155\/2020, de 18 de setembre,<\/a><\/p><p><a title=\"Aquest enlla\u00e7 s'obre en una nova pestanya: Ordre ENS\/10\/2015, de 12 de gener,\" href=\"https:\/\/portaljuridic.gencat.cat\/ca\/document-del-pjur\/?documentId=683205&amp;traceability=01&amp;language=ca\" target=\"_blank\" rel=\"noopener noreferrer\"><img loading=\"lazy\" decoding=\"async\" width=\"23\" height=\"25\" class=\"wp-image-14968 alignnone\" src=\"https:\/\/agora-eoi.xtec.cat\/eoitarragona\/wp-content\/uploads\/usu2261\/2022\/07\/clic.png\" alt=\"\">Ordre ENS\/10\/2015, de 12 de gener,<\/a><\/p><\/td><\/tr><\/tbody><\/table><\/figure>\n\n\n\n<p><span style=\"font-size: 10pt;\"><strong>*En qualsevol cas de reducci\u00f3 de la taxa de matr\u00edcula s&#8217;haur\u00e0 d&#8217;aportar la justificaci\u00f3 corresponent de les Exempcions<\/strong><\/span><\/p>\n\n\n\n<ul class=\"wp-block-list\">\n<li><span style=\"font-size: 10pt;\">t\u00edtol de fam\u00edlia nombrosa o el t\u00edtol de fam\u00edlia monoparental<\/span><\/li>\n\n\n\n<li><span style=\"font-size: 10pt;\">certificat de discapacitat o la targeta acreditativa de la discapacitat<\/span><\/li>\n\n\n\n<li><span style=\"font-size: 10pt;\">persones v\u00edctimes d&#8217;actes terroristes: resoluci\u00f3 del Ministeri de l&#8217;Interior<\/span><\/li>\n\n\n\n<li><span style=\"font-size: 10pt;\">persones privades de llibertat: certificat de l&#8217;Administraci\u00f3 de Just\u00edcia<\/span><\/li>\n\n\n\n<li><span style=\"font-size: 10pt;\">persones membres d\u2019unitats familiars que percebin la renda m\u00ednima d\u2019inserci\u00f3 o la renda activa d\u2019inserci\u00f3: certificat de l&#8217;administraci\u00f3 corresponent.<\/span><\/li>\n\n\n\n<li><span style=\"font-size: 10pt;\">persones v\u00edctimes de viol\u00e8ncia de g\u00e8nere:ordre de protecci\u00f3 judicial, Informe del Ministeri Fiscal que indiqui l&#8217;exist\u00e8ncia d&#8217;indicis de qu\u00e8 est\u00e0 essent objecte de viol\u00e8ncia, Sent\u00e8ncia condemnat\u00f2ria de la persona agressora o b\u00e9 Certificat del Dept. de Benestar i Fam\u00edlia, Ajuntament o centre d&#8217;acollida indicant la seva situaci\u00f3.<\/span><\/li>\n<\/ul>\n\n\n\n<h5 class=\"wp-block-heading\"><span style=\"font-size: 10pt;\">&nbsp;<\/span><\/h5>\n\n\n\n<h5 class=\"wp-block-heading\"><span style=\"font-size: 10pt;\"><strong>RESERVA PER A PROFESSORS<br><\/strong><\/span><\/h5>\n\n\n\n<p><a href=\"http:\/\/xtec.gencat.cat\/ca\/formacio\/formaciogeneralprofessorat\/llengues\/programa-pia\/\" target=\"_blank\" rel=\"noopener noreferrer\">Veure tota la informaci\u00f3 a la GENCAT<\/a><\/p>\n\n\n\n<hr class=\"wp-block-separator has-alpha-channel-opacity\"\/>\n\n\n\n<p><span style=\"font-size: 12pt;\"><strong>Sol\u00b7licitud de retorn de taxes i preus p\u00fablics (per actualitzar)<br><\/strong><\/span><\/p>\n\n\n\n<p><span style=\"font-size: 10pt;\">Ren\u00fancia amb dret a devoluci\u00f3 de taxes per la matr\u00edcula de cursos extensius i de cursos intensius i flexibilitzats del primer quadrimestre fins al XXXX d&#8217;octubre<\/span><\/p>\n\n\n\n<p><span style=\"font-size: 10pt;\">Fins al XXX&nbsp; de febrer<\/span><span style=\"font-size: 10pt;\">&nbsp;per als cursos intensius i flexibilitzats del segon quadrimestre.<\/span><\/p>\n\n\n\n<p><span style=\"font-size: 10pt;\">**La ren\u00fancia a la matr\u00edcula oficial amb devoluci\u00f3 de taxa suposa l&#8217;anul\u00b7laci\u00f3 de la <\/span><span style=\"font-size: 10pt;\">matr\u00edcula a tots els efectes i l&#8217;exclusi\u00f3 de la matr\u00edcula de l&#8217;expedient acad\u00e8mic de <\/span><span style=\"font-size: 10pt;\">l&#8217;alumne i, per tant, la ren\u00fancia a la pla\u00e7a per part de l&#8217;alumne.<\/span><\/p>\n\n\n\n<p><span style=\"color: #008080; font-size: 10pt;\"><a style=\"color: #008080;\" href=\"http:\/\/dogc.gencat.cat\/ca\/pdogc_canals_interns\/pdogc_resultats_fitxa\/?action=fitxa&amp;mode=single&amp;documentId=781993&amp;language=ca_ES\">Llei 5\/2017, del 28 de mar\u00e7,<\/a><\/span><\/p>\n\n\n\n<p><span style=\"font-size: 10pt;\"><a title=\"Aquest enlla\u00e7 s'obre en una nova pestanya: Ordre ENS\/230\/2017, de 9 d'octubre,\" href=\"https:\/\/dogc.gencat.cat\/ca\/pdogc_canals_interns\/pdogc_resultats_fitxa\/?action=fitxa&amp;mode=single&amp;documentId=799264&amp;language=ca_ES\" target=\"_blank\" rel=\"noopener noreferrer\">Ordre ENS\/230\/2017, de 9 d&#8217;octubre,<\/a><\/span><span style=\"font-size: 8pt; font-family: inherit;\"><span style=\"font-size: 10pt;\">p<\/span>er la qual es creen els preus p\u00fablics per al servei dels cursos especials no presencials en la modalitat online de les escoles oficials d&#8217;idiomes i se suprimeix el preu p\u00fablic establert a l&#8217;Ordre EDU\/387\/2007, de 19 d&#8217;octubre, per la prestaci\u00f3 del servei d&#8217;estudis de core\u00e0 a les escoles oficials d&#8217;idiomes dependents del Departament d&#8217;Educaci\u00f3 (DOGC n\u00fam. 7473, de 13.10.2017)<\/span><\/p>\n\n\n\n<p><span style=\"color: #008080; font-size: 10pt;\"><a style=\"color: #008080;\" href=\"http:\/\/portaldogc.gencat.cat\/utilsEADOP\/PDF\/5161\/917839.pdf\">Decret Legislatiu 3\/2008, de 25 de juny, &nbsp;&nbsp;&nbsp;&nbsp;&nbsp;&nbsp;&nbsp;&nbsp;&nbsp;&nbsp;&nbsp;&nbsp;&nbsp; <\/a><\/span><\/p>\n\n\n\n<p><a href=\"https:\/\/educacio.gencat.cat\/ca\/departament\/normativa\/taxes-preus-publics\/\"><span style=\"color: #008080; font-size: 10pt;\">http:\/\/ensenyament.gencat.cat\/ca\/departament\/normativa\/taxes-preus-publics\/taxes\/#bloc3<\/span><\/a><\/p>\n\n\n\n<p><span style=\"border-radius: 2px; text-indent: 20px; width: auto; padding: 0px 4px 0px 0px; text-align: center; font: bold 11px\/20px 'Helvetica Neue',Helvetica,sans-serif; color: #ffffff; background: #bd081c no-repeat scroll 3px 50% \/ 14px 14px; position: absolute; opacity: 1; z-index: 8675309; display: none; cursor: pointer;\">Save<\/span><\/p>\n\n\n\n<p><span style=\"border-radius: 2px; text-indent: 20px; width: auto; padding: 0px 4px 0px 0px; text-align: center; font: bold 11px\/20px 'Helvetica Neue',Helvetica,sans-serif; color: #ffffff; background: #bd081c no-repeat scroll 3px 50% \/ 14px 14px; position: absolute; opacity: 1; z-index: 8675309; display: none; cursor: pointer;\">Save<\/span><\/p>\n","protected":false},"excerpt":{"rendered":"<p>Curs 2025-2026 Hi ha dos tipus diferents d&#8217;imports: \u00a0Taxes i preus p\u00fablics al web del Departament d&#8217;Educaci\u00f3 Exempcions generals per a taxes i preu p\u00fablics Altres Bonificacions en preus p\u00fablics Reserva de places per a Professors. TAXES: P\u00e0gina Gencat &nbsp; Primera vegada Primera repetici\u00f3 Segona Repetici\u00f3 Matr\u00edcula Ordin\u00e0ria 297,60\u20ac+30*\u20ac 386,90\u20ac+39*\u20ac 535,70\u20ac + 54*\u20ac Fam\u00edlia Nombrosa [&hellip;]<\/p>\n","protected":false},"author":3,"featured_media":0,"parent":8358,"menu_order":30,"comment_status":"closed","ping_status":"closed","template":"","meta":{"_bbp_topic_count":0,"_bbp_reply_count":0,"_bbp_total_topic_count":0,"_bbp_total_reply_count":0,"_bbp_voice_count":0,"_bbp_anonymous_reply_count":0,"_bbp_topic_count_hidden":0,"_bbp_reply_count_hidden":0,"_bbp_forum_subforum_count":0,"site-sidebar-layout":"default","site-content-layout":"","ast-site-content-layout":"default","site-content-style":"default","site-sidebar-style":"default","ast-global-header-display":"","ast-banner-title-visibility":"","ast-main-header-display":"","ast-hfb-above-header-display":"","ast-hfb-below-header-display":"","ast-hfb-mobile-header-display":"","site-post-title":"","ast-breadcrumbs-content":"","ast-featured-img":"","footer-sml-layout":"","theme-transparent-header-meta":"","adv-header-id-meta":"","stick-header-meta":"","header-above-stick-meta":"","header-main-stick-meta":"","header-below-stick-meta":"","astra-migrate-meta-layouts":"set","ast-page-background-enabled":"default","ast-page-background-meta":{"desktop":{"background-color":"var(--ast-global-color-4)","background-image":"","background-repeat":"repeat","background-position":"center center","background-size":"auto","background-attachment":"scroll","background-type":"","background-media":"","overlay-type":"","overlay-color":"","overlay-opacity":"","overlay-gradient":""},"tablet":{"background-color":"","background-image":"","background-repeat":"repeat","background-position":"center center","background-size":"auto","background-attachment":"scroll","background-type":"","background-media":"","overlay-type":"","overlay-color":"","overlay-opacity":"","overlay-gradient":""},"mobile":{"background-color":"","background-image":"","background-repeat":"repeat","background-position":"center center","background-size":"auto","background-attachment":"scroll","background-type":"","background-media":"","overlay-type":"","overlay-color":"","overlay-opacity":"","overlay-gradient":""}},"ast-content-background-meta":{"desktop":{"background-color":"var(--ast-global-color-5)","background-image":"","background-repeat":"repeat","background-position":"center center","background-size":"auto","background-attachment":"scroll","background-type":"","background-media":"","overlay-type":"","overlay-color":"","overlay-opacity":"","overlay-gradient":""},"tablet":{"background-color":"var(--ast-global-color-5)","background-image":"","background-repeat":"repeat","background-position":"center center","background-size":"auto","background-attachment":"scroll","background-type":"","background-media":"","overlay-type":"","overlay-color":"","overlay-opacity":"","overlay-gradient":""},"mobile":{"background-color":"var(--ast-global-color-5)","background-image":"","background-repeat":"repeat","background-position":"center center","background-size":"auto","background-attachment":"scroll","background-type":"","background-media":"","overlay-type":"","overlay-color":"","overlay-opacity":"","overlay-gradient":""}},"footnotes":""},"class_list":["post-9178","page","type-page","status-publish","hentry"],"post_mailing_queue_ids":[],"_links":{"self":[{"href":"https:\/\/agora-eoi.xtec.cat\/eoitarragona\/wp-json\/wp\/v2\/pages\/9178","targetHints":{"allow":["GET"]}}],"collection":[{"href":"https:\/\/agora-eoi.xtec.cat\/eoitarragona\/wp-json\/wp\/v2\/pages"}],"about":[{"href":"https:\/\/agora-eoi.xtec.cat\/eoitarragona\/wp-json\/wp\/v2\/types\/page"}],"author":[{"embeddable":true,"href":"https:\/\/agora-eoi.xtec.cat\/eoitarragona\/wp-json\/wp\/v2\/users\/3"}],"replies":[{"embeddable":true,"href":"https:\/\/agora-eoi.xtec.cat\/eoitarragona\/wp-json\/wp\/v2\/comments?post=9178"}],"version-history":[{"count":5,"href":"https:\/\/agora-eoi.xtec.cat\/eoitarragona\/wp-json\/wp\/v2\/pages\/9178\/revisions"}],"predecessor-version":[{"id":17464,"href":"https:\/\/agora-eoi.xtec.cat\/eoitarragona\/wp-json\/wp\/v2\/pages\/9178\/revisions\/17464"}],"up":[{"embeddable":true,"href":"https:\/\/agora-eoi.xtec.cat\/eoitarragona\/wp-json\/wp\/v2\/pages\/8358"}],"wp:attachment":[{"href":"https:\/\/agora-eoi.xtec.cat\/eoitarragona\/wp-json\/wp\/v2\/media?parent=9178"}],"curies":[{"name":"wp","href":"https:\/\/api.w.org\/{rel}","templated":true}]}}