{"id":9065,"date":"2025-03-03T12:30:01","date_gmt":"2025-03-03T11:30:01","guid":{"rendered":"http:\/\/agora-eoi.xtec.cat\/eoitarragona\/?page_id=9065"},"modified":"2026-02-09T16:45:42","modified_gmt":"2026-02-09T15:45:42","slug":"ofertes-feina","status":"publish","type":"page","link":"https:\/\/agora-eoi.xtec.cat\/eoitarragona\/serveis\/ofertes-feina\/","title":{"rendered":"Ofertes de feina amb cert domini d&#8217;idiomes"},"content":{"rendered":"\n<figure class=\"wp-block-image alignleft is-resized\"><a href=\"http:\/\/agora-eoi.xtec.cat\/eoitarragona\/wp-content\/uploads\/usu2261\/2016\/09\/feina.jpg\"><img decoding=\"async\" src=\"http:\/\/agora-eoi.xtec.cat\/eoitarragona\/wp-content\/uploads\/usu2261\/2016\/09\/feina.jpg\" alt=\"feina\" class=\"wp-image-9067\" style=\"width:150px;height:auto\"\/><\/a><\/figure>\n\n\n\n<p><strong>Aqu\u00ed trobareu ofertes de feines en qu\u00e8 s&#8217;exigeix un cert grau de domini d&#8217;un idioma estranger. <\/strong><em>(L&#8217;EOI de Tarragona no respon pels anuncis d&#8217;aquesta secci\u00f3, es limita nom\u00e9s a fer-ne difusi\u00f3)<\/em><\/p>\n\n\n\n<p>&nbsp;<\/p>\n\n\n\n<figure class=\"wp-block-image alignleft\"><a href=\"http:\/\/agora-eoi.xtec.cat\/eoitarragona\/wp-content\/uploads\/usu2261\/2016\/09\/novetat.jpg\"><img loading=\"lazy\" decoding=\"async\" width=\"120\" height=\"120\" src=\"http:\/\/agora-eoi.xtec.cat\/eoitarragona\/wp-content\/uploads\/usu2261\/2016\/09\/novetat.jpg\" alt=\"novetat\" class=\"wp-image-9069\"\/><\/a><\/figure>\n\n\n\n<p>&nbsp;<\/p>\n\n\n\n<p>&nbsp;<\/p>\n\n\n\n<p class=\"has-text-align-left\"><\/p>\n\n\n\n<p>09\/02\/2026<\/p>\n\n\n\n<p><strong>Masergrup<\/strong> es un grupo empresarial internacional con presencia en distintos sectores, entre ellos el alimentario, especializado en el desarrollo, producci\u00f3n y distribuci\u00f3n de productos de alimentaci\u00f3n infantil y nutrici\u00f3n de alta calidad. El grupo destaca por su enfoque en la innovaci\u00f3n, la seguridad y el cumplimiento normativo en mercados internacionales.<\/p>\n\n\n\n<p><br><strong>Holle Baby Food<\/strong>, perteneciente al holding <strong>Masergrup<\/strong>, es una empresa l\u00edder en el sector alimentario infantil, especializada en el desarrollo, producci\u00f3n y envasado de alimentos y bebidas. Con sede en Suiza, nos dedicamos a ofrecer soluciones innovadoras y de alta calidad para el mercado infantil.<\/p>\n\n\n\n<p>Actualmente estamos en b\u00fasqueda de un <strong>REGULATORY AFFAIRS SPECIALIST<\/strong> que pueda asegurar el cumplimiento de la normativa suiza aplicable a productos de alimentaci\u00f3n infantil, dando soporte regulatorio al desarrollo, comercializaci\u00f3n y distribuci\u00f3n de nuestros productos en el mercado internacional.<\/p>\n\n\n\n<p><br><strong>\u00bfCU\u00c1LES SER\u00c1N TUS FUNCIONES?<\/strong><\/p>\n\n\n\n<ul class=\"wp-block-list\">\n<li>Asegurar el <strong>cumplimiento de la normativa Suiza, europea y EEUU<\/strong> aplicable al etiquetado de productos de alimentaci\u00f3n infantil.<\/li>\n\n\n\n<li>Revisar, validar y mantener la <strong>informaci\u00f3n legal de las etiquetas<\/strong> (ingredientes, al\u00e9rgenos, informaci\u00f3n nutricional y claims).<\/li>\n\n\n\n<li>Asesorar a los equipos internos sobre <strong>requisitos regulatorios<\/strong> en nuevos desarrollos, reformulaciones o cambios de producto.<\/li>\n\n\n\n<li>Realizar el seguimiento de <strong>cambios legislativos<\/strong> y evaluar su impacto en productos y etiquetado.<\/li>\n\n\n\n<li>Coordinarse con <strong>Calidad, I+D y Marketing<\/strong> para garantizar la correcta aplicaci\u00f3n de los requisitos legales.<\/li>\n\n\n\n<li>Gestionar y mantener la <strong>documentaci\u00f3n regulatoria<\/strong>, asegurando la trazabilidad.<br><\/li>\n\n\n\n<li>Dar soporte en <strong>auditor\u00edas regulatorias<\/strong> y revisiones externas cuando sea necesario.<br><\/li>\n\n\n\n<li>Apoyar en la <strong>evaluaci\u00f3n de riesgos regulatorios y food fraud<\/strong> seg\u00fan las directrices del grupo.<br><\/li>\n<\/ul>\n\n\n\n<p><strong>\u00bfCU\u00c1LES SON LOS REQUISITOS?<\/strong><\/p>\n\n\n\n<ul class=\"wp-block-list\">\n<li>Titulaci\u00f3n en <strong>Ciencia y Tecnolog\u00eda de los Alimentos, Ingenier\u00eda Agroalimentaria, Qu\u00edmica, Biotecnolog\u00eda, Farmacia<\/strong> o similar.<\/li>\n\n\n\n<li>Experiencia m\u00ednima de <strong>1 a\u00f1o en Regulatory Affairs<\/strong>, con foco en <strong>etiquetado alimentario<\/strong>.<\/li>\n\n\n\n<li>Conocimiento de <strong>legislaci\u00f3n alimentaria<\/strong>, preferiblemente en mercados interna cionales y\/o suizo.<\/li>\n\n\n\n<li>Experiencia en <strong>revisi\u00f3n y validaci\u00f3n de etiquetas<\/strong>.<\/li>\n\n\n\n<li><strong>Nivel profesional de alem\u00e1n<\/strong>, tanto escrito como hablado.<\/li>\n<\/ul>\n\n\n\n<p><strong>\u00bfQU\u00c9 TE OFRECEMOS?<\/strong><\/p>\n\n\n\n<ul class=\"wp-block-list\">\n<li>Contrato indefinido.<\/li>\n\n\n\n<li>Plan de carrera personalizado.<\/li>\n\n\n\n<li>Comedor, \u00e1rea de descanso donde podr\u00e1s encontrar leche y fruta fresca, yogurt , caf\u00e9 y snacks.<\/li>\n\n\n\n<li>Bonificaci\u00f3n en la mutua m\u00e9dica privada para trabajadores\/as.<\/li>\n\n\n\n<li>Salario seg\u00fan val\u00eda.<\/li>\n<\/ul>\n\n\n\n<p>Si quieres formar parte de un proyecto internacional con impacto en la alimentaci\u00f3n infantil y contribuir al cumplimiento normativo y la innovaci\u00f3n, \u00a1INSCR\u00cdBETE! <strong><a href=\"mailto:rrhh@masergrup.com\" target=\"_blank\" rel=\"noreferrer noopener\">rrhh@masergrup.com<\/a>\u00a0|\u00a0Tel: (+34) 603 717 464<\/strong><\/p>\n\n\n\n<hr class=\"wp-block-separator has-alpha-channel-opacity\"\/>\n\n\n\n<p><strong>15\/12\/2025<\/strong><\/p>\n\n\n\n<h1 class=\"wp-block-heading\">Speed Job Dating<\/h1>\n\n\n\n<figure class=\"wp-block-image size-large\"><img loading=\"lazy\" decoding=\"async\" width=\"725\" height=\"1024\" src=\"https:\/\/agora-eoi.xtec.cat\/eoitarragona\/wp-content\/uploads\/usu2261\/2025\/12\/Speed-Job-Dating-A4_page-0001-725x1024.jpg\" alt=\"\" class=\"wp-image-18100\" srcset=\"https:\/\/agora-eoi.xtec.cat\/eoitarragona\/wp-content\/uploads\/usu2261\/2025\/12\/Speed-Job-Dating-A4_page-0001-725x1024.jpg 725w, https:\/\/agora-eoi.xtec.cat\/eoitarragona\/wp-content\/uploads\/usu2261\/2025\/12\/Speed-Job-Dating-A4_page-0001-212x300.jpg 212w, https:\/\/agora-eoi.xtec.cat\/eoitarragona\/wp-content\/uploads\/usu2261\/2025\/12\/Speed-Job-Dating-A4_page-0001-106x150.jpg 106w, https:\/\/agora-eoi.xtec.cat\/eoitarragona\/wp-content\/uploads\/usu2261\/2025\/12\/Speed-Job-Dating-A4_page-0001-768x1085.jpg 768w, https:\/\/agora-eoi.xtec.cat\/eoitarragona\/wp-content\/uploads\/usu2261\/2025\/12\/Speed-Job-Dating-A4_page-0001-1087x1536.jpg 1087w, https:\/\/agora-eoi.xtec.cat\/eoitarragona\/wp-content\/uploads\/usu2261\/2025\/12\/Speed-Job-Dating-A4_page-0001.jpg 1241w\" sizes=\"auto, (max-width: 725px) 100vw, 725px\" \/><\/figure>\n\n\n\n<p><img decoding=\"async\" alt=\"\ud83c\udfaf\" src=\"https:\/\/fonts.gstatic.com\/s\/e\/notoemoji\/16.0\/1f3af\/72.png\">&nbsp;<strong>Qu\u00e8 oferim?&nbsp;<\/strong>Una experi\u00e8ncia on tindran l\u2019oportunitat de presentar-se breument i descobrir opcions laborals en un entorn tur\u00edstic de primer nivell.<\/p>\n\n\n\n<p><img decoding=\"async\" alt=\"\ud83d\udccd\" src=\"https:\/\/fonts.gstatic.com\/s\/e\/notoemoji\/16.0\/1f4cd\/72.png\">&nbsp;<strong>On?<\/strong>&nbsp;Cambrils Park Resort.&nbsp;<br><img decoding=\"async\" alt=\"\ud83d\udcc5\" src=\"https:\/\/fonts.gstatic.com\/s\/e\/notoemoji\/16.0\/1f4c5\/72.png\">&nbsp;<strong>Quan?<\/strong>&nbsp;25 i 26 de febrer de 2026.<br><img decoding=\"async\" alt=\"\u23f1\ufe0f\" src=\"https:\/\/fonts.gstatic.com\/s\/e\/notoemoji\/16.0\/23f1_fe0f\/72.png\">&nbsp;<strong>Format:<\/strong>&nbsp;Entrevistes de 7\u201310 minuts<br><img decoding=\"async\" alt=\"\ud83d\udc65\" src=\"https:\/\/fonts.gstatic.com\/s\/e\/notoemoji\/16.0\/1f465\/72.png\">&nbsp;<strong>Departaments:<\/strong>&nbsp;recepci\u00f3, restauraci\u00f3, manteniment, jardineria, animaci\u00f3, supermercats, botigues, neteja i m\u00e9s!<\/p>\n","protected":false},"excerpt":{"rendered":"<p>Aqu\u00ed trobareu ofertes de feines en qu\u00e8 s&#8217;exigeix un cert grau de domini d&#8217;un idioma estranger. (L&#8217;EOI de Tarragona no respon pels anuncis d&#8217;aquesta secci\u00f3, es limita nom\u00e9s a fer-ne difusi\u00f3) &nbsp; &nbsp; &nbsp; 09\/02\/2026 Masergrup es un grupo empresarial internacional con presencia en distintos sectores, entre ellos el alimentario, especializado en el desarrollo, producci\u00f3n [&hellip;]<\/p>\n","protected":false},"author":3,"featured_media":0,"parent":8411,"menu_order":50,"comment_status":"closed","ping_status":"closed","template":"","meta":{"_bbp_topic_count":0,"_bbp_reply_count":0,"_bbp_total_topic_count":0,"_bbp_total_reply_count":0,"_bbp_voice_count":0,"_bbp_anonymous_reply_count":0,"_bbp_topic_count_hidden":0,"_bbp_reply_count_hidden":0,"_bbp_forum_subforum_count":0,"site-sidebar-layout":"default","site-content-layout":"","ast-site-content-layout":"default","site-content-style":"default","site-sidebar-style":"default","ast-global-header-display":"","ast-banner-title-visibility":"","ast-main-header-display":"","ast-hfb-above-header-display":"","ast-hfb-below-header-display":"","ast-hfb-mobile-header-display":"","site-post-title":"","ast-breadcrumbs-content":"","ast-featured-img":"","footer-sml-layout":"","theme-transparent-header-meta":"","adv-header-id-meta":"","stick-header-meta":"","header-above-stick-meta":"","header-main-stick-meta":"","header-below-stick-meta":"","astra-migrate-meta-layouts":"set","ast-page-background-enabled":"default","ast-page-background-meta":{"desktop":{"background-color":"var(--ast-global-color-4)","background-image":"","background-repeat":"repeat","background-position":"center center","background-size":"auto","background-attachment":"scroll","background-type":"","background-media":"","overlay-type":"","overlay-color":"","overlay-opacity":"","overlay-gradient":""},"tablet":{"background-color":"","background-image":"","background-repeat":"repeat","background-position":"center center","background-size":"auto","background-attachment":"scroll","background-type":"","background-media":"","overlay-type":"","overlay-color":"","overlay-opacity":"","overlay-gradient":""},"mobile":{"background-color":"","background-image":"","background-repeat":"repeat","background-position":"center center","background-size":"auto","background-attachment":"scroll","background-type":"","background-media":"","overlay-type":"","overlay-color":"","overlay-opacity":"","overlay-gradient":""}},"ast-content-background-meta":{"desktop":{"background-color":"var(--ast-global-color-5)","background-image":"","background-repeat":"repeat","background-position":"center center","background-size":"auto","background-attachment":"scroll","background-type":"","background-media":"","overlay-type":"","overlay-color":"","overlay-opacity":"","overlay-gradient":""},"tablet":{"background-color":"var(--ast-global-color-5)","background-image":"","background-repeat":"repeat","background-position":"center center","background-size":"auto","background-attachment":"scroll","background-type":"","background-media":"","overlay-type":"","overlay-color":"","overlay-opacity":"","overlay-gradient":""},"mobile":{"background-color":"var(--ast-global-color-5)","background-image":"","background-repeat":"repeat","background-position":"center center","background-size":"auto","background-attachment":"scroll","background-type":"","background-media":"","overlay-type":"","overlay-color":"","overlay-opacity":"","overlay-gradient":""}},"footnotes":""},"class_list":["post-9065","page","type-page","status-publish","hentry"],"post_mailing_queue_ids":[],"_links":{"self":[{"href":"https:\/\/agora-eoi.xtec.cat\/eoitarragona\/wp-json\/wp\/v2\/pages\/9065","targetHints":{"allow":["GET"]}}],"collection":[{"href":"https:\/\/agora-eoi.xtec.cat\/eoitarragona\/wp-json\/wp\/v2\/pages"}],"about":[{"href":"https:\/\/agora-eoi.xtec.cat\/eoitarragona\/wp-json\/wp\/v2\/types\/page"}],"author":[{"embeddable":true,"href":"https:\/\/agora-eoi.xtec.cat\/eoitarragona\/wp-json\/wp\/v2\/users\/3"}],"replies":[{"embeddable":true,"href":"https:\/\/agora-eoi.xtec.cat\/eoitarragona\/wp-json\/wp\/v2\/comments?post=9065"}],"version-history":[{"count":5,"href":"https:\/\/agora-eoi.xtec.cat\/eoitarragona\/wp-json\/wp\/v2\/pages\/9065\/revisions"}],"predecessor-version":[{"id":18261,"href":"https:\/\/agora-eoi.xtec.cat\/eoitarragona\/wp-json\/wp\/v2\/pages\/9065\/revisions\/18261"}],"up":[{"embeddable":true,"href":"https:\/\/agora-eoi.xtec.cat\/eoitarragona\/wp-json\/wp\/v2\/pages\/8411"}],"wp:attachment":[{"href":"https:\/\/agora-eoi.xtec.cat\/eoitarragona\/wp-json\/wp\/v2\/media?parent=9065"}],"curies":[{"name":"wp","href":"https:\/\/api.w.org\/{rel}","templated":true}]}}