{"id":9026,"date":"2017-07-21T09:00:48","date_gmt":"2017-07-21T07:00:48","guid":{"rendered":"http:\/\/agora-eoi.xtec.cat\/eoitarragona\/?page_id=9026"},"modified":"2026-02-04T10:46:49","modified_gmt":"2026-02-04T09:46:49","slug":"sol-licituds-titols-i-certificats","status":"publish","type":"page","link":"https:\/\/agora-eoi.xtec.cat\/eoitarragona\/tramits-administratius\/sol-licituds-titols-i-certificats\/","title":{"rendered":"Sol\u00b7licitud i expedici\u00f3 de t\u00edtols i certificats"},"content":{"rendered":"\n<h3 class=\"wp-block-heading\"><strong>RECOLLIDA DE CERTIFICATS<\/strong>:<\/h3>\n\n\n\n<p>A la secretaria del centre<\/p>\n\n\n\n<h4 class=\"wp-block-heading\"><strong>&nbsp;1.<\/strong> <strong>Certificats nivell b\u00e0sic A2 i intermedi B1: <span style=\"background-color: #ffffff;\">A partir del 4 de juliol.<\/span><br><\/strong><\/h4>\n\n\n\n<ul class=\"wp-block-list\">\n<li>Certificat de nivell b\u00e0sic A2: s&#8217;obt\u00e9 en superar el&nbsp; 2n curs.<\/li>\n\n\n\n<li>Certificat de nivell intermedi B1: s&#8217;obt\u00e9 en superar el 3r curs o 3r B de rus i \u00e0rab.<\/li>\n<\/ul>\n\n\n\n<p>L\u2019escola expedeix els certificats b\u00e0sics A2 i intermedis B1 de manera autom\u00e0tica.<\/p>\n\n\n\n<p>&nbsp;<\/p>\n\n\n\n<p>Es pot recollir:<\/p>\n\n\n\n<p>\u25cf personalment a la secretaria presentant el document d\u2019identitat de la persona interessada o amb una autoritzaci\u00f3 i c\u00f2pia del document d\u2019identitat si no el recull l\u2019alumne\/a.<\/p>\n\n\n\n<p>\u25cf o es pot fer una sol\u00b7licitud d\u2019enviament per correu postal (nom\u00e9s en casos excepcionals), a la secretaria i rebreu les instruccions a seguir.<\/p>\n\n\n\n<p>&nbsp;<\/p>\n\n\n\n<h4 class=\"wp-block-heading\"><strong>&nbsp;&nbsp; 2.&nbsp;&nbsp; Certificats nivell&nbsp; B2, C1 i C2 <\/strong><\/h4>\n\n\n\n<h4 class=\"wp-block-heading\"><mark>NOVETAT: Tramitaci\u00f3 de T\u00edtols<\/mark><\/h4>\n\n\n\n<p>El Departament d&#8217;Educaci\u00f3 informa:&nbsp;<\/p>\n\n\n\n<p><strong>Des del 2 de febrer de 2026<\/strong>, els certificats de nivell intermedi B2, avan\u00e7at C1 i avan\u00e7at C2 es tramiten des del Tramitador.<\/p>\n\n\n\n<p>At\u00e8s que aquests certificats corresponen a ensenyaments no obligatoris, la seva tramitaci\u00f3 no s&#8217;inicia d&#8217;ofici sin\u00f3 que \u00e9s el mateix alumne qui haur\u00e0 de sol\u00b7licitar el seu t\u00edtol des del tr\u00e0mit espec\u00edfic&nbsp;Tramitaci\u00f3 de t\u00edtols acad\u00e8mics i professionals no universitaris. Podeu trobar l&#8217;enlla\u00e7&nbsp;<a href=\"https:\/\/tramits.gencat.cat\/ca\/tramits\/tramits-temes\/titols-academics-no-universitaris?category=742b7874-a82c-11e3-a972-000c29052e2c\">AQU\u00cd<\/a><\/p>\n\n\n\n<p>&nbsp;<\/p>\n\n\n\n<p><\/p>\n\n\n\n<p><\/p>\n\n\n\n<p>&nbsp;<\/p>\n\n\n\n<ul class=\"wp-block-list\"><\/ul>\n\n\n\n<p><\/p>\n","protected":false},"excerpt":{"rendered":"<p>RECOLLIDA DE CERTIFICATS: A la secretaria del centre &nbsp;1. Certificats nivell b\u00e0sic A2 i intermedi B1: A partir del 4 de juliol. L\u2019escola expedeix els certificats b\u00e0sics A2 i intermedis B1 de manera autom\u00e0tica. &nbsp; Es pot recollir: \u25cf personalment a la secretaria presentant el document d\u2019identitat de la persona interessada o amb una autoritzaci\u00f3 [&hellip;]<\/p>\n","protected":false},"author":3,"featured_media":0,"parent":9011,"menu_order":70,"comment_status":"closed","ping_status":"closed","template":"","meta":{"_bbp_topic_count":0,"_bbp_reply_count":0,"_bbp_total_topic_count":0,"_bbp_total_reply_count":0,"_bbp_voice_count":0,"_bbp_anonymous_reply_count":0,"_bbp_topic_count_hidden":0,"_bbp_reply_count_hidden":0,"_bbp_forum_subforum_count":0,"site-sidebar-layout":"default","site-content-layout":"","ast-site-content-layout":"default","site-content-style":"default","site-sidebar-style":"default","ast-global-header-display":"","ast-banner-title-visibility":"","ast-main-header-display":"","ast-hfb-above-header-display":"","ast-hfb-below-header-display":"","ast-hfb-mobile-header-display":"","site-post-title":"","ast-breadcrumbs-content":"","ast-featured-img":"","footer-sml-layout":"","theme-transparent-header-meta":"","adv-header-id-meta":"","stick-header-meta":"","header-above-stick-meta":"","header-main-stick-meta":"","header-below-stick-meta":"","astra-migrate-meta-layouts":"set","ast-page-background-enabled":"default","ast-page-background-meta":{"desktop":{"background-color":"var(--ast-global-color-4)","background-image":"","background-repeat":"repeat","background-position":"center center","background-size":"auto","background-attachment":"scroll","background-type":"","background-media":"","overlay-type":"","overlay-color":"","overlay-opacity":"","overlay-gradient":""},"tablet":{"background-color":"","background-image":"","background-repeat":"repeat","background-position":"center center","background-size":"auto","background-attachment":"scroll","background-type":"","background-media":"","overlay-type":"","overlay-color":"","overlay-opacity":"","overlay-gradient":""},"mobile":{"background-color":"","background-image":"","background-repeat":"repeat","background-position":"center center","background-size":"auto","background-attachment":"scroll","background-type":"","background-media":"","overlay-type":"","overlay-color":"","overlay-opacity":"","overlay-gradient":""}},"ast-content-background-meta":{"desktop":{"background-color":"var(--ast-global-color-5)","background-image":"","background-repeat":"repeat","background-position":"center center","background-size":"auto","background-attachment":"scroll","background-type":"","background-media":"","overlay-type":"","overlay-color":"","overlay-opacity":"","overlay-gradient":""},"tablet":{"background-color":"var(--ast-global-color-5)","background-image":"","background-repeat":"repeat","background-position":"center center","background-size":"auto","background-attachment":"scroll","background-type":"","background-media":"","overlay-type":"","overlay-color":"","overlay-opacity":"","overlay-gradient":""},"mobile":{"background-color":"var(--ast-global-color-5)","background-image":"","background-repeat":"repeat","background-position":"center center","background-size":"auto","background-attachment":"scroll","background-type":"","background-media":"","overlay-type":"","overlay-color":"","overlay-opacity":"","overlay-gradient":""}},"footnotes":""},"class_list":["post-9026","page","type-page","status-publish","hentry"],"post_mailing_queue_ids":[],"_links":{"self":[{"href":"https:\/\/agora-eoi.xtec.cat\/eoitarragona\/wp-json\/wp\/v2\/pages\/9026","targetHints":{"allow":["GET"]}}],"collection":[{"href":"https:\/\/agora-eoi.xtec.cat\/eoitarragona\/wp-json\/wp\/v2\/pages"}],"about":[{"href":"https:\/\/agora-eoi.xtec.cat\/eoitarragona\/wp-json\/wp\/v2\/types\/page"}],"author":[{"embeddable":true,"href":"https:\/\/agora-eoi.xtec.cat\/eoitarragona\/wp-json\/wp\/v2\/users\/3"}],"replies":[{"embeddable":true,"href":"https:\/\/agora-eoi.xtec.cat\/eoitarragona\/wp-json\/wp\/v2\/comments?post=9026"}],"version-history":[{"count":6,"href":"https:\/\/agora-eoi.xtec.cat\/eoitarragona\/wp-json\/wp\/v2\/pages\/9026\/revisions"}],"predecessor-version":[{"id":18227,"href":"https:\/\/agora-eoi.xtec.cat\/eoitarragona\/wp-json\/wp\/v2\/pages\/9026\/revisions\/18227"}],"up":[{"embeddable":true,"href":"https:\/\/agora-eoi.xtec.cat\/eoitarragona\/wp-json\/wp\/v2\/pages\/9011"}],"wp:attachment":[{"href":"https:\/\/agora-eoi.xtec.cat\/eoitarragona\/wp-json\/wp\/v2\/media?parent=9026"}],"curies":[{"name":"wp","href":"https:\/\/api.w.org\/{rel}","templated":true}]}}