{"id":8151,"date":"2023-07-19T10:00:13","date_gmt":"2023-07-19T08:00:13","guid":{"rendered":"http:\/\/agora-eoi.xtec.cat\/eoitarragona\/?page_id=8151"},"modified":"2025-09-29T12:04:53","modified_gmt":"2025-09-29T10:04:53","slug":"cursos-oficials","status":"publish","type":"page","link":"https:\/\/agora-eoi.xtec.cat\/eoitarragona\/cursos\/cursos-oficials\/","title":{"rendered":"Cursos Oficials"},"content":{"rendered":"\n<ul class=\"wp-block-list\">\n<li><strong>DURADA DEL CURS<\/strong><\/li>\n<\/ul>\n\n\n\n<p>En aquesta EOI s&#8217;imparteixen els idiomes d&#8217;<strong>alemany,<\/strong> <strong>angl\u00e8s,<\/strong><strong> \u00e0rab, catal\u00e0, espanyol per a estrangers, franc\u00e8s, itali\u00e0 i rus.<\/strong><\/p>\n\n\n\n<p><strong>La matr\u00edcula oficial<\/strong> dona dret a assistir com a m\u00ednim a <strong>130 hores de classe per curs <\/strong>(cursos extensius, h\u00edbrids i intensius) i als ex\u00e0mens corresponents.<\/p>\n\n\n\n<p>L&#8217;EOI de Tarragona ofereix les seg\u00fcents<b> modalitats de cursos:<\/b><\/p>\n\n\n\n<ul class=\"wp-block-list\">\n<li><strong>GRUPS A<\/strong>: Extensius. Dilluns i dimecres. Dues sessions de 2 h i 15 min. a la setmana.<\/li>\n\n\n\n<li><strong>GRUPS B<\/strong>: Extensius. Dimarts i dijous. Dues sessions de 2 h i 15 min. a la setmana.<\/li>\n\n\n\n<li><strong>GRUPS C<\/strong>: Intensius. De dilluns a dijous. Quatre sessions de 2 h i 15 min. a la setmana.<\/li>\n\n\n\n<li><strong>GRUPS SP<\/strong>: Semipresencials. Una sessi\u00f3 de 2 h i 15 min. a la setmana. Per saber m\u00e9s detalls sobre els cursos semipresencials, clica <a href=\"https:\/\/view.genial.ly\/619248a462ec820dfa611068\/interactive-content-cursos-semipresencials-eoit\" target=\"_blank\" rel=\"noopener\">aqu\u00ed<\/a>.<\/li>\n\n\n\n<li><strong>GRUPS HB<\/strong>: H\u00edbrids. Una sessi\u00f3 de 2 h i 15 min. presencial a l&#8217;escola i una altra sessi\u00f3 de 2 h i 15 min. en l\u00ednia sincr\u00f2nica. Per saber m\u00e9s detalls sobre els cursos h\u00edbrids, clica <a href=\"https:\/\/view.genial.ly\/64b79e103f6d2f0019748492\/learning-experience-didactic-unit-cursos-hibrids-eoit\" target=\"_blank\" rel=\"noopener\">aqu\u00ed<\/a>.<\/li>\n\n\n\n<li><strong>GRUPS FL<\/strong>: Flexibilitzats. Una sessi\u00f3 de 2 h i 15 min. a la setmana. Per saber m\u00e9s detalls sobre els cursos flexibilitzats, clica <a href=\"https:\/\/view.genial.ly\/64b7a8dace47460012e9e402\/interactive-content-curs-flexi\" target=\"_blank\" rel=\"noopener\">aqu\u00ed<\/a>.<\/li>\n\n\n\n<li><strong>HORARI DE CLASSE<\/strong><\/li>\n<\/ul>\n\n\n\n<p>Les classes es fan en horari de mat\u00ed, migdia, tarda i vespre.<br>La franja hor\u00e0ria de classe \u00e9s de 9:00 a 21:00 hores.<br>La tria de l\u2019horari de classe es fa en el moment de formalitzar la matr\u00edcula, segons el torn d\u2019horari establert en el sorteig.<\/p>\n\n\n\n<ul class=\"wp-block-list\">\n<li><strong>PROGRAMA D&#8217;ESTUDIS<\/strong><\/li>\n<\/ul>\n\n\n\n<p>La LOMCE (Reial Decret 1041\/2017) estableix una nova ordenaci\u00f3 del programa d\u2019estudis de les escoles oficials d\u2019idiomes, que queda dividit en tres nivells, que corresponen als nivells definits en el MECR (Marc Europeu Com\u00fa de Refer\u00e8ncia per a les Lleng\u00fces).<\/p>\n\n\n\n<p>Els ensenyaments especialitzats d&#8217;idiomes s&#8217;imparteixen en els seg\u00fcents nivells i cursos:<\/p>\n\n\n\n<ul class=\"wp-block-list\">\n<li><strong>Nivell B\u00e0sic:<\/strong> A1 i A2<\/li>\n\n\n\n<li><strong>Nivell Intermedi<\/strong><strong>:<\/strong> B1 i B2.2<\/li>\n\n\n\n<li><strong>Nivell Avan\u00e7at:<\/strong> C1 (angl\u00e8s, catal\u00e0 i franc\u00e8s) i C2 (nom\u00e9s angl\u00e8s i catal\u00e0)<\/li>\n<\/ul>\n\n\n\n<figure class=\"wp-block-table\"><table class=\"has-fixed-layout\"><tbody><tr><td><strong>CURSOS<\/strong><\/td><td><strong>NIVELL<\/strong><\/td><td><strong>EQUIVAL\u00c8NCIA MECR<\/strong><\/td><\/tr><tr><td>A1<\/td><td rowspan=\"2\">NIVELL B\u00c0SIC<\/td><td><strong>A1<\/strong><\/td><\/tr><tr><td>A2<\/td><td><strong>A2<\/strong><\/td><\/tr><tr><td>B1<\/td><td>NIVELL INTERMEDI B1<\/td><td><strong>B1<\/strong><\/td><\/tr><tr><td>B2.1<\/td><td rowspan=\"2\">NIVELL INTERMEDI B2<\/td><td rowspan=\"2\"><strong>B2<\/strong><\/td><\/tr><tr><td>B2.2<\/td><\/tr><tr><td>C1<\/td><td>NIVELL AVAN\u00c7AT C1<\/td><td><strong>C1<\/strong><\/td><\/tr><tr><td>C2<\/td><td>&nbsp;NIVELL AVAN\u00c7AT C2<\/td><td><strong>&nbsp;C2<\/strong><\/td><\/tr><\/tbody><\/table><\/figure>\n\n\n\n<p>Els nivells dels dos certificats d&#8217;escola oficial d&#8217;idiomes poden comparar-se als nivells descrits en els documents publicats pel Consell d&#8217;Europa, en especial el Marc europeu de refer\u00e8ncia. Al final del nivell intermedi B1, del nivell intermedi B2, i del nivell avan\u00e7at C1 i C2 els alumnes han de superar una prova de certificat, dissenyada des del Centre de Recursos de Lleng\u00fces Estrangeres del Departament d&#8217;Educaci\u00f3 de la Generalitat (\u00c0rea de Certificacions), amb uns criteris unificats per a tota Catalunya.<\/p>\n\n\n\n<p>Els alumnes que obtenen al certificat de <strong>nivell intermedi<\/strong> <strong>B1 <\/strong>es poden considerar dins la franja B1 del Consell d&#8217;Europa &#8211; usuari independent B1.<\/p>\n\n\n\n<p>Els alumnes que obtenen al certificat de <strong>nivell intermedi B2<\/strong> es poden considerar dins la franja B2 del Consell d&#8217;Europa &#8211; usuari independent B2.<\/p>\n\n\n\n<p>Els alumnes que obtenen al certificat de <strong>nivell avan\u00e7at C1<\/strong> es poden considerar dins la franja C1 del Consell d&#8217;Europa &#8211; usuari experimentat C1.<\/p>\n\n\n\n<p>Els alumnes que obtenen al certificat de <strong>nivell avan\u00e7at C2<\/strong> es poden considerar dins la franja C2 del Consell d&#8217;Europa &#8211; usuari experimentat C2.<\/p>\n\n\n\n<ul class=\"wp-block-list\">\n<li><strong>PLA D&#8217;ESTUDIS<\/strong><\/li>\n<\/ul>\n\n\n\n<p>El pla d&#8217;estudis de les EOI desenvolupa la finalitat dels ensenyaments d&#8217;idiomes que s&#8217;hi imparteixen, que \u00e9s la capacitat de l&#8217;alumnat en l&#8217;\u00fas efectiu de l&#8217;idioma com a vehicle de comunicaci\u00f3 general.<\/p>\n\n\n\n<p>Per assolir aquesta finalitat, a les EOI es treballa per tal que l&#8217;alumnat:<\/p>\n\n\n\n<ul class=\"wp-block-list\">\n<li>Adquireixi les habilitats b\u00e0siques receptives i productives, tant del llenguatge oral com de l&#8217;escrit;<\/li>\n\n\n\n<li>Desenvolupi estrat\u00e8gies comunicatives en diferents \u00e0rees de comunicaci\u00f3;<\/li>\n\n\n\n<li>Desenvolupi estrat\u00e8gies per a l&#8217;aprenentatge aut\u00f2nom i continu de lleng\u00fces, que puguin facilitar l&#8217;\u00fas de l&#8217;idioma en l&#8217;exercici d&#8217;activitats professionals i en altres \u00e0mbits de la cultura o d&#8217;inter\u00e8s personal;<\/li>\n\n\n\n<li>Desenvolupi actituds positives envers la diversitat ling\u00fc\u00edstica i el pluralisme cultural del m\u00f3n actual.<\/li>\n<\/ul>\n\n\n\n<p><\/p>\n","protected":false},"excerpt":{"rendered":"<p>En aquesta EOI s&#8217;imparteixen els idiomes d&#8217;alemany, angl\u00e8s, \u00e0rab, catal\u00e0, espanyol per a estrangers, franc\u00e8s, itali\u00e0 i rus. La matr\u00edcula oficial dona dret a assistir com a m\u00ednim a 130 hores de classe per curs (cursos extensius, h\u00edbrids i intensius) i als ex\u00e0mens corresponents. L&#8217;EOI de Tarragona ofereix les seg\u00fcents modalitats de cursos: Les classes [&hellip;]<\/p>\n","protected":false},"author":1,"featured_media":0,"parent":8149,"menu_order":10,"comment_status":"closed","ping_status":"closed","template":"","meta":{"_bbp_topic_count":0,"_bbp_reply_count":0,"_bbp_total_topic_count":0,"_bbp_total_reply_count":0,"_bbp_voice_count":0,"_bbp_anonymous_reply_count":0,"_bbp_topic_count_hidden":0,"_bbp_reply_count_hidden":0,"_bbp_forum_subforum_count":0,"site-sidebar-layout":"default","site-content-layout":"","ast-site-content-layout":"default","site-content-style":"default","site-sidebar-style":"default","ast-global-header-display":"","ast-banner-title-visibility":"","ast-main-header-display":"","ast-hfb-above-header-display":"","ast-hfb-below-header-display":"","ast-hfb-mobile-header-display":"","site-post-title":"","ast-breadcrumbs-content":"","ast-featured-img":"","footer-sml-layout":"","theme-transparent-header-meta":"","adv-header-id-meta":"","stick-header-meta":"","header-above-stick-meta":"","header-main-stick-meta":"","header-below-stick-meta":"","astra-migrate-meta-layouts":"set","ast-page-background-enabled":"default","ast-page-background-meta":{"desktop":{"background-color":"var(--ast-global-color-4)","background-image":"","background-repeat":"repeat","background-position":"center center","background-size":"auto","background-attachment":"scroll","background-type":"","background-media":"","overlay-type":"","overlay-color":"","overlay-opacity":"","overlay-gradient":""},"tablet":{"background-color":"","background-image":"","background-repeat":"repeat","background-position":"center center","background-size":"auto","background-attachment":"scroll","background-type":"","background-media":"","overlay-type":"","overlay-color":"","overlay-opacity":"","overlay-gradient":""},"mobile":{"background-color":"","background-image":"","background-repeat":"repeat","background-position":"center center","background-size":"auto","background-attachment":"scroll","background-type":"","background-media":"","overlay-type":"","overlay-color":"","overlay-opacity":"","overlay-gradient":""}},"ast-content-background-meta":{"desktop":{"background-color":"var(--ast-global-color-5)","background-image":"","background-repeat":"repeat","background-position":"center center","background-size":"auto","background-attachment":"scroll","background-type":"","background-media":"","overlay-type":"","overlay-color":"","overlay-opacity":"","overlay-gradient":""},"tablet":{"background-color":"var(--ast-global-color-5)","background-image":"","background-repeat":"repeat","background-position":"center center","background-size":"auto","background-attachment":"scroll","background-type":"","background-media":"","overlay-type":"","overlay-color":"","overlay-opacity":"","overlay-gradient":""},"mobile":{"background-color":"var(--ast-global-color-5)","background-image":"","background-repeat":"repeat","background-position":"center center","background-size":"auto","background-attachment":"scroll","background-type":"","background-media":"","overlay-type":"","overlay-color":"","overlay-opacity":"","overlay-gradient":""}},"footnotes":""},"class_list":["post-8151","page","type-page","status-publish","hentry"],"post_mailing_queue_ids":[],"_links":{"self":[{"href":"https:\/\/agora-eoi.xtec.cat\/eoitarragona\/wp-json\/wp\/v2\/pages\/8151","targetHints":{"allow":["GET"]}}],"collection":[{"href":"https:\/\/agora-eoi.xtec.cat\/eoitarragona\/wp-json\/wp\/v2\/pages"}],"about":[{"href":"https:\/\/agora-eoi.xtec.cat\/eoitarragona\/wp-json\/wp\/v2\/types\/page"}],"author":[{"embeddable":true,"href":"https:\/\/agora-eoi.xtec.cat\/eoitarragona\/wp-json\/wp\/v2\/users\/1"}],"replies":[{"embeddable":true,"href":"https:\/\/agora-eoi.xtec.cat\/eoitarragona\/wp-json\/wp\/v2\/comments?post=8151"}],"version-history":[{"count":5,"href":"https:\/\/agora-eoi.xtec.cat\/eoitarragona\/wp-json\/wp\/v2\/pages\/8151\/revisions"}],"predecessor-version":[{"id":17796,"href":"https:\/\/agora-eoi.xtec.cat\/eoitarragona\/wp-json\/wp\/v2\/pages\/8151\/revisions\/17796"}],"up":[{"embeddable":true,"href":"https:\/\/agora-eoi.xtec.cat\/eoitarragona\/wp-json\/wp\/v2\/pages\/8149"}],"wp:attachment":[{"href":"https:\/\/agora-eoi.xtec.cat\/eoitarragona\/wp-json\/wp\/v2\/media?parent=8151"}],"curies":[{"name":"wp","href":"https:\/\/api.w.org\/{rel}","templated":true}]}}