{"id":8983,"date":"2025-06-12T20:04:54","date_gmt":"2025-06-12T18:04:54","guid":{"rendered":"https:\/\/agora-eoi.xtec.cat\/eoi3santgervasi\/?page_id=8983"},"modified":"2025-07-18T18:00:40","modified_gmt":"2025-07-18T16:00:40","slug":"cursos-extensius","status":"publish","type":"page","link":"https:\/\/agora-eoi.xtec.cat\/eoisantgervasi\/cursos\/cursos-extensius\/","title":{"rendered":"Cursos extensius 2025-26"},"content":{"rendered":"<div><\/div>\n<div id=\"hAle\">\n<p style=\"text-align: justify;\"><strong>La nostra escola no ofereix cursos quadrimestrals ni intensius. <\/strong><\/p>\n<p style=\"text-align: justify;\"><strong>La nostra oferta actual \u00e9s de cursos extensius d&#8217;alemany, angl\u00e8s i franc\u00e8s de setembre a juny en modalitat presencial dos cops per setmana, i a partir del curs 2025-26, comptem amb dos cursos semipresencials d&#8217;angl\u00e8s dels nivells B2.2 i C1.<\/strong><\/p>\n<p style=\"text-align: justify;\">Per tal de con\u00e8ixer en detall els horaris i l&#8217;oferta de grups, consulteu en aquest mateix web l&#8217;apartat <strong>IDIOMES<\/strong>\/ALEMANY\/ANGL\u00c8S\/FRANC\u00c8S<\/p>\n<ul>\n<li><a href=\"https:\/\/agora-eoi.xtec.cat\/eoisantgervasi\/alemany\/horaris-professorat\/\">Alemany<\/a>.<\/li>\n<li><a href=\"https:\/\/agora-eoi.xtec.cat\/eoisantgervasi\/angles\/horaris\/\">Angl\u00e8s<\/a><\/li>\n<li><a href=\"https:\/\/agora-eoi.xtec.cat\/eoisantgervasi\/frances\/horaris\/\">Franc\u00e8s<\/a><\/li>\n<\/ul>\n<p><strong>\u00a0<\/strong><\/p>\n<p><strong>\u00a0<\/strong><\/p>\n<p>&nbsp;<\/p>\n<p><strong>\u00a0<\/strong><\/p>\n<p><strong>\u00a0<\/strong><\/p>\n<p><strong>\u00a0<\/strong><\/p>\n<\/div>\n<div id=\"hNg\">\n<p><strong>\u00a0<\/strong><\/p>\n<p><strong>\u00a0<\/strong><\/p>\n<p><strong>\u00a0<\/strong><\/p>\n<\/div>\n<div id=\"hFr\"><\/div>\n","protected":false},"excerpt":{"rendered":"<p>La nostra escola no ofereix cursos quadrimestrals ni intensius.<br \/>\nLa nostra oferta actual \u00e9s de cursos extensius d&#8217;alemany, angl\u00e8s i franc\u00e8s de setembre a juny en modalitat presencial dos cops per setmana, i a partir del curs 2025-26, comptem amb dos cursos semipresencials d&#8217;angl\u00e8s dels&hellip;  <a href=\"https:\/\/agora-eoi.xtec.cat\/eoisantgervasi\/cursos\/cursos-extensius\/\" title=\"Read Cursos extensius 2025-26\">Llegeix m\u00e9s\u00bb<\/a><\/p>\n","protected":false},"author":1,"featured_media":0,"parent":8149,"menu_order":12,"comment_status":"closed","ping_status":"closed","template":"page-templates\/side-menu.php","meta":{"_bbp_topic_count":0,"_bbp_reply_count":0,"_bbp_total_topic_count":0,"_bbp_total_reply_count":0,"_bbp_voice_count":0,"_bbp_anonymous_reply_count":0,"_bbp_topic_count_hidden":0,"_bbp_reply_count_hidden":0,"_bbp_forum_subforum_count":0,"footnotes":""},"class_list":["post-8983","page","type-page","status-publish","hentry"],"post_mailing_queue_ids":[],"_links":{"self":[{"href":"https:\/\/agora-eoi.xtec.cat\/eoisantgervasi\/wp-json\/wp\/v2\/pages\/8983","targetHints":{"allow":["GET"]}}],"collection":[{"href":"https:\/\/agora-eoi.xtec.cat\/eoisantgervasi\/wp-json\/wp\/v2\/pages"}],"about":[{"href":"https:\/\/agora-eoi.xtec.cat\/eoisantgervasi\/wp-json\/wp\/v2\/types\/page"}],"author":[{"embeddable":true,"href":"https:\/\/agora-eoi.xtec.cat\/eoisantgervasi\/wp-json\/wp\/v2\/users\/1"}],"replies":[{"embeddable":true,"href":"https:\/\/agora-eoi.xtec.cat\/eoisantgervasi\/wp-json\/wp\/v2\/comments?post=8983"}],"version-history":[{"count":7,"href":"https:\/\/agora-eoi.xtec.cat\/eoisantgervasi\/wp-json\/wp\/v2\/pages\/8983\/revisions"}],"predecessor-version":[{"id":12492,"href":"https:\/\/agora-eoi.xtec.cat\/eoisantgervasi\/wp-json\/wp\/v2\/pages\/8983\/revisions\/12492"}],"up":[{"embeddable":true,"href":"https:\/\/agora-eoi.xtec.cat\/eoisantgervasi\/wp-json\/wp\/v2\/pages\/8149"}],"wp:attachment":[{"href":"https:\/\/agora-eoi.xtec.cat\/eoisantgervasi\/wp-json\/wp\/v2\/media?parent=8983"}],"curies":[{"name":"wp","href":"https:\/\/api.w.org\/{rel}","templated":true}]}}