{"id":8968,"date":"2023-06-26T13:30:08","date_gmt":"2023-06-26T11:30:08","guid":{"rendered":"https:\/\/agora-eoi.xtec.cat\/eoi3santgervasi\/?page_id=8968"},"modified":"2025-07-08T13:45:42","modified_gmt":"2025-07-08T11:45:42","slug":"taxes-i-pagament","status":"publish","type":"page","link":"https:\/\/agora-eoi.xtec.cat\/eoisantgervasi\/secretaria\/taxes-i-pagament\/","title":{"rendered":"Taxes i pagament"},"content":{"rendered":"<p><strong>Taxes i preus p\u00fablics cursos oficials\u00a0<\/strong><\/p>\n<p style=\"text-align: left;\">Pel curs 2025-26 hi ha descomptes que cerquen incentivar l\u2019aprenentatge de m\u00e9s d\u2019una llengua, com tamb\u00e9 romandre o incorporar-se a l\u2019escola;\u00a0 \u00e9s el cas de les bonificacions del 50% del preu per l&#8217;alumnat de secund\u00e0ria (per cursar alemany o franc\u00e8s), pels que cursen un segon idioma a l&#8217;EOI, i pels que en comencen un de nou en acabar el nivell Intermedi B2.<\/p>\n<p style=\"text-align: left;\">D\u2019altra banda, la tradicional aportaci\u00f3 de 30 \u20ac esdev\u00e9 un preu p\u00fablic (en concepte d&#8217;acc\u00e9s i \u00fas de la plataforma virtual i\/o del material did\u00e0ctic) i passa a ser obligat\u00f2ria<strong>; <\/strong>per aquesta ra\u00f3 tamb\u00e9 resta subjecta, a partir d\u2019ara, tant al conjunt de possibles bonificacions i exempcions com als increments per repetici\u00f3.<\/p>\n<p style=\"text-align: left;\">Prioritzem aqu\u00ed la informaci\u00f3 referida a les lleng\u00fces i nivells que impartim a la nostra escola. Podeu trobar a faltar informaci\u00f3 referida a la llengua catalana, al nivell avan\u00e7at C2 o al servei d\u2019autoaprenentatge.<\/p>\n<ol>\n<li><strong> PREUS I TAXES VIGENTS PELS SERVEIS EDUCATIUS D\u2019IDIOMES IMPARTITS A SANT GERVASI.<\/strong><\/li>\n<\/ol>\n<p>Informaci\u00f3 detallada sobre els <strong>preus p\u00fablics<\/strong> del Departament d&#8217;Educacio: Cliqueu <a href=\"https:\/\/educacio.gencat.cat\/ca\/departament\/normativa\/taxes-preus-publics\/preu-public\/\">aqui<\/a><\/p>\n<p>Informaci\u00f3 detallada sobre les <strong>taxes<\/strong> del Departament d&#8217;Educaci\u00f3: Cliqueu <a href=\"https:\/\/educacio.gencat.cat\/ca\/departament\/normativa\/taxes-preus-publics\/taxes\/\">aqui<\/a><\/p>\n<p><strong>Tot seguit teniu un quadre resum pels estudis oficials:<\/strong><\/p>\n<table style=\"width: 77.5524%; height: 230px;\">\n<tbody>\n<tr style=\"height: 33px;\">\n<td style=\"height: 115px;\" rowspan=\"3\"><\/td>\n<td style=\"height: 33px;\" colspan=\"2\"><strong>PREUS P\u00daBLICS<\/strong><\/td>\n<td style=\"height: 33px;\" colspan=\"2\"><strong>TAXES<\/strong><\/td>\n<\/tr>\n<tr style=\"height: 33px;\">\n<td style=\"height: 33px;\" colspan=\"2\">Nivells: <strong>A1, A2 i C1<\/strong><\/td>\n<td style=\"height: 33px;\" colspan=\"2\">Nivells:<strong> B1, B2.1 i B2.2<\/strong><\/td>\n<\/tr>\n<tr style=\"height: 49px;\">\n<td style=\"height: 49px; text-align: center;\">Matr\u00edcula ordin\u00e0ria<\/td>\n<td style=\"height: 49px; text-align: center;\">Bonificaci\u00f3 50%<\/td>\n<td style=\"height: 49px; text-align: center;\">Matr\u00edcula ordin\u00e0ria<\/td>\n<td style=\"height: 49px; text-align: center;\">Bonificaci\u00f3 50%<\/td>\n<\/tr>\n<tr style=\"height: 33px;\">\n<td style=\"height: 33px;\">1a Matr\u00edcula<\/td>\n<td style=\"height: 33px; text-align: right;\">305,00 \u20ac<\/td>\n<td style=\"height: 33px; text-align: right;\">152,50 \u20ac<\/td>\n<td style=\"height: 33px; text-align: right;\">327,60 \u20ac<\/td>\n<td style=\"height: 33px; text-align: right;\">163,80 \u20ac<\/td>\n<\/tr>\n<tr style=\"height: 33px;\">\n<td style=\"height: 33px;\">2a Matr\u00edcula (repetici\u00f3)<\/td>\n<td style=\"height: 33px; text-align: right;\">396,50 \u20ac<\/td>\n<td style=\"height: 33px; text-align: right;\">198,25 \u20ac<\/td>\n<td style=\"height: 33px; text-align: right;\">425,90 \u20ac<\/td>\n<td style=\"height: 33px; text-align: right;\">212,95 \u20ac<\/td>\n<\/tr>\n<tr style=\"height: 49px;\">\n<td style=\"height: 49px;\">3a Matr\u00edcula (2a repetici\u00f3)<\/td>\n<td style=\"height: 49px; text-align: right;\">549,00 \u20ac<\/td>\n<td style=\"height: 49px; text-align: right;\">274,50 \u20ac<\/td>\n<td style=\"height: 49px; text-align: right;\">589,70 \u20ac<\/td>\n<td style=\"height: 49px; text-align: right;\">294,85 \u20ac<\/td>\n<\/tr>\n<\/tbody>\n<\/table>\n<p><em>* El pagament dels 30\u20ac per <\/em><em>acc\u00e9s a la plataforma i materials did\u00e0ctics<\/em><em> est\u00e0 contingut en les quantitats expressades.<\/em><\/p>\n<p><em>* Els alumnes que reuneixen els requisits per l\u2019exempci\u00f3 total del preu o taxa, apliquen una reducci\u00f3 del 100% sobre les quantitats expressades.<\/em><\/p>\n<p><em>* La concurr\u00e8ncia en una mateixa persona de les condicions que donen dret a dues o m\u00e9s bonificacions iguals o superiors al 50%, comportar\u00e0 l\u2019acumulaci\u00f3 d\u2019aquestes bonificacions.<\/em><\/p>\n<ul style=\"list-style-type: circle;\">\n<li>La matr\u00edcula en un curs de les escoles oficials d&#8217;idiomes es considera formalitzada a tots els efectes quan la persona interessada ha <strong>pagat totes les taxes i preus p\u00fablics i ha presentat tota la documentaci\u00f3 requerida.<\/strong><\/li>\n<\/ul>\n<ol start=\"2\">\n<li><strong> NOVES BONIFICACIONS de FOMENT de LLENG\u00dcES\u00a0 D\u2019APLICACI\u00d3 A PREUS P\u00daBLICS.<\/strong><\/li>\n<\/ol>\n<p><em>Mitjan\u00e7ant l\u2019ORDRE EDU\/155\/2020, de 18 de setembre, enguany s\u2019ofereixen un seguit de bonificacions d\u2019aplicaci\u00f3 exclusivament als cursos oficials de nivell b\u00e0sic (A1 i A2) i avan\u00e7at (C1,) que es paguen a l\u2019administraci\u00f3 com a preus p\u00fablics (i no com a taxes).<\/em><\/p>\n<table>\n<tbody>\n<tr>\n<td width=\"971\">BONIFICACIONS FOMENT DE LLENG\u00cbS<\/td>\n<\/tr>\n<tr>\n<td width=\"971\">\n<ul>\n<li>Els alumnes dels centres sostinguts amb fons p\u00fablics, que es matriculen d&#8217;una segona llengua estrangera en una escola oficial d&#8217;idiomes, diferent a la llengua estrangera obligat\u00f2ria del curr\u00edculum que estudien en el centre educatiu, tenen una bonificaci\u00f3 del 50% del preu p\u00fablic.<\/li>\n<li>Els alumnes matriculats en una escola oficial d&#8217;idiomes que cursen una llengua estrangera i volen estudiar una segona llengua estrangera en la mateixa o una altra escola oficial d&#8217;idiomes, tenen una bonificaci\u00f3 del 50% del preu p\u00fablic en una de les lleng\u00fces que es matriculin.<\/li>\n<li>Els alumnes matriculats en una escola oficial d&#8217;idiomes, que cursen una llengua estrangera en el nivell de 5\u00e8 (intermedi B2), que es matriculin en una nova llengua estrangera el curs immediatament posterior, tenen una bonificaci\u00f3 del 50% del preu p\u00fablic de la matr\u00edcula de la nova llengua.<\/li>\n<li>Els alumnes que tinguin concedida una beca o ajut a l&#8217;estudi en aquests mateixos ensenyaments per part de l&#8217;administraci\u00f3 p\u00fablica competent en la mat\u00e8ria, gaudiran d&#8217;una bonificaci\u00f3 del 50% de l&#8217;import del preu p\u00fablic corresponent, pr\u00e8via acreditaci\u00f3 documental. La bonificaci\u00f3 nom\u00e9s es concedir\u00e0 pel mateix curs acad\u00e8mic pel qual s&#8217;ha concedit la beca. En aquests casos, a l&#8217;efecte de formalitzaci\u00f3 de la matr\u00edcula, si l&#8217;alumne no t\u00e9 concedida encara la beca ha d&#8217;abonar l&#8217;import del preu p\u00fablic corresponent. Un cop se li notifiqui la concessi\u00f3 de la beca, podr\u00e0 demanar la devoluci\u00f3 de l&#8217;import, davant de la direcci\u00f3 que els retornar\u00e0 el 50% de l&#8217;import del preu p\u00fablic pagat.<\/li>\n<\/ul>\n<\/td>\n<\/tr>\n<\/tbody>\n<\/table>\n<ol start=\"3\">\n<li><strong> PREUS I TAXES VIGENTS PER LA INSCRIPCI\u00d3 A LES PROVES DE CERTIFICACI\u00d3 PER CANDIDATS\/ES LLIURES.<\/strong><br \/>\n<table style=\"width: 57.1053%;\">\n<tbody>\n<tr>\n<td style=\"width: 75.7964%;\" colspan=\"3\" width=\"651\">DRETS D\u2019EXAMEN PER LES PROVES DE CERTIFICACI\u00d3 LLIURES<\/td>\n<\/tr>\n<tr>\n<td style=\"width: 25.0966%;\" width=\"159\"><\/td>\n<td style=\"text-align: center; width: 23.0235%;\" width=\"121\">Inscripci\u00f3 ordin\u00e0ria<\/td>\n<td style=\"text-align: center; width: 27.6763%;\" width=\"121\">Inscripci\u00f3 bonificada<\/td>\n<\/tr>\n<tr>\n<td style=\"width: 25.0966%;\" width=\"159\">Nivell INTERMEDI B1<\/td>\n<td style=\"text-align: right; width: 23.0235%;\" width=\"121\">78,40 \u20ac<\/td>\n<td style=\"text-align: right; width: 27.6763%;\" width=\"121\">39,20 \u20ac<\/td>\n<\/tr>\n<tr>\n<td style=\"width: 25.0966%;\" width=\"159\">Nivell INTERMEDI B2<\/td>\n<td style=\"text-align: right; width: 23.0235%;\" width=\"121\">78,40 \u20ac<\/td>\n<td style=\"text-align: right; width: 27.6763%;\" width=\"121\">39,20 \u20ac<\/td>\n<\/tr>\n<tr>\n<td style=\"width: 25.0966%;\" width=\"159\">Nivell AVAN\u00c7AT C1<\/td>\n<td style=\"text-align: right; width: 23.0235%;\" width=\"121\">96,65 \u20ac<\/td>\n<td style=\"text-align: right; width: 27.6763%;\" width=\"121\">48,33 \u20ac<\/td>\n<\/tr>\n<\/tbody>\n<\/table>\n<\/li>\n<\/ol>\n<p><strong>4. TAXES VIGENTS PER L\u2019EXPEDICI\u00d3 DE CERTIFICATS OFICIALS<\/strong><\/p>\n<table style=\"width: 58.2479%;\">\n<tbody>\n<tr>\n<td style=\"width: 69.839%;\" colspan=\"3\" width=\"714\">EXPEDICI\u00d3 DE CERTIFICATS<\/td>\n<\/tr>\n<tr>\n<td style=\"width: 25.2454%;\" width=\"181\"><\/td>\n<td style=\"text-align: center; width: 21.9751%;\" width=\"125\">Expedici\u00f3 ordin\u00e0ria<\/td>\n<td style=\"text-align: center; width: 22.6185%;\" width=\"132\">Expedici\u00f3 bonificada<\/td>\n<\/tr>\n<tr>\n<td style=\"width: 25.2454%;\" width=\"181\">Nivells B\u00c0SIC A2 I INTERMEDI i B1<\/td>\n<td style=\"width: 44.5936%; text-align: center;\" colspan=\"2\" width=\"533\">Sense cost<\/td>\n<\/tr>\n<tr>\n<td style=\"width: 25.2454%;\" width=\"181\">Nivell INTERMEDI B2<\/td>\n<td style=\"text-align: right; width: 21.9751%;\" width=\"125\">78 \u20ac<\/td>\n<td style=\"text-align: right; width: 22.6185%;\" width=\"132\">39 \u20ac<\/td>\n<\/tr>\n<tr>\n<td style=\"width: 25.2454%;\" width=\"181\">Nivell AVAN\u00c7AT C1<\/td>\n<td style=\"text-align: right; width: 21.9751%;\" width=\"125\">78 \u20ac<\/td>\n<td style=\"text-align: right; width: 22.6185%;\" width=\"132\">39 \u20ac<\/td>\n<\/tr>\n<\/tbody>\n<\/table>\n<ol start=\"5\">\n<li><strong> BONIFICACIONS I EXEMPCIONS<\/strong><\/li>\n<\/ol>\n<p><em>Les seg\u00fcents bonificacions i exempcions, de motivaci\u00f3 socioecon\u00f2mica, sovint lligades a un reconeixement per part de l\u2019administraci\u00f3 i que, en tot cas, cal acreditar es continuen tenint en compte.<\/em><\/p>\n<table style=\"width: 65.0249%; height: 175px;\">\n<tbody>\n<tr style=\"height: 33px;\">\n<td style=\"height: 33px;\" colspan=\"2\" width=\"888\">BONIFICACIONS I EXEMPCIONS GENERALS<\/td>\n<\/tr>\n<tr style=\"height: 142px;\">\n<td style=\"height: 142px;\" width=\"423\"><strong>Bonificaci\u00f3 del 50%<\/strong> de l&#8217;import\u00a0per a:<\/p>\n<ul>\n<li>membres de fam\u00edlia nombrosa de categoria general<\/li>\n<li>membres de fam\u00edlies monoparentals<\/li>\n<\/ul>\n<\/td>\n<td style=\"height: 142px;\" width=\"465\"><strong>Exempci\u00f3 del 100%<\/strong> del pagament per a:<\/p>\n<ul>\n<li>membres de fam\u00edlia nombrosa de categoria especial<\/li>\n<li>v\u00edctimes del terrorisme (i els seus c\u00f2njuges i els seus fills i filles)<\/li>\n<li>persones amb discapacitat igual o superior al 33%<\/li>\n<li>infants o adolescents en acolliment familiar<\/li>\n<\/ul>\n<\/td>\n<\/tr>\n<\/tbody>\n<\/table>\n<table>\n<tbody>\n<tr>\n<td width=\"888\">ALTRES EXEMPCIONS COMUNES<\/td>\n<\/tr>\n<tr>\n<td width=\"888\">\n<ul>\n<li>persones membres d&#8217;unitats familiars que percebin la renda m\u00ednima d&#8217;inserci\u00f3, la renda activa d&#8217;inserci\u00f3 o la renda garantida de ciutadania<\/li>\n<li>v\u00edctimes de viol\u00e8ncia de g\u00e8nere<\/li>\n<li>ser v\u00edctima d&#8217;actes terroristes (i el c\u00f2njuge, i els seus fills\/es)<\/li>\n<li>persones subjectes a mesures privatives de llibertat<\/li>\n<li>persones menors tutelades o persones extutelades menors de 21 anys d&#8217;edat<\/li>\n<li>alumnes que en el curs acad\u00e8mic immediatament anterior han obtingut matr\u00edcula d&#8217;honor en el batxillerat o el Premi Extraordinari de Batxillerat (per a la primera matr\u00edcula)<\/li>\n<\/ul>\n<\/td>\n<\/tr>\n<\/tbody>\n<\/table>\n<table style=\"width: 100%; height: 213px;\">\n<tbody>\n<tr style=\"height: 57px;\">\n<td style=\"width: 98.9175%; height: 57px;\" colspan=\"2\" width=\"888\">EXEMPCIONS ADDICIONALS APLICABLES EN&#8230;<\/td>\n<\/tr>\n<tr style=\"height: 57px;\">\n<td style=\"width: 47.4966%; height: 57px;\" width=\"423\">PREUS P\u00daBLICS<\/td>\n<td style=\"width: 51.4208%; height: 57px;\" width=\"465\">TAXES<\/td>\n<\/tr>\n<tr style=\"height: 99px;\">\n<td style=\"width: 47.4966%; height: 99px;\" width=\"423\">\n<ul>\n<li>persones que tinguin una discapacitat acreditada igual o superior al 33%, els seus c\u00f2njuges i els seus fills o filles que en depenguin econ\u00f2micament<\/li>\n<\/ul>\n<\/td>\n<td style=\"width: 51.4208%; height: 99px;\" width=\"465\">\n<ul>\n<li>alumnes que tinguin concedida una beca per a estudis d&#8217;idiomes per part de l&#8217;Administraci\u00f3 p\u00fablica competent en la mat\u00e8ria<\/li>\n<\/ul>\n<\/td>\n<\/tr>\n<\/tbody>\n<\/table>\n<table>\n<tbody>\n<tr>\n<td colspan=\"2\" width=\"888\">EXEMPCIONS ESPEC\u00cdFIQUES EN LES ESCOLES OFICIALS D\u2019IDIOMES<\/td>\n<\/tr>\n<tr>\n<td width=\"423\">PREUS P\u00daBLICS<\/td>\n<td width=\"465\">TAXES<\/td>\n<\/tr>\n<tr>\n<td width=\"423\">\n<ul>\n<li>persones que en el curs acad\u00e8mic immediatament anterior hagin obtingut matr\u00edcula d&#8217;honor en el batxillerat o el premi extraordinari de batxillerat, persones guanyadores del Premi Extraordinari dels ensenyaments de Formaci\u00f3 professional, dels ensenyaments professionals d&#8217;Arts Pl\u00e0stiques i Disseny, dels ensenyaments professionals de M\u00fasica o dels ensenyaments professionals de Dansa, per un sol cop, a triar entre la matr\u00edcula en el nivell B\u00e0sic, el nivell C1 o el nivell C2<\/li>\n<\/ul>\n<p>&nbsp;<\/td>\n<td width=\"465\">&nbsp;<\/p>\n<p>&nbsp;<\/td>\n<\/tr>\n<\/tbody>\n<\/table>\n<p><em>* Els alumnes que, complint els requisits per a gaudir d&#8217;alguna de les exempcions o bonificacions previstes, hagin realitzat el pagament de la matr\u00edcula, podran sol\u00b7licitar la devoluci\u00f3 de l&#8217;ingr\u00e9s indegut al Servei de Gesti\u00f3 Pressupost\u00e0ria del Departament d&#8217;Educaci\u00f3.<\/em><\/p>\n<p><a href=\"https:\/\/web.gencat.cat\/ca\/tramits\/tramits-temes\/devolucio-ingressos-indeguts\">https:\/\/web.gencat.cat\/ca\/tramits\/tramits-temes\/devolucio-ingressos-indeguts<\/a><\/p>\n<ol start=\"6\">\n<li><strong> NORMATIVA D\u2019APLICACI\u00d3:<\/strong><\/li>\n<\/ol>\n<p><a href=\"https:\/\/portaljuridic.gencat.cat\/eli\/es-ct\/l\/2021\/12\/29\/1\"><em>Llei 1\/2021, del 29 de desembre <\/em><\/a><a href=\"https:\/\/portaljuridic.gencat.cat\/eli\/es-ct\/l\/2021\/12\/29\/1\"><em>de 2021<\/em><\/a><a href=\"https:\/\/portaljuridic.gencat.cat\/eli\/es-ct\/l\/2021\/12\/29\/1\"><em>, de<\/em><\/a> <a href=\"https:\/\/portaljuridic.gencat.cat\/eli\/es-ct\/l\/2021\/12\/29\/1\"><em><strong>P<\/strong><\/em><\/a><a href=\"https:\/\/portaljuridic.gencat.cat\/eli\/es-ct\/l\/2021\/12\/29\/1\"><em><strong>ressupostos<\/strong><\/em><\/a><a href=\"https:\/\/portaljuridic.gencat.cat\/eli\/es-ct\/l\/2021\/12\/29\/1\"><em> de la Generalitat de Catalunya per al 2022<\/em><\/a><em>. (Article 45).<\/em><\/p>\n<p><a href=\"..\/Downloads\/ORDRE%20EDU\/155\/2020,%20de%2018%20de%20setembre,%20per%20la%20qual%20se%20suprimeixen,%20es%20creen%20i%20s'actualitzen%20els%20preus%20p\u00fablics%20i%20els%20imports%20de%20determinats%20ensenyaments%20i%20serveis%20docents%20de%20les%20escoles%20oficials%20d'idiomes%20del%20Departament%20d'Educaci\u00f3.\"><strong>Ordre EDU\/155\/2020<\/strong><\/a><a href=\"..\/Downloads\/ORDRE%20EDU\/155\/2020,%20de%2018%20de%20setembre,%20per%20la%20qual%20se%20suprimeixen,%20es%20creen%20i%20s'actualitzen%20els%20preus%20p\u00fablics%20i%20els%20imports%20de%20determinats%20ensenyaments%20i%20serveis%20docents%20de%20les%20escoles%20oficials%20d'idiomes%20del%20Departament%20d'Educaci\u00f3.\"><em>, de 18 de setembre, <\/em><\/a><em>per la qual se suprimeixen, es creen i s\u2019actualitzen els <strong>preus p\u00fablics<\/strong> i els imports de determinats ensenyaments i serveis docents de les escoles oficials d\u2019idiomes del Departament d\u2019Educaci\u00f3 i la seva modificaci\u00f3 mitjan\u00e7ant l\u2019<\/em><a href=\"https:\/\/portaljuridic.gencat.cat\/eli\/es-ct\/o\/2021\/05\/25\/edu114\"><em>Ordre EDU\/114\/2021 de 25 de maig<\/em><\/a><em>, per la qual es modifica l&#8217;Ordre EDU_155_2020. Recull l\u2019obligatorietat del preu p\u00fablic d\u2019acc\u00e9s a la plataforma i materials did\u00e0ctics i les noves bonificacions, de motivaci\u00f3 m\u00e9s acad\u00e8mica.<\/em><\/p>\n<p><a href=\"https:\/\/portaljuridic.gencat.cat\/eli\/es-ct\/o\/2020\/06\/11\/edu80\"><strong>Ordre EDU\/80\/2020<\/strong><\/a><a href=\"https:\/\/portaljuridic.gencat.cat\/eli\/es-ct\/o\/2020\/06\/11\/edu80\"><em>, <strong>d\u201911 de juny<\/strong><\/em><\/a><em>, per la qual es dona publicitat de les <strong>taxes<\/strong> vigents que gestiona el Departament d\u2019Educaci\u00f3<\/em><\/p>\n<p><strong><a href=\"https:\/\/portaljuridic.gencat.cat\/eli\/es-ct\/o\/2015\/01\/12\/ens10\">Ordre ENS\/10\/2015, de 12 de gener<\/a><\/strong>, de creaci\u00f3 del preu p\u00fablic per la inscripci\u00f3 i drets d&#8217;examen de les proves de certificaci\u00f3 del nivell C1 dels ensenyaments d&#8217;idiomes de r\u00e8gim especial per als alumnes de r\u00e8gim lliure, organitzades pel departament d&#8217;ensenyament.<\/p>\n<p>&nbsp;<\/p>\n","protected":false},"excerpt":{"rendered":"<p>Taxes i preus p\u00fablics cursos oficials\u00a0<br \/>\nPel curs 2025-26 hi ha descomptes que cerquen incentivar l\u2019aprenentatge de m\u00e9s d\u2019una llengua, com tamb\u00e9 romandre o incorporar-se a l\u2019escola;\u00a0 \u00e9s el cas de les bonificacions del 50% del preu per l&#8217;alumnat de secund\u00e0ria (per cursar alemany o franc\u00e8s),&hellip;  <a href=\"https:\/\/agora-eoi.xtec.cat\/eoisantgervasi\/secretaria\/taxes-i-pagament\/\" title=\"Read Taxes i pagament\">Llegeix m\u00e9s\u00bb<\/a><\/p>\n","protected":false},"author":1,"featured_media":0,"parent":8358,"menu_order":25,"comment_status":"closed","ping_status":"closed","template":"page-templates\/side-menu.php","meta":{"_bbp_topic_count":0,"_bbp_reply_count":0,"_bbp_total_topic_count":0,"_bbp_total_reply_count":0,"_bbp_voice_count":0,"_bbp_anonymous_reply_count":0,"_bbp_topic_count_hidden":0,"_bbp_reply_count_hidden":0,"_bbp_forum_subforum_count":0,"footnotes":""},"class_list":["post-8968","page","type-page","status-publish","hentry"],"post_mailing_queue_ids":[],"_links":{"self":[{"href":"https:\/\/agora-eoi.xtec.cat\/eoisantgervasi\/wp-json\/wp\/v2\/pages\/8968","targetHints":{"allow":["GET"]}}],"collection":[{"href":"https:\/\/agora-eoi.xtec.cat\/eoisantgervasi\/wp-json\/wp\/v2\/pages"}],"about":[{"href":"https:\/\/agora-eoi.xtec.cat\/eoisantgervasi\/wp-json\/wp\/v2\/types\/page"}],"author":[{"embeddable":true,"href":"https:\/\/agora-eoi.xtec.cat\/eoisantgervasi\/wp-json\/wp\/v2\/users\/1"}],"replies":[{"embeddable":true,"href":"https:\/\/agora-eoi.xtec.cat\/eoisantgervasi\/wp-json\/wp\/v2\/comments?post=8968"}],"version-history":[{"count":8,"href":"https:\/\/agora-eoi.xtec.cat\/eoisantgervasi\/wp-json\/wp\/v2\/pages\/8968\/revisions"}],"predecessor-version":[{"id":12475,"href":"https:\/\/agora-eoi.xtec.cat\/eoisantgervasi\/wp-json\/wp\/v2\/pages\/8968\/revisions\/12475"}],"up":[{"embeddable":true,"href":"https:\/\/agora-eoi.xtec.cat\/eoisantgervasi\/wp-json\/wp\/v2\/pages\/8358"}],"wp:attachment":[{"href":"https:\/\/agora-eoi.xtec.cat\/eoisantgervasi\/wp-json\/wp\/v2\/media?parent=8968"}],"curies":[{"name":"wp","href":"https:\/\/api.w.org\/{rel}","templated":true}]}}