{"id":8800,"date":"2016-06-23T11:14:50","date_gmt":"2016-06-23T10:14:50","guid":{"rendered":"https:\/\/agora-eoi.xtec.cat\/eoi3santgervasi\/?page_id=8800"},"modified":"2021-08-21T18:22:41","modified_gmt":"2021-08-21T16:22:41","slug":"pla-dimpuls-de-langles-pia","status":"publish","type":"page","link":"https:\/\/agora-eoi.xtec.cat\/eoisantgervasi\/cursos\/pla-dimpuls-de-langles-pia\/","title":{"rendered":"Programa PIA+ per al professorat"},"content":{"rendered":"<p>Programa per a la millora de la compet\u00e8ncia comunicativa en llengua estrangera del professorat:\u00a0 PIA+ 2021-2022<\/p>\n<p>El Programa PIA+ 2021-2022 <strong>\u00e9s un ajut a l\u2019estudi per al professorat que cursi i superi una llengua estrangera<\/strong>\u00a0en una\u00a0<strong>EOI<\/strong>\u00a0o a l\u2019<strong>IOC<\/strong>\u00a0per als nivells seg\u00fcents:<\/p>\n<ul>\n<li>nivells de 4rt, 5\u00e8, C1 i C2 per a la llengua anglesa a les EOI<\/li>\n<li>tots els nivells per a les lleng\u00fces alemany, franc\u00e8s, itali\u00e0, \u00e0rab, rus i xin\u00e8s a les EOI<\/li>\n<li>nivells de 3r, 4rt i 5\u00e8 per a la llengua anglesa a l\u2019IOC<\/li>\n<li>nivell de 1r per a la llengua alemanya a l\u2019IOC<\/li>\n<\/ul>\n<p><strong>Modalitat matr\u00edcula d\u2019actualitzaci\u00f3 a les EOI<\/strong>, dins el Programa PIA+: per a aquells docents que faci, com a m\u00ednim, 2 anys de l\u2019obtenci\u00f3 del t\u00edtol oficial i vulguin actualitzar l\u2019idioma. En els nivells seg\u00fcents:<\/p>\n<ul>\n<li>nivells de 5\u00e8, C1 i C2 per a la llengua anglesa<\/li>\n<li>nivells de 2n, 3r, 5\u00e8 i C1 per a les lleng\u00fces franc\u00e8s, itali\u00e0 i alemany<\/li>\n<li>nivells de 2n, 3r i 5\u00e8 per a les lleng\u00fces xin\u00e8s, \u00e0rab i rus<\/li>\n<\/ul>\n<p><strong>Recordeu que a la nostra escola oferim \u00fanicament fins a C1 de llengua anglesa i alemanya i fins a B2 de franc\u00e8s.<\/strong><\/p>\n<p><strong>Destinataris:\u00a0<\/strong>professorat en actiu de centres p\u00fablics, concertats i municipals<\/p>\n<p><strong>Requisits:<\/strong><\/p>\n<ul>\n<li>ser docent i estar en actiu en un centre p\u00fablic, concertat o municipal<\/li>\n<li>disposar de\u00a0<a href=\"http:\/\/xtec.gencat.cat\/ca\/at_usuari\/gestio\/\">correu xtec<\/a><\/li>\n<\/ul>\n<p><strong>Procediment:<\/strong><\/p>\n<ol>\n<li>El professorat que es vulgui acollir al Programa PIA+ en el curs 2021-2022 haur\u00e0 de seguir el procediment d\u2019acc\u00e9s, preinscripci\u00f3 i matr\u00edcula ordinari, indicat per les EOI i l\u2019IOC.<\/li>\n<li>Per participar en el programa PIA+ i sol\u00b7licitar l\u2019ajut,\u00a0<strong>el correu electr\u00f2nic que s\u2019ha de fer constar a la matr\u00edcula \u00e9s el\u00a0<\/strong><a href=\"http:\/\/xtec.gencat.cat\/ca\/at_usuari\/gestio\/\"><strong>correu xtec<\/strong><\/a>\u00a0<strong>i s\u2019ha<\/strong>\u00a0<strong>d\u2019indicar que la persona sol\u00b7licita participar en el programa PIA+.<\/strong><\/li>\n<li>El professorat que ja \u00e9s alumne\/a d\u2019EOI o de l\u2019IOC en els cursos i idiomes especificats anteriorment, cal que segueixi el per\u00edode de matriculaci\u00f3 marcat per les EOI o l\u2019IOC. En el moment de matr\u00edcula, cal que indiqui que es vol acollir al Programa PIA+ i que aboni les taxes o preus p\u00fablics corresponents.<\/li>\n<li>El professorat que no \u00e9s alumne\/a d\u2019una EOI o de l\u2019IOC, cal que participi en el proc\u00e9s de preinscripci\u00f3 demanant pla\u00e7a a l\u2019EOI on vol estudiar o a l\u2019IOC. Si obt\u00e9 pla\u00e7a, cal que es matriculi, tot indicant que es vol acollir al Programa PIA+ i que aboni les taxes o preus p\u00fablics corresponents. Les condicions per obtenir pla\u00e7a a una EOI i el\u00a0<a href=\"http:\/\/queestudiar.gencat.cat\/ca\/preinscripcio\/estudis\/idiomes\/\" target=\"_blank\" rel=\"noopener noreferrer\">procediment<\/a>\u00a0seran els mateixos que per a qualsevol altra persona sol\u00b7licitant. En el cas de l\u2019IOC consulteu la\u00a0<a href=\"https:\/\/ioc.xtec.cat\/educacio\/eoi\" target=\"_blank\" rel=\"noopener noreferrer\">informaci\u00f3<\/a>\u00a0en el seu web.<\/li>\n<li>No est\u00e0 perm\u00e8s matricular-se com a alumnat oficial i lliure del mateix idioma en el mateix any acad\u00e8mic. L\u2019alumnat lliure no pot acollir-se al Programa PIA+.<\/li>\n<\/ol>\n<p><strong>Sol\u00b7licitud de l\u2019ajut:<\/strong><\/p>\n<ul>\n<li>podr\u00e0 sol\u00b7licitar l\u2019ajut el\u00a0<strong>professorat<\/strong>\u00a0que obtingui la\u00a0<strong>qualificaci\u00f3 d\u2019APTE<\/strong>\u00a0al final del curs o d\u2019aprofitament, en el cas dels alumnes de matr\u00edcula d\u2019actualitzaci\u00f3<\/li>\n<li>el retorn de la matr\u00edcula es gestionar\u00e0 en finalitzar el curs<\/li>\n<li>es podr\u00e0 sol\u00b7licitar el retorn de taxes nom\u00e9s d\u2019un idioma<\/li>\n<li>el procediment per a sol\u00b7licitar l\u2019ajut s\u2019informar\u00e0 oportunament als participants que compleixin els requisits, hagin obtingut la qualificaci\u00f3 d\u2019apte\/aprofitament del curs i hagin manifestat acollir-se al programa, en el moment de matriculaci\u00f3<\/li>\n<\/ul>\n<p>Per a informaci\u00f3 o dubtes sobre els cursos, places, acc\u00e9s i proc\u00e9s de preinscripci\u00f3 i matr\u00edcula a la nostra escola adreceu-vos a la nostra secretaria info<span class=\"\">@eoisg.cat<\/span> i si us interessa fer-ho a dist\u00e0ncia a l\u2019IOC, contacteu amb <a href=\"mailto:%20eoiinfo@ioc.cat\">eoiinfo@ioc.cat<\/a><\/p>\n<p>Per a m\u00e9s informaci\u00f3 sobre el Programa PIA+ dirigiu-vos a Formaci\u00f3 en Lleng\u00fces Estrangeres del Servei de Formaci\u00f3 i Desenvolupament Professional del Professorat del Departament d\u2019Educaci\u00f3:\u00a0\u00a0<a href=\"mailto:formlle@xtec.cat\">formlle@xtec.cat<\/a><\/p>\n","protected":false},"excerpt":{"rendered":"<p>Programa per a la millora de la compet\u00e8ncia comunicativa en llengua estrangera del professorat:\u00a0 PIA+ 2021-2022<br \/>\nEl Programa PIA+ 2021-2022 \u00e9s un ajut a l\u2019estudi per al professorat que cursi i superi una llengua estrangera\u00a0en una\u00a0EOI\u00a0o a l\u2019IOC\u00a0per als nivells seg\u00fcents:<\/p>\n<ul>\n<li>nivells de 4rt, 5\u00e8, C1 i&hellip;  <a href=\"https:\/\/agora-eoi.xtec.cat\/eoisantgervasi\/cursos\/pla-dimpuls-de-langles-pia\/\" title=\"Read Programa PIA+ per al professorat\">Llegeix m\u00e9s\u00bb<\/a><br \/>\n","protected":false},"author":1,"featured_media":0,"parent":8149,"menu_order":40,"comment_status":"closed","ping_status":"closed","template":"page-templates\/side-menu.php","meta":{"_bbp_topic_count":0,"_bbp_reply_count":0,"_bbp_total_topic_count":0,"_bbp_total_reply_count":0,"_bbp_voice_count":0,"_bbp_anonymous_reply_count":0,"_bbp_topic_count_hidden":0,"_bbp_reply_count_hidden":0,"_bbp_forum_subforum_count":0,"footnotes":""},"class_list":["post-8800","page","type-page","status-publish","hentry"],"post_mailing_queue_ids":[],"_links":{"self":[{"href":"https:\/\/agora-eoi.xtec.cat\/eoisantgervasi\/wp-json\/wp\/v2\/pages\/8800","targetHints":{"allow":["GET"]}}],"collection":[{"href":"https:\/\/agora-eoi.xtec.cat\/eoisantgervasi\/wp-json\/wp\/v2\/pages"}],"about":[{"href":"https:\/\/agora-eoi.xtec.cat\/eoisantgervasi\/wp-json\/wp\/v2\/types\/page"}],"author":[{"embeddable":true,"href":"https:\/\/agora-eoi.xtec.cat\/eoisantgervasi\/wp-json\/wp\/v2\/users\/1"}],"replies":[{"embeddable":true,"href":"https:\/\/agora-eoi.xtec.cat\/eoisantgervasi\/wp-json\/wp\/v2\/comments?post=8800"}],"version-history":[{"count":3,"href":"https:\/\/agora-eoi.xtec.cat\/eoisantgervasi\/wp-json\/wp\/v2\/pages\/8800\/revisions"}],"predecessor-version":[{"id":10448,"href":"https:\/\/agora-eoi.xtec.cat\/eoisantgervasi\/wp-json\/wp\/v2\/pages\/8800\/revisions\/10448"}],"up":[{"embeddable":true,"href":"https:\/\/agora-eoi.xtec.cat\/eoisantgervasi\/wp-json\/wp\/v2\/pages\/8149"}],"wp:attachment":[{"href":"https:\/\/agora-eoi.xtec.cat\/eoisantgervasi\/wp-json\/wp\/v2\/media?parent=8800"}],"curies":[{"name":"wp","href":"https:\/\/api.w.org\/{rel}","templated":true}]}}