{"id":12540,"date":"2025-07-19T18:11:08","date_gmt":"2025-07-19T16:11:08","guid":{"rendered":"https:\/\/agora-eoi.xtec.cat\/eoisantgervasi\/?page_id=12540"},"modified":"2025-07-25T15:54:59","modified_gmt":"2025-07-25T13:54:59","slug":"fluent-talkers","status":"publish","type":"page","link":"https:\/\/agora-eoi.xtec.cat\/eoisantgervasi\/fluent-talkers\/","title":{"rendered":"Fluent Talkers (nivells B2.1\u2013B2.2)"},"content":{"rendered":"<p style=\"text-align: justify;\"><strong>Durada<\/strong>: 1 hora setmanal (quadrimestral)<\/p>\n<p style=\"text-align: justify;\"><strong>Objectiu<\/strong>: Consolidar la flu\u00efdesa i l\u2019espontane\u00eftat comunicativa mitjan\u00e7ant interaccions m\u00e9s elaborades i temes d\u2019actualitat o rellev\u00e0ncia cultural.<\/p>\n<p style=\"text-align: justify;\"><strong>Descripci\u00f3<\/strong>:<\/p>\n<p style=\"text-align: justify;\">El curs se centra en l\u2019ampliaci\u00f3 del repertori expressiu i en l\u2019autonomia discursiva. Els alumnes participaran en activitats comunicatives diverses com ara presentacions breus, jocs de debat, storytelling i situacions simulades.<br \/>\nTamb\u00e9 es practicar\u00e0 la interacci\u00f3 en contextos semi-professionals: entrevistes informals, explicaci\u00f3 d\u2019experi\u00e8ncies, discussions sobre articles d\u2019opini\u00f3.<\/p>\n<p style=\"text-align: justify;\"><strong>Temes exemples<\/strong>: treball, educaci\u00f3, mitjans de comunicaci\u00f3, estils de vida, dilemes \u00e8tics.<\/p>\n<p style=\"text-align: justify;\"><strong>Metodologia<\/strong>: suport visual i l\u00e8xic, \u00fas de v\u00eddeos curts com a est\u00edmul de conversa, treball en parelles i petits grups.<\/p>\n","protected":false},"excerpt":{"rendered":"<p>Durada: 1 hora setmanal (quadrimestral)<br \/>\nObjectiu: Consolidar la flu\u00efdesa i l\u2019espontane\u00eftat comunicativa mitjan\u00e7ant interaccions m\u00e9s elaborades i temes d\u2019actualitat o rellev\u00e0ncia cultural.<br \/>\nDescripci\u00f3:<br \/>\nEl curs se centra en l\u2019ampliaci\u00f3 del repertori expressiu i en l\u2019autonomia discursiva. Els alumnes participaran en activitats comunicatives diverses com ara presentacions breus, jocs&hellip;  <a href=\"https:\/\/agora-eoi.xtec.cat\/eoisantgervasi\/fluent-talkers\/\" title=\"Read Fluent Talkers (nivells B2.1\u2013B2.2)\">Llegeix m\u00e9s\u00bb<\/a><\/p>\n","protected":false},"author":7,"featured_media":0,"parent":0,"menu_order":0,"comment_status":"closed","ping_status":"closed","template":"","meta":{"_bbp_topic_count":0,"_bbp_reply_count":0,"_bbp_total_topic_count":0,"_bbp_total_reply_count":0,"_bbp_voice_count":0,"_bbp_anonymous_reply_count":0,"_bbp_topic_count_hidden":0,"_bbp_reply_count_hidden":0,"_bbp_forum_subforum_count":0,"footnotes":""},"class_list":["post-12540","page","type-page","status-publish","hentry"],"post_mailing_queue_ids":[],"_links":{"self":[{"href":"https:\/\/agora-eoi.xtec.cat\/eoisantgervasi\/wp-json\/wp\/v2\/pages\/12540","targetHints":{"allow":["GET"]}}],"collection":[{"href":"https:\/\/agora-eoi.xtec.cat\/eoisantgervasi\/wp-json\/wp\/v2\/pages"}],"about":[{"href":"https:\/\/agora-eoi.xtec.cat\/eoisantgervasi\/wp-json\/wp\/v2\/types\/page"}],"author":[{"embeddable":true,"href":"https:\/\/agora-eoi.xtec.cat\/eoisantgervasi\/wp-json\/wp\/v2\/users\/7"}],"replies":[{"embeddable":true,"href":"https:\/\/agora-eoi.xtec.cat\/eoisantgervasi\/wp-json\/wp\/v2\/comments?post=12540"}],"version-history":[{"count":2,"href":"https:\/\/agora-eoi.xtec.cat\/eoisantgervasi\/wp-json\/wp\/v2\/pages\/12540\/revisions"}],"predecessor-version":[{"id":12557,"href":"https:\/\/agora-eoi.xtec.cat\/eoisantgervasi\/wp-json\/wp\/v2\/pages\/12540\/revisions\/12557"}],"wp:attachment":[{"href":"https:\/\/agora-eoi.xtec.cat\/eoisantgervasi\/wp-json\/wp\/v2\/media?parent=12540"}],"curies":[{"name":"wp","href":"https:\/\/api.w.org\/{rel}","templated":true}]}}