{"id":12031,"date":"2024-07-06T16:19:27","date_gmt":"2024-07-06T14:19:27","guid":{"rendered":"https:\/\/agora-eoi.xtec.cat\/eoisantgervasi\/?page_id=12031"},"modified":"2024-07-08T11:42:48","modified_gmt":"2024-07-08T09:42:48","slug":"projecte-transversal-audio-visual-frances-erasmus","status":"publish","type":"page","link":"https:\/\/agora-eoi.xtec.cat\/eoisantgervasi\/projecte-transversal-audio-visual-frances-erasmus\/","title":{"rendered":"Projecte transversal audiovisual Erasmus+ en franc\u00e8s"},"content":{"rendered":"<p>Projecte transversal audiovisual en franc\u00e8s. Els v\u00eddeos guanyadors:<\/p>\n<p><a href=\"https:\/\/drive.google.com\/file\/d\/18JwOlFirWU2U5I-jGXcJ8FoRyDDAOrNQ\/view?usp=sharing\">V\u00eddeo 1<\/a><br \/>\n<a href=\"https:\/\/drive.google.com\/file\/d\/1gfSPmWuTTaX8nW2sr-t_ubwSC1guXLce\/view?usp=sharing\">V\u00eddeo 2<\/a><br \/>\n<a href=\"https:\/\/drive.google.com\/file\/d\/1xnEwp5hRzhNIRI4SnhDmnc7sOdZNE6mn\/view?usp=sharing\">V\u00eddeo 3<\/a><br \/>\n<a href=\"https:\/\/drive.google.com\/file\/d\/1j_ckWjfe3U7Y6s2HdmzlCEXhlUT_fqo1\/view?usp=sharing\">V\u00eddeo 4<\/a><\/p>\n<p>&nbsp;<\/p>\n","protected":false},"excerpt":{"rendered":"<p>Projecte transversal audiovisual en franc\u00e8s. Els v\u00eddeos guanyadors:<br \/>\n<a href=\"https:\/\/drive.google.com\/file\/d\/18JwOlFirWU2U5I-jGXcJ8FoRyDDAOrNQ\/view?usp=sharing\">V\u00eddeo 1<\/a><br \/>\n<a href=\"https:\/\/drive.google.com\/file\/d\/1gfSPmWuTTaX8nW2sr-t_ubwSC1guXLce\/view?usp=sharing\">V\u00eddeo 2<\/a><br \/>\n<a href=\"https:\/\/drive.google.com\/file\/d\/1xnEwp5hRzhNIRI4SnhDmnc7sOdZNE6mn\/view?usp=sharing\">V\u00eddeo 3<\/a><br \/>\n<a href=\"https:\/\/drive.google.com\/file\/d\/1j_ckWjfe3U7Y6s2HdmzlCEXhlUT_fqo1\/view?usp=sharing\">V\u00eddeo 4<\/a><br \/>\n&nbsp;<\/p>\n","protected":false},"author":7,"featured_media":0,"parent":0,"menu_order":0,"comment_status":"closed","ping_status":"closed","template":"","meta":{"_bbp_topic_count":0,"_bbp_reply_count":0,"_bbp_total_topic_count":0,"_bbp_total_reply_count":0,"_bbp_voice_count":0,"_bbp_anonymous_reply_count":0,"_bbp_topic_count_hidden":0,"_bbp_reply_count_hidden":0,"_bbp_forum_subforum_count":0,"footnotes":""},"class_list":["post-12031","page","type-page","status-publish","hentry"],"post_mailing_queue_ids":[],"_links":{"self":[{"href":"https:\/\/agora-eoi.xtec.cat\/eoisantgervasi\/wp-json\/wp\/v2\/pages\/12031","targetHints":{"allow":["GET"]}}],"collection":[{"href":"https:\/\/agora-eoi.xtec.cat\/eoisantgervasi\/wp-json\/wp\/v2\/pages"}],"about":[{"href":"https:\/\/agora-eoi.xtec.cat\/eoisantgervasi\/wp-json\/wp\/v2\/types\/page"}],"author":[{"embeddable":true,"href":"https:\/\/agora-eoi.xtec.cat\/eoisantgervasi\/wp-json\/wp\/v2\/users\/7"}],"replies":[{"embeddable":true,"href":"https:\/\/agora-eoi.xtec.cat\/eoisantgervasi\/wp-json\/wp\/v2\/comments?post=12031"}],"version-history":[{"count":4,"href":"https:\/\/agora-eoi.xtec.cat\/eoisantgervasi\/wp-json\/wp\/v2\/pages\/12031\/revisions"}],"predecessor-version":[{"id":12041,"href":"https:\/\/agora-eoi.xtec.cat\/eoisantgervasi\/wp-json\/wp\/v2\/pages\/12031\/revisions\/12041"}],"wp:attachment":[{"href":"https:\/\/agora-eoi.xtec.cat\/eoisantgervasi\/wp-json\/wp\/v2\/media?parent=12031"}],"curies":[{"name":"wp","href":"https:\/\/api.w.org\/{rel}","templated":true}]}}